
--
-- Dumping data for table `gibbonActivity`
--
INSERT INTO `gibbonActivity` (`gibbonActivityID`, `gibbonSchoolYearID`, `gibbonActivityCategoryID`, `active`, `registration`, `name`, `provider`, `type`, `gibbonSchoolYearTermIDList`, `listingStart`, `listingEnd`, `programStart`, `programEnd`, `gibbonYearGroupIDList`, `maxParticipants`, `description`, `payment`, `paymentType`, `paymentFirmness`)
VALUES
    (00002180,025,NULL,'Y','Y','T3 Tues Japanese Drumming ','School','Action','00036',NULL,NULL,NULL,NULL,'001,002,003,004,005,006,007',6,'',0.00,'Per Session','Finalised'),
    (00002182,025,NULL,'Y','Y','T3 Tues Blogging and Creative Writing','School','Service','00036',NULL,NULL,NULL,NULL,'001,002,003,004,005,006,007',25,'',0.00,'Per Session','Finalised'),
    (00002183,025,NULL,'Y','Y','T3 Tues Calligraphy','School','Creativity','00036',NULL,NULL,NULL,NULL,'001,002,003,004,005,006,007',25,'',0.00,'Per Session','Finalised'),
    (00002185,025,NULL,'Y','Y','T3 Tues Cycling','School','Action','00036',NULL,NULL,NULL,NULL,'001,002,003,004,005,006,007',18,'',0.00,'Per Session','Finalised'),
    (00002187,025,NULL,'Y','Y','T3 Tues Gym','School','Action','00036',NULL,NULL,NULL,NULL,'004,005,006,007',10,'',0.00,'Per Session','Finalised'),
    (00002188,025,NULL,'Y','Y','T3 Tues Gymnastics','School','','00036',NULL,NULL,NULL,NULL,'001,002,003,004,005,006,007',10,'',0.00,'Per Session','Finalised'),
    (00002189,025,NULL,'Y','Y','T3 Tues Horse Riding','School','Creativity','00036',NULL,NULL,NULL,NULL,'001,002,003,004,005,006,007',16,'',0.00,'Per Session','Finalised'),
    (00002190,025,NULL,'Y','Y','T3 Tues Juggling','School','Action','00036',NULL,NULL,NULL,NULL,'001,002,003,004,005,006,007',20,'',0.00,'Per Session','Finalised'),
    (00002191,025,NULL,'Y','Y','T3 Tues Kendo','School','','00036',NULL,NULL,NULL,NULL,'001,002,003,004,005,006,007',20,'',0.00,'Per Session','Finalised'),
    (00002192,025,NULL,'Y','Y','T3 Tues Library Support','School','Service','00036',NULL,NULL,NULL,NULL,'001,002,003,004,005,006,007',11,'',0.00,'Per Session','Finalised'),
    (00002195,025,NULL,'Y','Y','T3 Tues Primary School Reading','School','Service','00036',NULL,NULL,NULL,NULL,'004,005,006,007',20,'',0.00,'Per Session','Finalised'),
    (00002196,025,NULL,'Y','Y','T3 Tues Project: G','School','Action','00036',NULL,NULL,NULL,NULL,'001,002,003,004,005,006,007',30,'',0.00,'Per Session','Finalised'),
    (00002197,025,NULL,'Y','Y','T3 Tues School Media','School','Creativity','00036',NULL,NULL,NULL,NULL,'001,002,003,004,005,006,007',50,'',0.00,'Per Session','Finalised'),
    (00002199,025,NULL,'Y','Y','T3 Tues Table Tennis','School','Action','00036',NULL,NULL,NULL,NULL,'001,002,003,004,005,006,007',20,'',0.00,'Per Session','Finalised'),
    (00002201,025,NULL,'Y','Y','T3 Tues Tennis','School','Action','00036',NULL,NULL,NULL,NULL,'001,002,003,004,005,006,007',20,'',0.00,'Per Session','Finalised'),
    (00002202,025,NULL,'Y','Y','T3 Tues Touch U14 Boys','School','Action','00036',NULL,NULL,NULL,NULL,'001,002,003',30,'',0.00,'Per Session','Finalised'),
    (00002203,025,NULL,'Y','Y','T3 Tues Touch U14 Girls','School','Action','00036',NULL,NULL,NULL,NULL,'001,002,003',30,'',0.00,'Per Session','Finalised'),
    (00002204,025,NULL,'Y','Y','T3 Tues Touch U20 Boys','School','Action','00036',NULL,NULL,NULL,NULL,'004,005,006,007',30,'',0.00,'Per Session','Finalised'),
    (00002205,025,NULL,'Y','Y','T3 Tues Touch U20 Girls','School','Action','00036',NULL,NULL,NULL,NULL,'004,005,006,007',30,'',0.00,'Per Session','Finalised'),
    (00002206,025,NULL,'Y','Y','T3 Tues U12 Football','School','Action','00036',NULL,NULL,NULL,NULL,'001',20,'',0.00,'Per Session','Finalised'),
    (00002207,025,NULL,'Y','Y','T3 Tues Volleyball','School','Action','00036',NULL,NULL,NULL,NULL,'001,002,003,004,005,006,007',20,'',0.00,'Per Session','Finalised'),
    (00002210,025,NULL,'Y','Y','T1-T3 Wed Girls Judo ','School','Action','00034',NULL,NULL,NULL,NULL,'001,002,003,004,005,006,007',20,'',0.00,'Per Session','Finalised'),
    (00002221,025,NULL,'Y','Y','T2 Tues Community Art','School','Creativity','00035',NULL,NULL,NULL,NULL,'001,002,003,004,005,006,007',20,'',0.00,'Per Session','Finalised'),
    (00002222,025,NULL,'Y','Y','T2 Tues Cycling','School','Action','00035',NULL,NULL,NULL,NULL,'001,002,003,004,005,006,007',20,'',0.00,'Per Session','Finalised'),
    (00002224,025,NULL,'Y','Y','T2 Tues Gym','School','Action','00035',NULL,NULL,NULL,NULL,'004,005,006,007',10,'',0.00,'Per Session','Finalised'),
    (00002225,025,NULL,'Y','Y','T2 Tues Gymnastics','School','Action','00035',NULL,NULL,NULL,NULL,'001,002,003,004,005,006,007',10,'',0.00,'Per Session','Finalised'),
    (00002226,025,NULL,'Y','Y','T2 Tues Horse Riding','School','Creativity','00035',NULL,NULL,NULL,NULL,'001,002,003,004,005,006,007',16,'',0.00,'Per Session','Finalised'),
    (00002228,025,NULL,'Y','Y','T2 Tues Juggling','School','Action','00035',NULL,NULL,NULL,NULL,'001,002,003,004,005,006,007',20,'',0.00,'Per Session','Finalised'),
    (00002229,025,NULL,'Y','Y','T2 Tues Kendo','School','Action','00035',NULL,NULL,NULL,NULL,'001,002,003,004,005,006,007',20,'',0.00,'Per Session','Finalised'),
    (00002230,025,NULL,'Y','Y','T2 Tues Library Support','School','Service','00035',NULL,NULL,NULL,NULL,'001,002,003,004,005,006,007',5,'',0.00,'Per Session','Finalised'),
    (00002231,025,NULL,'Y','Y','T2 Tues MUN/History Bee & Bowl','School','Service','00035',NULL,NULL,NULL,NULL,'001,002,003,004,005,006,007',20,'',0.00,'Per Session','Finalised'),
    (00002232,025,NULL,'Y','Y','T2 Tues Primary - Teaching to Read','School','Service','00035',NULL,NULL,NULL,NULL,'001,002,003,004,005,006,007',20,'',0.00,'Per Session','Finalised'),
    (00002233,025,NULL,'Y','Y','T2 Tues Project: G','School','Service','00035',NULL,NULL,NULL,NULL,'001,002,003,004,005,006,007',30,'',0.00,'Per Session','Finalised'),
    (00002234,025,NULL,'Y','Y','T2 Tues Squash','School','Action','00035',NULL,NULL,NULL,NULL,'001,002,003,004,005,006,007',8,'',0.00,'Per Session','Finalised'),
    (00002236,025,NULL,'Y','Y','T2 Tues Tennis','School','Action','00035',NULL,NULL,NULL,NULL,'001,002,003,004,005,006,007',20,'',0.00,'Per Session','Finalised'),
    (00002237,025,NULL,'Y','Y','T2 Tues Touch Mixed','School','Action','00035',NULL,NULL,NULL,NULL,'001,002,003,004,005,006,007',30,'',0.00,'Per Session','Finalised'),
    (00002240,025,NULL,'Y','Y','T2 Tues U16 Basketball','School','Action','00035',NULL,NULL,NULL,NULL,'001,002,003,004,005,006',20,'',0.00,'Per Session','Finalised'),
    (00002241,025,NULL,'Y','Y','T2 Tues Volleyball','School','Action','00035',NULL,NULL,NULL,NULL,'001,002,003,004,005,006,007',20,'',0.00,'Per Session','Finalised'),
    (00002242,025,NULL,'Y','Y','T2-T3 Wed Speed Training ','School','Action','00035',NULL,NULL,NULL,NULL,'001,002,003,004,005,006,007',20,'',0.00,'Per Session','Finalised'),
    (00002249,025,NULL,'Y','Y','T2 Tues ICT Extension','School','Creativity','00035',NULL,NULL,NULL,NULL,'001,002,003,004,005,006,007',15,'',0.00,'Per Session','Finalised'),
    (00002254,025,NULL,'Y','Y','T1 Tues Blogging and Creative Writing','School','Creativity','00034',NULL,NULL,NULL,NULL,'001,002,003,004,005,006,007',25,'',0.00,'Per Session','Finalised'),
    (00002255,025,NULL,'Y','Y','T1 Tues Calligraphy','School','Creativity','00034',NULL,NULL,NULL,NULL,'001,002,003,004,005,006,007',20,'',0.00,'Per Session','Finalised'),
    (00002257,025,NULL,'Y','Y','T1 Tues Community Art','School','Service','00034',NULL,NULL,NULL,NULL,'001,002,003,004,005,006,007',10,'',0.00,'Per Session','Finalised'),
    (00002258,025,NULL,'Y','Y','T1 Tues Cycling','School','Action','00034',NULL,NULL,NULL,NULL,'001,002,003,004,005,006,007',20,'',0.00,'Per Session','Finalised'),
    (00002260,025,NULL,'Y','Y','T1 Tues Gym','School','Action','00034',NULL,NULL,NULL,NULL,'004,005,006,007',12,'',0.00,'Per Session','Finalised'),
    (00002261,025,NULL,'Y','Y','T1 Tues Gymnastics','School','Action','00034',NULL,NULL,NULL,NULL,'001,002,003,004,005,006,007',10,'',0.00,'Per Session','Finalised'),
    (00002263,025,NULL,'Y','Y','T3 Tues Art of Physical Labour','School','Action','00036',NULL,NULL,NULL,NULL,'001,002,003,004,005,006,007',20,'',0.00,'Per Session','Finalised'),
    (00002265,025,NULL,'Y','Y','T3 Tues Health and Fitness','School','Creativity','00036',NULL,NULL,NULL,NULL,'001,002,003,004,005,006,007',20,'',0.00,'Per Session','Finalised'),
    (00002266,025,NULL,'Y','Y','T3 Tues Ultimate Frisbee','School','Action','00036',NULL,NULL,NULL,NULL,'001,002,003,004,005,006,007',20,'',0.00,'Per Session',NULL),
    (00002267,025,NULL,'Y','Y','T3 Tues Yoga','School','Action','00036',NULL,NULL,NULL,NULL,'004,005,006,007',20,'',0.00,'Per Session','Finalised'),
    (00002268,025,NULL,'Y','Y','T2 Tues Art of Physical Labour','School','Action','00035',NULL,NULL,NULL,NULL,'001,002,003,004,005,006,007',20,'',0.00,'Per Session','Finalised'),
    (00002269,025,NULL,'Y','Y','T2 Tues Track and Field','School','Action','00035',NULL,NULL,NULL,NULL,'001,002,003,004,005,006,007',20,'',0.00,'Per Session','Finalised'),
    (00002270,025,NULL,'Y','Y','T2 Tues Calligraphy','School','Creativity','00035',NULL,NULL,NULL,NULL,'001,002,003,004,005,006,007',20,'',0.00,'Per Session',NULL),
    (00002271,025,NULL,'Y','Y','T2 Tues Bouldering','School','Action','00035',NULL,NULL,NULL,NULL,'001,002,003,004,005,006,007',20,'',0.00,'Per Session','Finalised'),
    (00002273,025,NULL,'Y','Y','T2 Tues Health and Fitness','School','Action','00035',NULL,NULL,NULL,NULL,'001,002,003,004,005,006,007',20,'',0.00,'Per Session','Finalised'),
    (00002274,025,NULL,'Y','Y','T2 Tues Japanese Drumming ','School','','00035',NULL,NULL,NULL,NULL,'001,002,003,004,005,006,007',6,'',0.00,'Per Session','Finalised'),
    (00002275,025,NULL,'Y','Y','T2 Tues Science Lab Skills','School','Creativity','00035',NULL,NULL,NULL,NULL,'001,002,003,004,005,006,007',20,'',0.00,'Per Session','Finalised'),
    (00002276,025,NULL,'Y','Y','T2 Tues Sewing and Textiles','School','','00035',NULL,NULL,NULL,NULL,'001,002,003,004,005,006,007',10,'',0.00,'Per Session','Finalised'),
    (00002277,025,NULL,'Y','Y','T2 Tues Table Tennis','School','','00035',NULL,NULL,NULL,NULL,'001,002,003,004,005,006,007',20,'',0.00,'Per Session','Finalised'),
    (00002278,025,NULL,'Y','Y','T2 Tues Yoga','School','','00035',NULL,NULL,NULL,NULL,'004,005,006,007',20,'',0.00,'Per Session','Finalised'),
    (00002281,025,NULL,'Y','Y','T1 Tues Juggling','School','Action','00034',NULL,NULL,NULL,NULL,'001,002,003,004,005,006,007',20,'',0.00,'Per Session','Finalised'),
    (00002282,025,NULL,'Y','Y','T1 Tues Kendo','School','Action','00034',NULL,NULL,NULL,NULL,'001,002,003,004,005,006,007',25,'',0.00,'Per Session','Finalised'),
    (00002283,025,NULL,'Y','Y','T1 Tues Library Support','School','Service','00034',NULL,NULL,NULL,NULL,'001,002,003,004,005,006,007',5,'',0.00,'Per Session','Finalised'),
    (00002285,025,NULL,'Y','Y','T1 Tues MUN/History Bee & Bowl','School','Service','00034',NULL,NULL,NULL,NULL,'001,002,003,004,005,006,007',20,'',0.00,'Per Session','Finalised'),
    (00002286,025,NULL,'Y','Y','T1 Tues Primary - Teaching to Read','School','Service','00034',NULL,NULL,NULL,NULL,'004,005,006,007',20,'',0.00,'Per Session','Finalised'),
    (00002287,025,NULL,'Y','Y','T1 Tues Project: G','School','Creativity','00034',NULL,NULL,NULL,NULL,'001,002,003,004,005,006,007',30,'',0.00,'Per Session','Finalised'),
    (00002290,025,NULL,'Y','Y','T1 Tues Swimming','School','Action','00034',NULL,NULL,NULL,NULL,'001,002,003,004,005,006,007',10,'',0.00,'Per Session','Finalised'),
    (00002291,025,NULL,'Y','Y','T1 Tues Table Tennis','School','Action','00034',NULL,NULL,NULL,NULL,'001,002,003,004,005,006,007',20,'',0.00,'Per Session','Finalised'),
    (00002293,025,NULL,'Y','Y','T1 Tues Tennis','School','Action','00034',NULL,NULL,NULL,NULL,'001,002,003,004,005,006,007',20,'',0.00,'Per Session','Finalised'),
    (00002294,025,NULL,'Y','Y','T1 Tues U14 Girls Football','School','Action','00034',NULL,NULL,NULL,NULL,'001,002,003',50,'',0.00,'Per Session','Finalised'),
    (00002296,025,NULL,'Y','Y','T1 Tues U14-U16 Dodgeball ','School','Action','00034',NULL,NULL,NULL,NULL,'003,004,005,006',20,'',0.00,'Per Session',NULL),
    (00002297,025,NULL,'Y','Y','T1 Tues U16 Basketball','School','Action','00034',NULL,NULL,NULL,NULL,'001,002,003,004,005,006',30,'',0.00,'Per Session','Finalised'),
    (00002298,025,NULL,'Y','Y','T1 Tues Volleyball','School','Action','00034',NULL,NULL,NULL,NULL,'001,002,003,004,005,006,007',20,'',0.00,'Per Session','Finalised'),
    (00002299,025,NULL,'Y','Y','T1 Tues Wakeboarding','School','Action','00034',NULL,NULL,NULL,NULL,'001,002,003,004,005,006,007',10,'',0.00,'Per Session','Finalised'),
    (00002305,025,NULL,'Y','Y','T1 Tues Health and Fitness','School','Creativity','00034',NULL,NULL,NULL,NULL,'001,002,003,004,005,006,007',20,'',0.00,'Per Session','Finalised'),
    (00002306,025,NULL,'Y','Y','T1 Tues Squash','School','Action','00034',NULL,NULL,NULL,NULL,'001,002,003,004,005,006,007',8,'',0.00,'Per Session','Finalised'),
    (00002308,025,NULL,'Y','Y','T1 Tues ICT Extension ','School','Creativity','00034',NULL,NULL,NULL,NULL,'001,002,003,004,005,006,007',15,'',0.00,'Per Session','Finalised'),
    (00002309,025,NULL,'Y','Y','T1 Tues Japanese Drumming','School','','00034',NULL,NULL,NULL,NULL,'001,002,003,004,005,006,007',6,'',0.00,'Per Session','Finalised'),
    (00002310,025,NULL,'Y','Y','T1 Tues Science Lab Skills ','School','Creativity','00034',NULL,NULL,NULL,NULL,'006,007',20,'',0.00,'Per Session','Finalised'),
    (00002311,025,NULL,'Y','Y','T1 Tues Yoga ','School','Action','00034',NULL,NULL,NULL,NULL,'004,005,006,007',20,'',0.00,'Per Session','Finalised'),
    (00002312,025,NULL,'Y','Y','T1 Tues Touch - Winter League Training ','School','Action','00034',NULL,NULL,NULL,NULL,'001,002,003,004,005,006,007',50,'',0.00,'Per Session','Finalised'),
    (00002315,025,NULL,'Y','Y','T1 Tues Singapore Squad 2018','School','Action','00034',NULL,NULL,NULL,NULL,'001,002,003,004,005,006,007',60,'',0.00,'Per Session','Finalised'),
    (00002316,025,NULL,'Y','Y','T1 Wed Speed Training','School','','00034',NULL,NULL,NULL,NULL,'001,002,003,004,005,006,007',20,'',0.00,'Per Session','Finalised'),
    (00002317,025,NULL,'Y','Y','T1 Tues Social Entrepreneurship','School','Creativity','00034',NULL,NULL,NULL,NULL,'001,002,003,004,005,006,007',20,'',0.00,'Per Session','Finalised'),
    (00002318,025,NULL,'Y','Y','T2 Tues Social Entrepreneurship','School','Service','00035',NULL,NULL,NULL,NULL,'001,002,003,004,005,006,007',20,'',0.00,'Per Session','Finalised'),
    (00002319,025,NULL,'Y','Y','T3 Tues Social Entrepreneurship','School','Creativity','00036',NULL,NULL,NULL,NULL,'001,002,003,004,005,006,007',20,'',0.00,'Per Session','Finalised'),
    (00002320,025,NULL,'Y','Y','T1 Tues Manga Drawing Club','School','','00034',NULL,NULL,NULL,NULL,'001,002,003,004,005,006,007',15,'',0.00,'Per Session','Finalised'),
    (00002321,025,NULL,'Y','Y','T1 Tues Sewing skill','School','Creativity','00034',NULL,NULL,NULL,NULL,'001,002,003,004,005,006,007',10,'',0.00,'Per Session','Finalised'),
    (00002322,025,NULL,'Y','N','Saturday Volleyball Practice','School','Action','00034',NULL,NULL,NULL,NULL,'001,002,003,004,005,006,007',50,'',0.00,'Per Session','Finalised'),
    (00002323,025,NULL,'Y','Y','T2 Tues Sewing skill','School','Creativity','00035',NULL,NULL,NULL,NULL,'001,002,003,004,005,006,007',10,'',0.00,'Per Session',NULL),
    (00002324,025,NULL,'Y','Y','T2 Tues Wakeboarding ','School','Action','00035',NULL,NULL,NULL,NULL,'001,002,003,004,005,006,007',10,'',0.00,'Per Session',NULL),
    (00002325,025,NULL,'Y','Y','T3 Tues Wakeboarding','School','Action','00036',NULL,NULL,NULL,NULL,'001,002,003,004,005,006,007',10,'',0.00,'Per Session','Finalised'),
    (00002326,025,NULL,'Y','Y','T1 Wed Wakeboarding ','School','Action','00034',NULL,NULL,NULL,NULL,'001,002,003,004,005,006,007',10,'',0.00,'Per Session','Finalised'),
    (00002328,025,NULL,'Y','Y','T1 Tues U14 Boys Football','School','Action','00034',NULL,NULL,NULL,NULL,'001,002,003',50,'',0.00,'Per Session','Finalised'),
    (00002329,025,NULL,'Y','Y','T3 Tues Community Art','School','Creativity','00036',NULL,NULL,NULL,NULL,'001,002,003,004,005,006,007',20,'',0.00,'Per Session',NULL),
    (00002330,025,NULL,'Y','N','HKAYP','School','Creativity','00034',NULL,NULL,NULL,NULL,'001,002,003,004,005,006,007',50,'',0.00,'Per Session','Finalised'),
    (00002332,025,NULL,'Y','N','T1 Tues Climbing','School','Action','00034',NULL,NULL,NULL,NULL,'001,002,003,004,005,006,007',20,'',0.00,'Per Session','Finalised'),
    (00002334,025,NULL,'Y','N','U12 Track and Field Team ','School','Action','00034',NULL,NULL,NULL,NULL,'001,002,003,004,005,006,007',50,'',0.00,'Per Session','Finalised'),
    (00002335,025,NULL,'Y','N','U14 Track and Field Team','School','Action','00034',NULL,NULL,NULL,NULL,'001,002,003,004,005,006,007',50,'',0.00,'Per Session','Finalised');

--
-- Dumping data for table `gibbonActivitySlot`
--
INSERT INTO `gibbonActivitySlot` (`gibbonActivitySlotID`, `gibbonActivityID`, `gibbonSpaceID`, `locationExternal`, `gibbonDaysOfWeekID`, `timeStart`, `timeEnd`)
VALUES
    (0000001395,00002182,0000000004,'',02,'14:20:00','15:30:00'),
    (0000001396,00002183,0000000047,'',02,'14:20:00','15:30:00'),
    (0000001398,00002185,NULL,'',02,'14:20:00','15:30:00'),
    (0000001403,00002189,NULL,'',02,'14:20:00','16:30:00'),
    (0000001404,00002190,0000000006,'',02,'14:20:00','15:30:00'),
    (0000001405,00002191,0000000014,'',02,'14:20:00','15:30:00'),
    (0000001406,00002192,0000000013,'',02,'14:20:00','15:30:00'),
    (0000001409,00002195,NULL,'',02,'15:30:00','16:30:00'),
    (0000001410,00002196,NULL,'',02,'14:20:00','15:30:00'),
    (0000001411,00002197,0000000009,'',02,'14:20:00','15:30:00'),
    (0000001413,00002199,0000000012,'',02,'14:20:00','15:30:00'),
    (0000001416,00002202,NULL,'',02,'14:20:00','16:30:00'),
    (0000001418,00002203,NULL,'',02,'14:20:00','16:30:00'),
    (0000001419,00002204,NULL,'',02,'14:20:00','16:30:00'),
    (0000001420,00002205,NULL,'',02,'14:20:00','16:30:00'),
    (0000001421,00002206,NULL,'',02,'14:20:00','16:30:00'),
    (0000001422,00002207,0000000041,'',02,'14:20:00','15:30:00'),
    (0000001424,00002210,0000000014,'',03,'15:00:00','16:30:00'),
    (0000001428,00002221,0000000007,'',02,'14:20:00','15:30:00'),
    (0000001429,00002222,NULL,'',02,'14:20:00','15:30:00'),
    (0000001431,00002224,NULL,'',02,'14:20:00','16:00:00'),
    (0000001432,00002225,0000000057,'',02,'14:20:00','15:30:00'),
    (0000001433,00002226,NULL,'',02,'14:20:00','16:30:00'),
    (0000001435,00002228,0000000006,'',02,'14:20:00','15:30:00'),
    (0000001437,00002230,0000000013,'',02,'14:20:00','15:30:00'),
    (0000001438,00002231,0000000031,'',02,'14:20:00','15:30:00'),
    (0000001439,00002232,NULL,'',02,'15:30:00','16:30:00'),
    (0000001440,00002233,NULL,'',02,'14:20:00','15:30:00'),
    (0000001441,00002234,NULL,'',02,'14:20:00','16:00:00'),
    (0000001443,00002236,NULL,'',02,'14:20:00','16:00:00'),
    (0000001444,00002237,NULL,'',02,'14:20:00','16:30:00'),
    (0000001447,00002240,0000000015,'',02,'14:20:00','15:30:00'),
    (0000001448,00002241,0000000041,'',02,'14:20:00','15:30:00'),
    (0000001452,00002254,0000000004,'',02,'14:20:00','15:30:00'),
    (0000001453,00002255,0000000047,'',02,'14:20:00','15:30:00'),
    (0000001455,00002257,0000000007,'',02,'14:20:00','15:30:00'),
    (0000001456,00002258,0000000015,'',02,'14:20:00','15:30:00'),
    (0000001458,00002260,NULL,'',02,'14:20:00','16:00:00'),
    (0000001459,00002261,0000000051,'',02,'14:20:00','15:30:00'),
    (0000001461,00002187,NULL,'',02,'14:20:00','16:00:00'),
    (0000001462,00002188,0000000057,'',02,'14:20:00','15:30:00'),
    (0000001463,00002201,NULL,'',02,'14:20:00','16:00:00'),
    (0000001464,00002263,0000000056,'',02,'14:20:00','15:30:00'),
    (0000001466,00002265,0000000014,'',02,'14:20:00','15:30:00'),
    (0000001467,00002266,0000000015,'',02,'14:20:00','15:30:00'),
    (0000001468,00002267,0000000058,'',02,'14:20:00','15:30:00'),
    (0000001469,00002229,0000000014,'',02,'14:20:00','15:30:00'),
    (0000001470,00002242,0000000015,'',03,'15:00:00','16:30:00'),
    (0000001471,00002249,0000000009,'',02,'14:20:00','15:30:00'),
    (0000001472,00002268,0000000056,'',02,'14:20:00','15:30:00'),
    (0000001474,00002270,0000000047,'',02,'14:20:00','15:30:00'),
    (0000001475,00002271,NULL,'',02,'14:20:00','15:30:00'),
    (0000001477,00002273,0000000017,'',02,'14:20:00','15:30:00'),
    (0000001478,00002274,NULL,'',02,'15:00:00','16:00:00'),
    (0000001479,00002275,0000000022,'',02,'14:20:00','15:30:00'),
    (0000001480,00002276,0000000005,'',02,'14:20:00','15:30:00'),
    (0000001481,00002277,0000000012,'',02,'14:20:00','15:30:00'),
    (0000001482,00002278,0000000058,'',02,'14:20:00','15:30:00'),
    (0000001484,00002281,0000000006,'',02,'14:20:00','15:30:00'),
    (0000001485,00002282,0000000014,'',02,'14:20:00','15:30:00'),
    (0000001486,00002283,0000000013,'',02,'14:20:00','15:30:00'),
    (0000001488,00002285,0000000031,'',02,'14:20:00','15:30:00'),
    (0000001489,00002286,NULL,'',02,'15:30:00','16:30:00'),
    (0000001490,00002287,NULL,'',02,'14:20:00','15:30:00'),
    (0000001493,00002290,NULL,'',02,'14:20:00','16:00:00'),
    (0000001494,00002291,0000000012,'',02,'14:20:00','15:30:00'),
    (0000001496,00002293,NULL,'',02,'14:20:00','16:00:00'),
    (0000001497,00002294,NULL,'',02,'14:00:00','16:30:00'),
    (0000001499,00002296,0000000014,'',02,'14:20:00','15:30:00'),
    (0000001500,00002297,0000000015,'',02,'14:20:00','15:30:00'),
    (0000001501,00002298,NULL,'',02,'14:20:00','17:00:00'),
    (0000001502,00002299,NULL,'',02,'14:20:00','18:00:00'),
    (0000001504,00002305,0000000017,'',02,'14:20:00','15:30:00'),
    (0000001505,00002306,NULL,'',02,'14:20:00','16:00:00'),
    (0000001507,00002308,0000000009,'',02,'14:20:00','15:30:00'),
    (0000001508,00002309,NULL,'',02,'15:00:00','16:00:00'),
    (0000001509,00002310,0000000022,'',02,'14:20:00','15:30:00'),
    (0000001510,00002311,0000000058,'',02,'14:20:00','15:30:00'),
    (0000001511,00002312,NULL,'',02,'14:20:00','16:30:00'),
    (0000001512,00002316,NULL,'',03,'15:00:00','16:00:00'),
    (0000001513,00002317,0000000030,'',02,'14:20:00','15:30:00'),
    (0000001514,00002318,0000000030,'',02,'14:20:00','15:30:00'),
    (0000001515,00002319,0000000030,'',02,'14:20:00','15:30:00'),
    (0000001516,00002320,0000000002,'',02,'14:20:00','15:30:00'),
    (0000001517,00002321,0000000013,'',02,'14:20:00','15:30:00'),
    (0000001518,00002322,0000000041,'',06,'09:00:00','12:00:00'),
    (0000001519,00002315,NULL,'',02,'14:20:00','16:30:00'),
    (0000001520,00002323,0000000013,'',02,'14:20:00','15:30:00'),
    (0000001521,00002324,NULL,'',02,'14:20:00','18:00:00'),
    (0000001522,00002325,NULL,'',02,'14:20:00','18:00:00'),
    (0000001523,00002326,NULL,'',02,'14:20:00','18:00:00'),
    (0000001524,00002328,NULL,'',02,'14:00:00','16:30:00'),
    (0000001525,00002329,0000000007,'',02,'14:20:00','15:30:00'),
    (0000001526,00002332,0000000014,'',02,'14:20:00','15:30:00'),
    (0000001527,00002269,NULL,'',02,'14:20:00','15:30:00');

--
-- Dumping data for table `gibbonActivityStaff`
--
INSERT INTO `gibbonActivityStaff` (`gibbonActivityStaffID`, `gibbonActivityID`, `gibbonPersonID`, `role`)
VALUES
    (00002192,00002181,0000002289,'Organiser'),
    (00002193,00002182,0000000867,'Organiser'),
    (00002194,00002183,0000001057,'Organiser'),
    (00002195,00002183,0000001119,'Organiser'),
    (00002197,00002184,0000001104,'Organiser'),
    (00002198,00002185,0000001055,'Organiser'),
    (00002199,00002185,0000000839,'Assistant'),
    (00002200,00002185,0000001506,'Organiser'),
    (00002204,00002185,0000002027,'Organiser'),
    (00002205,00002186,0000000719,'Coach'),
    (00002206,00002186,0000001066,'Coach'),
    (00002207,00002187,0000000144,'Organiser'),
    (00002208,00002188,0000000119,'Organiser'),
    (00002210,00002190,0000001778,'Organiser'),
    (00002211,00002191,0000000119,'Organiser'),
    (00002212,00002192,0000000689,'Organiser'),
    (00002213,00002193,0000001474,'Organiser'),
    (00002214,00002193,0000001086,'Organiser'),
    (00002215,00002194,0000000614,'Organiser'),
    (00002216,00002194,0000001514,'Organiser'),
    (00002217,00002195,0000001117,'Organiser'),
    (00002218,00002196,0000000866,'Organiser'),
    (00002219,00002197,0000001047,'Assistant'),
    (00002220,00002197,0000000375,'Organiser'),
    (00002223,00002198,0000000119,'Organiser'),
    (00002224,00002199,0000000870,'Organiser'),
    (00002225,00002200,0000000119,'Organiser'),
    (00002226,00002201,0000000120,'Organiser'),
    (00002227,00002202,0000000373,'Organiser'),
    (00002228,00002203,0000000198,'Coach'),
    (00002231,00002206,0000001776,'Organiser'),
    (00002232,00002207,0000000869,'Organiser'),
    (00002233,00002207,0000001502,'Organiser'),
    (00002234,00002208,0000000119,'Organiser'),
    (00002235,00002209,0000000119,'Organiser'),
    (00002237,00002211,0000000866,'Organiser'),
    (00002238,00002211,0000000120,'Organiser'),
    (00002239,00002211,0000000857,'Other'),
    (00002240,00002212,0000002027,'Organiser'),
    (00002241,00002212,0000000857,'Other'),
    (00002242,00002213,0000000144,'Organiser'),
    (00002243,00002213,0000001122,'Organiser'),
    (00002244,00002213,0000000869,'Organiser'),
    (00002245,00002213,0000000140,'Organiser'),
    (00002246,00002213,0000000198,'Organiser'),
    (00002247,00002213,0000001119,'Organiser'),
    (00002248,00002213,0000000857,'Other'),
    (00002249,00002214,0000000373,'Organiser'),
    (00002250,00002214,0000000857,'Other'),
    (00002251,00002215,0000000119,'Organiser'),
    (00002252,00002215,0000000857,'Other'),
    (00002253,00002215,0000000001,'Organiser'),
    (00002254,00002216,0000000119,'Organiser'),
    (00002255,00002217,0000000119,'Organiser'),
    (00002256,00002218,0000001104,'Organiser'),
    (00002257,00002218,0000002289,'Organiser'),
    (00002258,00002219,0000001047,'Organiser'),
    (00002259,00002219,0000000867,'Organiser'),
    (00002260,00002220,0000001119,'Organiser'),
    (00002261,00002221,0000000007,'Organiser'),
    (00002262,00002221,0000000374,'Organiser'),
    (00002267,00002223,0000000871,'Organiser'),
    (00002268,00002223,0000000375,'Organiser'),
    (00002269,00002223,0000001506,'Organiser'),
    (00002270,00002224,0000000144,'Organiser'),
    (00002271,00002225,0000000119,'Organiser'),
    (00002274,00002226,0000000140,'Organiser'),
    (00002277,00002227,0000000796,'Organiser'),
    (00002278,00002228,0000001778,'Organiser'),
    (00002279,00002229,0000000119,'Organiser'),
    (00002280,00002230,0000000689,'Organiser'),
    (00002281,00002231,0000000124,'Organiser'),
    (00002282,00002231,0000002027,'Organiser'),
    (00002284,00002232,0000001117,'Organiser'),
    (00002285,00002233,0000000866,'Organiser'),
    (00002286,00002234,0000000870,'Organiser'),
    (00002287,00002235,0000000119,'Organiser'),
    (00002288,00002236,0000000144,'Other'),
    (00002291,00002238,0000001776,'Organiser'),
    (00002292,00002239,0000000014,'Coach'),
    (00002293,00002239,0000000373,'Organiser'),
    (00002294,00002239,0000001119,'Assistant'),
    (00002295,00002240,0000000120,'Coach'),
    (00002296,00002240,0000000058,'Assistant'),
    (00002297,00002241,0000000869,'Coach'),
    (00002299,00002241,0000001502,'Organiser'),
    (00002302,00002243,0000001122,'Organiser'),
    (00002303,00002243,0000000866,'Organiser'),
    (00002304,00002244,0000000866,'Organiser'),
    (00002305,00002244,0000000198,'Organiser'),
    (00002306,00002245,0000000119,'Organiser'),
    (00002307,00002246,0000000866,'Organiser'),
    (00002308,00002247,0000000373,'Coach'),
    (00002309,00002247,0000000870,'Coach'),
    (00002310,00002248,0000000770,'Organiser'),
    (00002311,00002249,0000000001,'Organiser'),
    (00002312,00002250,0000000119,'Organiser'),
    (00002313,00002251,0000001110,'Organiser'),
    (00002314,00002251,0000000001,'Organiser'),
    (00002315,00002252,0000000001,'Organiser'),
    (00002316,00002253,0000001110,'Organiser'),
    (00002317,00002254,0000000867,'Organiser'),
    (00002318,00002254,0000001047,'Assistant'),
    (00002319,00002255,0000001119,'Organiser'),
    (00002321,00002256,0000000198,'Organiser'),
    (00002322,00002257,0000000069,'Organiser'),
    (00002323,00002257,0000000374,'Organiser'),
    (00002324,00002258,0000000569,'Organiser'),
    (00002327,00002259,0000001066,'Organiser'),
    (00002328,00002259,0000000719,'Organiser'),
    (00002330,00002261,0000000119,'Organiser'),
    (00002331,00002262,0000000796,'Organiser'),
    (00002332,00002183,0000000589,'Organiser'),
    (00002333,00002185,0000002326,'Organiser'),
    (00002334,00002185,0000001518,'Organiser'),
    (00002335,00002196,0000002026,'Organiser'),
    (00002336,00002199,0000002347,'Organiser'),
    (00002337,00002204,0000000119,'Organiser'),
    (00002338,00002205,0000002134,'Organiser'),
    (00002339,00002210,0000000192,'Coach'),
    (00002340,00002263,0000002289,'Organiser'),
    (00002341,00002264,0000002028,'Organiser'),
    (00002342,00002265,0000001104,'Organiser'),
    (00002343,00002266,0000000001,'Organiser'),
    (00002344,00002267,0000001123,'Coach'),
    (00002345,00002222,0000001518,'Organiser'),
    (00002346,00002222,0000002326,'Organiser'),
    (00002347,00002222,0000000870,'Organiser'),
    (00002349,00002237,0000001776,'Organiser'),
    (00002350,00002237,0000002134,'Organiser'),
    (00002351,00002268,0000002289,'Organiser'),
    (00002352,00002269,0000000373,'Organiser'),
    (00002353,00002270,0000001119,'Organiser'),
    (00002354,00002270,0000000589,'Organiser'),
    (00002355,00002271,0000000119,'Organiser'),
    (00002356,00002272,0000002028,'Organiser'),
    (00002357,00002273,0000001104,'Organiser'),
    (00002358,00002274,0000001122,'Organiser'),
    (00002359,00002275,0000002026,'Organiser'),
    (00002360,00002276,0000000375,'Organiser'),
    (00002361,00002277,0000002347,'Organiser'),
    (00002362,00002277,0000000198,'Organiser'),
    (00002363,00002278,0000001123,'Organiser'),
    (00002364,00002255,0000000589,'Organiser'),
    (00002365,00002258,0000001518,'Organiser'),
    (00002368,00002258,0000002326,'Organiser'),
    (00002369,00002279,0000002028,'Organiser'),
    (00002370,00002260,0000000144,'Organiser'),
    (00002371,00002280,0000000870,'Organiser'),
    (00002372,00002281,0000001778,'Organiser'),
    (00002373,00002282,0000000119,'Organiser'),
    (00002374,00002283,0000000689,'Organiser'),
    (00002375,00002283,0000000810,'Assistant'),
    (00002376,00002283,0000000817,'Organiser'),
    (00002377,00002284,0000001474,'Organiser'),
    (00002378,00002284,0000001086,'Organiser'),
    (00002379,00002285,0000000124,'Organiser'),
    (00002380,00002285,0000002027,'Organiser'),
    (00002381,00002286,0000001117,'Organiser'),
    (00002382,00002287,0000000866,'Organiser'),
    (00002383,00002287,0000001506,'Organiser'),
    (00002384,00002288,0000000375,'Organiser'),
    (00002387,00002289,0000000373,'Organiser'),
    (00002390,00002291,0000000095,'Organiser'),
    (00002392,00002292,0000000119,'Organiser'),
    (00002395,00002294,0000000776,'Other'),
    (00002397,00002294,0000001777,'Coach'),
    (00002398,00002294,0000000396,'Coach'),
    (00002399,00002295,0000000144,'Coach'),
    (00002400,00002295,0000001776,'Coach'),
    (00002401,00002295,0000001777,'Coach'),
    (00002402,00002295,0000000396,'Coach'),
    (00002403,00002296,0000000044,'Organiser'),
    (00002406,00002297,0000000120,'Organiser'),
    (00002407,00002297,0000000058,'Assistant'),
    (00002408,00002298,0000000869,'Coach'),
    (00002409,00002298,0000001502,'Coach'),
    (00002410,00002299,0000000119,'Organiser'),
    (00002411,00002300,0000001104,'Assistant'),
    (00002412,00002300,0000001502,'Assistant'),
    (00002413,00002301,0000000119,'Organiser'),
    (00002414,00002301,0000000373,'Organiser'),
    (00002415,00002302,0000000001,'Organiser'),
    (00002416,00002303,0000000119,'Organiser'),
    (00002417,00002303,0000001104,'Organiser'),
    (00002418,00002303,0000001502,'Organiser'),
    (00002419,00002304,0000000119,'Organiser'),
    (00002420,00002305,0000001104,'Organiser'),
    (00002421,00002290,0000000144,'Organiser'),
    (00002422,00002291,0000002347,'Organiser'),
    (00002423,00002293,0000000144,'Organiser'),
    (00002425,00002296,0000000140,'Organiser'),
    (00002427,00002306,0000000198,'Organiser'),
    (00002428,00002307,0000002289,'Organiser'),
    (00002429,00002308,0000000001,'Organiser'),
    (00002430,00002309,0000001122,'Organiser'),
    (00002431,00002310,0000002026,'Organiser'),
    (00002432,00002311,0000001123,'Coach'),
    (00002433,00002312,0000000119,'Organiser'),
    (00002434,00002313,0000001122,'Organiser'),
    (00002435,00002313,0000000866,'Organiser'),
    (00002436,00002314,0000000866,'Organiser'),
    (00002437,00002314,0000000198,'Organiser'),
    (00002438,00002315,0000000373,'Coach'),
    (00002439,00002315,0000000870,'Coach'),
    (00002440,00002242,0000001776,'Organiser'),
    (00002441,00002316,0000001776,'Coach'),
    (00002442,00002317,0000002028,'Organiser'),
    (00002443,00002318,0000002028,'Organiser'),
    (00002444,00002319,0000002028,'Organiser'),
    (00002446,00002296,0000002134,'Organiser'),
    (00002447,00002321,0000000689,'Organiser'),
    (00002448,00002322,0000000869,'Organiser'),
    (00002449,00002320,0000001474,'Organiser'),
    (00002450,00002320,0000001086,'Organiser'),
    (00002451,00002323,0000000689,'Organiser'),
    (00002452,00002324,0000000119,'Organiser'),
    (00002453,00002325,0000000119,'Organiser'),
    (00002454,00002326,0000000119,'Organiser'),
    (00002455,00002328,0000000776,'Other'),
    (00002456,00002328,0000001776,'Coach'),
    (00002458,00002328,0000000396,'Coach'),
    (00002459,00002329,0000000374,'Organiser'),
    (00002460,00002330,0000000119,'Organiser'),
    (00002461,00002330,0000002134,'Organiser'),
    (00002462,00002266,0000001008,'Assistant'),
    (00002463,00002296,0000001008,'Assistant'),
    (00002464,00002270,0000001008,'Assistant'),
    (00002465,00002331,0000000119,'Organiser'),
    (00002466,00002332,0000000119,'Organiser'),
    (00002467,00002258,0000002289,'Organiser'),
    (00002468,00002333,0000001110,'Organiser'),
    (00002469,00002333,0000002026,'Organiser'),
    (00002470,00002222,0000001777,'Organiser'),
    (00002471,00002222,0000001506,'Organiser'),
    (00002472,00002334,0000000373,'Organiser'),
    (00002473,00002334,0000000119,'Organiser'),
    (00002474,00002334,0000002134,'Organiser'),
    (00002475,00002335,0000000373,'Organiser'),
    (00002476,00002335,0000000119,'Organiser'),
    (00002477,00002335,0000002134,'Organiser'),
    (00002478,00002197,0000001777,'Organiser'),
    (00002479,00002189,0000000124,'Organiser'),
    (00002480,00002183,0000001819,'Organiser');

--
-- Dumping data for table `gibbonCourse`
--
INSERT INTO `gibbonCourse` (`gibbonCourseID`, `gibbonSchoolYearID`, `gibbonDepartmentID`, `name`, `nameShort`, `description`, `map`, `gibbonYearGroupIDList`, `orderBy`, `fields`)
VALUES
    (00001218,025,0005,'Year 10 Art','AR10','','Y','004',0,NULL),
    (00001219,025,0008,'Year 10 Chinese','CN10','','Y','004',0,NULL),
    (00001220,025,0005,'Year 10 Drama','DR10','','Y','004',0,NULL),
    (00001221,025,0006,'Year 10 Economics','EC10','','Y','004',0,NULL),
    (00001222,025,0007,'Year 10 English','EN10','','Y','004',0,NULL),
    (00001223,025,0018,'Year 10 Enrichment & Flow','ENF10','','Y','004',0,NULL),
    (00001224,025,0004,'Year 10 Environmental Management','EV10','','Y','004',0,NULL),
    (00001225,025,0006,'Year 10 History','HI10','','Y','004',0,NULL),
    (00001226,025,0018,'Year 10 Human Technologies','HT10','','Y','004',0,NULL),
    (00001227,025,0008,'Year 10 Japanese','JP10','','Y','004',0,NULL),
    (00001228,025,0016,'Year 10 Mathematics','MA10','','Y','004',0,NULL),
    (00001229,025,0005,'Year 10 Media Studies','ME10','','Y','004',0,NULL),
    (00001230,025,0010,'Year 10 Physical Education','PE10','','Y','004',0,NULL),
    (00001231,025,0004,'Year 10 Science','SC10','','Y','004',0,NULL),
    (00001232,025,0008,'Year 10 Self Study','SS10','','Y','004',0,NULL),
    (00001233,025,0008,'Year 10 Spanish','SP10','','Y','004',0,NULL),
    (00001235,025,0005,'Year 11 Art','AR11','','Y','005',0,NULL),
    (00001236,025,0008,'Year 11 Chinese','CN11','','Y','005',0,NULL),
    (00001237,025,0005,'Year 11 Drama','DR11','','Y','005',0,NULL),
    (00001238,025,0006,'Year 11 Economics','EC11','','Y','005',0,NULL),
    (00001239,025,0007,'Year 11 English','EN11','','Y','005',0,NULL),
    (00001240,025,0018,'Year 11 Enrichment & Flow','ENF11','','Y','005',0,NULL),
    (00001241,025,0004,'Year 11 Environmental Management','EV11','','Y','005',0,NULL),
    (00001242,025,0006,'Year 11 History','HI11','','Y','005',0,NULL),
    (00001243,025,0008,'Year 11 Japanese','JP11','','Y','005',0,NULL),
    (00001244,025,0016,'Year 11 Mathematics','MA11','','Y','005',0,NULL),
    (00001245,025,0005,'Year 11 Media Studies','ME11','','Y','005',0,NULL),
    (00001246,025,0010,'Year 11 Physical Education','PE11','','Y','005',0,NULL),
    (00001247,025,0004,'Year 11 Science','SC11','','Y','005',0,NULL),
    (00001249,025,0008,'Year 11 Spanish','SP11','','Y','005',0,NULL),
    (00001251,025,0004,'Year 12 Biology (Higher)','BIHL12','','Y','006',0,NULL),
    (00001252,025,0004,'Year 12 Biology (Standard)','BISL12','','Y','006',0,NULL),
    (00001254,025,0004,'Year 12 Chemistry (Higher)','CHHL12','','Y','006',0,NULL),
    (00001255,025,0004,'Year 12 Chemistry (Standard)','CHSL12','','Y','006',0,NULL),
    (00001256,025,0008,'Year 12 Chinese Language B (Higher)','CNHL12','','Y','006',0,NULL),
    (00001257,025,0008,'Year 12 Chinese Language B (Standard)','CNSL12','','Y','006',0,NULL),
    (00001258,025,0006,'Year 12 Economics (Higher)','ECHL12','','Y','006',0,NULL),
    (00001259,025,0007,'Year 12 English A (Higher)','ENHL12','','Y','006',0,NULL),
    (00001260,025,0007,'Year 12 English A (Standard)','ENSL12','','Y','006',0,NULL),
    (00001261,025,0004,'Year 12 Envir. Systems & Societies (Standard)','ESSL12','','Y','006',0,NULL),
    (00001263,025,0005,'Year 12 Film Studies (Higher)','FSHL12','','Y','006',0,NULL),
    (00001264,025,0005,'Year 12 Film Studies (Standard)','FSSL12','','Y','006',0,NULL),
    (00001265,025,0006,'Year 12 History (Standard)','HISL12','','Y','006',0,NULL),
    (00001270,025,0008,'Year 12 Pamoja Support','PS12','','Y','006',0,NULL),
    (00001271,025,0010,'Year 12 Physical Education','PE12','','Y','006',0,NULL),
    (00001272,025,0004,'Year 12 Physics (Higher)','PHHL12','','Y','006',0,NULL),
    (00001273,025,0004,'Year 12 Physics (Standard)','PHSL12','','Y','006',0,NULL),
    (00001274,025,0006,'Year 12 Psychology (Higher)','PYHL12','','Y','006',0,NULL),
    (00001275,025,0007,'Year 12 Self Study','SS12','','Y','006',0,NULL),
    (00001276,025,0008,'Year 12 Spanish B (Higher)','SPHL12','','Y','006',0,NULL),
    (00001277,025,0008,'Year 12 Spanish B (Standard)','SPSL12','','Y','006',0,NULL),
    (00001278,025,0005,'Year 12 Theatre Arts (Higher)','TAHL12','','Y','006',0,NULL),
    (00001279,025,0005,'Year 12 Theatre Arts (Standard)','TASL12','','Y','006',0,NULL),
    (00001280,025,0018,'Year 12 Theory of Knowledge','TOK12','','Y','006',0,NULL),
    (00001282,025,0004,'Year 13 Biology (Higher)','BIHL13','','Y','007',0,NULL),
    (00001283,025,0004,'Year 13 Biology (Standard)','BISL13','','Y','007',0,NULL),
    (00001285,025,0004,'Year 13 Chemistry (Higher)','CHHL13','','Y','007',0,NULL),
    (00001286,025,0004,'Year 13 Chemistry (Standard)','CHSL13','','Y','007',0,NULL),
    (00001288,025,0008,'Year 13 Chinese Language B (Higher)','CNHL13','','Y','007',0,NULL),
    (00001289,025,0008,'Year 13 Chinese Language B (Standard)','CNSL13','','Y','007',0,NULL),
    (00001290,025,0006,'Year 13 Economics (Higher)','ECHL13','','Y','007',0,NULL),
    (00001292,025,0007,'Year 13 English A (Higher)','ENHL13','','Y','007',0,NULL),
    (00001293,025,0007,'Year 13 English A (Standard)','ENSL13','','Y','007',0,NULL),
    (00001294,025,0004,'Year 13 Envir. Systems & Societies (Standard)','ESSL13','','Y','007',0,NULL),
    (00001298,025,0016,'Year 13 Mathematics (Higher)','MAHL13','','Y','007',0,NULL),
    (00001299,025,0016,'Year 13 Mathematics (Standard)','MASL13','','Y','007',0,NULL),
    (00001300,025,0016,'Year 13 Mathematics (Studies)','MSSL13','','Y','007',0,NULL),
    (00001301,025,0008,'Year 13 Pamoja Support','PS13','','Y','007',0,NULL),
    (00001302,025,0010,'Year 13 Physical Education','PE13','','Y','007',0,NULL),
    (00001303,025,0004,'Year 13 Physics (Higher)','PHHL13','','Y','007',0,NULL),
    (00001304,025,0004,'Year 13 Physics (Standard)','PHSL13','','Y','007',0,NULL),
    (00001305,025,0006,'Year 13 Psychology (Higher)','PYHL13','','Y','007',0,NULL),
    (00001309,025,0008,'Year 13 Spanish B (Higher)','SPHL13','','Y','007',0,NULL),
    (00001310,025,0005,'Year 13 Theatre Arts (Higher)','TAHL13','','Y','007',0,NULL),
    (00001311,025,0005,'Year 13 Theatre Arts (Standard)','TASL13','','Y','007',0,NULL),
    (00001312,025,0018,'Year 13 Theory of Knowledge','TOK13','','Y','007',0,NULL),
    (00001316,025,0005,'Year 7 Art','AR07','','Y','001',0,NULL),
    (00001317,025,0006,'Year 7 Big History','BH07','','Y','001',0,NULL),
    (00001318,025,0008,'Year 7 Chinese','CN07','','Y','001',0,NULL),
    (00001319,025,0007,'Year 7 English','EN07','','Y','001',0,NULL),
    (00001320,025,0005,'Year 7 Expressive Arts','EX07','','Y','001',0,NULL),
    (00001321,025,0018,'Year 7 Free Learning','FL07','','Y','001',0,NULL),
    (00001322,025,0018,'Year 7 Human Technologies','HT07','','Y','001',0,NULL),
    (00001323,025,0008,'Year 7 Japanese','JP07','','Y','001',0,NULL),
    (00001324,025,0016,'Year 7 Mathematics','MA07','','Y','001',0,NULL),
    (00001325,025,0010,'Year 7 Physical Education','PE07','','Y','001',0,NULL),
    (00001326,025,0004,'Year 7 Science','SC07','','Y','001',0,NULL),
    (00001327,025,0008,'Year 7 Spanish','SP07','','Y','001',0,NULL),
    (00001329,025,0006,'Year 8 Big History','BH08','','Y','002',0,NULL),
    (00001330,025,0008,'Year 8 Chinese','CN08','','Y','002',0,NULL),
    (00001331,025,0018,'Year 8 Digital Creativity & Visual Thinking','DCVT08','','Y','002',0,NULL),
    (00001332,025,0007,'Year 8 English','EN08','','Y','002',0,NULL),
    (00001333,025,0005,'Year 8 Expressive Arts','EX08','','Y','002',0,NULL),
    (00001334,025,0018,'Year 8 Free Learning','FL08','','Y','002',0,NULL),
    (00001335,025,0018,'Year 8 Human Technologies','HT08','','Y','002',0,NULL),
    (00001336,025,0008,'Year 8 Japanese','JP08','','Y','002',0,NULL),
    (00001337,025,0016,'Year 8 Mathematics','MA08','','Y','002',0,NULL),
    (00001338,025,0010,'Year 8 Physical Education','PE08','','Y','002',0,NULL),
    (00001339,025,0004,'Year 8 Science','SC08','','Y','002',0,NULL),
    (00001340,025,0008,'Year 8 Spanish','SP08','','Y','002',0,NULL),
    (00001342,025,0005,'Year 9 Art','AR09','','Y','003',0,NULL),
    (00001343,025,0008,'Year 9 Chinese','CN09','','Y','003',0,NULL),
    (00001344,025,0007,'Year 9 English','EN09','','Y','003',0,NULL),
    (00001345,025,0005,'Year 9 Expressive Arts','EX09','','Y','003',0,NULL),
    (00001346,025,0018,'Year 9 Free Learning','FL09','','Y','003',0,NULL),
    (00001347,025,0018,'Year 9 Human Technologies','HT09','','Y','003',0,NULL),
    (00001348,025,0006,'Year 9 Humanities','HU09','','Y','003',0,NULL),
    (00001349,025,0008,'Year 9 Japanese','JP09','','Y','003',0,NULL),
    (00001350,025,0016,'Year 9 Mathematics','MA09','','Y','003',0,NULL),
    (00001351,025,0005,'Year 9 Media Studies','ME09','','Y','003',0,NULL),
    (00001352,025,0010,'Year 9 Physical Education','PE09','','Y','003',0,NULL),
    (00001353,025,0004,'Year 9 Science','SC09','','Y','003',0,NULL),
    (00001354,025,0008,'Year 9 Spanish','SP09','','Y','003',0,NULL),
    (00001356,025,0008,'Year 7 Chinese (Kingston Chinese Programme)','CNK07','','Y','001',0,NULL),
    (00001357,025,0006,'Year 12 Economics (Standard)','ECSL12','','Y','006',0,NULL),
    (00001358,025,0005,'Year 13 Film Studies (Higher)','FSHL13','','Y','007',0,NULL),
    (00001359,025,0005,'Year 13 Film Studies (Standard)','FSSL13','','Y','006',0,NULL),
    (00001360,025,0006,'Year 12 History (Higher)','HIHL12','','Y','006',0,NULL),
    (00001361,025,0006,'Year 13 History (Standard)','HISL13','','Y','007',0,NULL),
    (00001362,025,0016,'Year 12 Maths Analysis & Approaches (Higher)','MAAHL12','','Y','006',0,NULL),
    (00001363,025,0016,'Year 12 Maths Analysis & Approaches (Standard)','MAASL12','','Y','006',0,NULL),
    (00001364,025,0016,'Year 12 Maths Applications & Interpretation (Standard)','MAISL12','','Y','006',0,NULL),
    (00001365,025,0006,'Year 12 Psychology (Standard)','PYSL12','','Y','006',0,NULL),
    (00001366,025,0008,'Year 13 Spanish (Standard)','SPSL13','','Y','007',0,NULL),
    (00001367,025,0005,'Year 12 Visual Arts (Higher)','VAHL12','','Y','006',0,NULL),
    (00001368,025,0005,'Year 12 Visual Arts (Standard) ','VASL12','','Y','006',0,NULL);

--
-- Dumping data for table `gibbonCourseClass`
--
INSERT INTO `gibbonCourseClass` (`gibbonCourseClassID`, `gibbonCourseID`, `name`, `nameShort`, `reportable`, `attendance`, `enrolmentMin`, `enrolmentMax`, `gibbonScaleIDTarget`, `fields`)
VALUES
    (00002280,00001218,'1','1','Y','Y',NULL,NULL,NULL,NULL),
    (00002281,00001219,'2','2','Y','Y',NULL,NULL,NULL,NULL),
    (00002282,00001219,'1','1','Y','Y',NULL,NULL,NULL,NULL),
    (00002283,00001219,'4','4','Y','Y',NULL,NULL,NULL,NULL),
    (00002284,00001219,'3','3','Y','Y',NULL,NULL,NULL,NULL),
    (00002285,00001219,'5','5','Y','Y',NULL,NULL,NULL,NULL),
    (00002286,00001220,'1','1','Y','Y',NULL,NULL,NULL,NULL),
    (00002287,00001221,'1','1','Y','Y',NULL,NULL,NULL,NULL),
    (00002291,00001223,'2','2','Y','Y',NULL,NULL,NULL,NULL),
    (00002292,00001223,'1','1','Y','Y',NULL,NULL,NULL,NULL),
    (00002293,00001224,'1','1','Y','Y',NULL,NULL,NULL,NULL),
    (00002294,00001225,'1','1','Y','Y',NULL,NULL,NULL,NULL),
    (00002295,00001226,'2','2','Y','Y',NULL,NULL,NULL,NULL),
    (00002296,00001226,'1','1','Y','Y',NULL,NULL,NULL,NULL),
    (00002297,00001227,'1','1','Y','Y',NULL,NULL,NULL,NULL),
    (00002301,00001229,'1','1','Y','Y',NULL,NULL,NULL,NULL),
    (00002302,00001230,'2','2','Y','Y',NULL,NULL,NULL,NULL),
    (00002303,00001230,'1','1','Y','Y',NULL,NULL,NULL,NULL),
    (00002304,00001231,'2','2','Y','Y',NULL,NULL,NULL,NULL),
    (00002305,00001231,'1','1','Y','Y',NULL,NULL,NULL,NULL),
    (00002306,00001232,'1','1','Y','Y',NULL,NULL,NULL,NULL),
    (00002307,00001233,'1','1','Y','Y',NULL,NULL,NULL,NULL),
    (00002310,00001235,'1','1','Y','Y',NULL,NULL,NULL,NULL),
    (00002311,00001236,'2','2','Y','Y',NULL,NULL,NULL,NULL),
    (00002312,00001236,'1','1','Y','Y',NULL,NULL,NULL,NULL),
    (00002313,00001236,'3','3','Y','Y',NULL,NULL,NULL,NULL),
    (00002314,00001237,'1','1','Y','Y',NULL,NULL,NULL,NULL),
    (00002315,00001238,'1','1','Y','Y',NULL,NULL,NULL,NULL),
    (00002319,00001240,'1','1','Y','Y',NULL,NULL,NULL,NULL),
    (00002320,00001240,'2','2','Y','Y',NULL,NULL,NULL,NULL),
    (00002321,00001241,'1','1','Y','Y',NULL,NULL,NULL,NULL),
    (00002322,00001242,'1','1','Y','Y',NULL,NULL,NULL,NULL),
    (00002323,00001243,'1','1','Y','Y',NULL,NULL,NULL,NULL),
    (00002327,00001245,'1','1','Y','Y',NULL,NULL,NULL,NULL),
    (00002328,00001246,'1','1','Y','Y',NULL,NULL,NULL,NULL),
    (00002329,00001246,'2','2','Y','Y',NULL,NULL,NULL,NULL),
    (00002330,00001247,'2','2','Y','Y',NULL,NULL,NULL,NULL),
    (00002331,00001247,'1','1','Y','Y',NULL,NULL,NULL,NULL),
    (00002332,00001249,'1','1','Y','Y',NULL,NULL,NULL,NULL),
    (00002336,00001251,'1','1','Y','Y',NULL,NULL,NULL,NULL),
    (00002337,00001252,'1','1','Y','Y',NULL,NULL,NULL,NULL),
    (00002338,00001253,'1','1','Y','Y',NULL,NULL,NULL,NULL),
    (00002339,00001254,'1','1','Y','Y',NULL,NULL,NULL,NULL),
    (00002340,00001255,'1','1','Y','Y',NULL,NULL,NULL,NULL),
    (00002341,00001256,'1','1','Y','Y',NULL,NULL,NULL,NULL),
    (00002342,00001257,'1','1','Y','Y',NULL,NULL,NULL,NULL),
    (00002343,00001258,'1','1','Y','Y',NULL,NULL,NULL,NULL),
    (00002344,00001259,'1','1','Y','Y',NULL,NULL,NULL,NULL),
    (00002345,00001260,'1','1','Y','Y',NULL,NULL,NULL,NULL),
    (00002346,00001261,'1','1','Y','Y',NULL,NULL,NULL,NULL),
    (00002347,00001262,'1','1','Y','Y',NULL,NULL,NULL,NULL),
    (00002348,00001263,'1','1','Y','Y',NULL,NULL,NULL,NULL),
    (00002349,00001264,'1','1','Y','Y',NULL,NULL,NULL,NULL),
    (00002350,00001265,'1','1','Y','Y',NULL,NULL,NULL,NULL),
    (00002356,00001270,'1','1','Y','Y',NULL,NULL,NULL,NULL),
    (00002357,00001271,'2','2','N','Y',NULL,NULL,NULL,NULL),
    (00002358,00001271,'1','1','N','Y',NULL,NULL,NULL,NULL),
    (00002359,00001272,'1','1','Y','Y',NULL,NULL,NULL,NULL),
    (00002360,00001273,'1','1','Y','Y',NULL,NULL,NULL,NULL),
    (00002361,00001274,'1','1','Y','Y',NULL,NULL,NULL,NULL),
    (00002362,00001275,'1','1','Y','Y',NULL,NULL,NULL,NULL),
    (00002363,00001276,'1','1','Y','Y',NULL,NULL,NULL,NULL),
    (00002364,00001277,'1','1','Y','Y',NULL,NULL,NULL,NULL),
    (00002365,00001278,'1','1','Y','Y',NULL,NULL,NULL,NULL),
    (00002366,00001279,'1','1','Y','Y',NULL,NULL,NULL,NULL),
    (00002367,00001280,'1','1','Y','Y',NULL,NULL,NULL,NULL),
    (00002370,00001282,'1','1','Y','Y',NULL,NULL,NULL,NULL),
    (00002371,00001283,'1','1','Y','Y',NULL,NULL,NULL,NULL),
    (00002372,00001284,'1','1','Y','Y',NULL,NULL,NULL,NULL),
    (00002373,00001285,'1','1','Y','Y',NULL,NULL,NULL,NULL),
    (00002374,00001286,'1','1','Y','Y',NULL,NULL,NULL,NULL),
    (00002376,00001288,'1','1','Y','Y',NULL,NULL,NULL,NULL),
    (00002377,00001289,'1','1','Y','Y',NULL,NULL,NULL,NULL),
    (00002378,00001290,'1','1','Y','Y',NULL,NULL,NULL,NULL),
    (00002382,00001292,'1','1','Y','Y',NULL,NULL,NULL,NULL),
    (00002384,00001293,'1','1','Y','Y',NULL,NULL,NULL,NULL),
    (00002385,00001294,'1','1','Y','Y',NULL,NULL,NULL,NULL),
    (00002386,00001295,'1','1','Y','Y',NULL,NULL,NULL,NULL),
    (00002389,00001298,'1','1','Y','Y',NULL,NULL,NULL,NULL),
    (00002390,00001299,'1','1','Y','Y',NULL,NULL,NULL,NULL),
    (00002391,00001300,'1','1','Y','Y',NULL,NULL,NULL,NULL),
    (00002392,00001301,'1','1','Y','Y',NULL,NULL,NULL,NULL),
    (00002393,00001302,'1','1','N','Y',NULL,NULL,NULL,NULL),
    (00002394,00001303,'1','1','Y','Y',NULL,NULL,NULL,NULL),
    (00002395,00001304,'1','1','Y','Y',NULL,NULL,NULL,NULL),
    (00002396,00001305,'1','1','Y','Y',NULL,NULL,NULL,NULL),
    (00002399,00001309,'1','1','Y','Y',NULL,NULL,NULL,NULL),
    (00002400,00001310,'1','1','Y','Y',NULL,NULL,NULL,NULL),
    (00002401,00001311,'1','1','Y','Y',NULL,NULL,NULL,NULL),
    (00002402,00001312,'1','1','Y','Y',NULL,NULL,NULL,NULL),
    (00002407,00001316,'3','3','Y','Y',NULL,NULL,NULL,NULL),
    (00002408,00001316,'2','2','Y','Y',NULL,NULL,NULL,NULL),
    (00002409,00001316,'1','1','Y','Y',NULL,NULL,NULL,NULL),
    (00002410,00001317,'3','3','Y','Y',NULL,NULL,NULL,NULL),
    (00002411,00001317,'2','2','Y','Y',NULL,NULL,NULL,NULL),
    (00002412,00001317,'1','1','Y','Y',NULL,NULL,NULL,NULL),
    (00002413,00001318,'2','2','Y','Y',NULL,NULL,NULL,NULL),
    (00002414,00001318,'1','1','Y','Y',NULL,NULL,NULL,NULL),
    (00002415,00001318,'5','5','Y','Y',NULL,NULL,NULL,NULL),
    (00002416,00001318,'4','4','Y','Y',NULL,NULL,NULL,NULL),
    (00002417,00001318,'3','3','Y','Y',NULL,NULL,NULL,NULL),
    (00002421,00001320,'3','3','Y','Y',NULL,NULL,NULL,NULL),
    (00002422,00001320,'2','2','Y','Y',NULL,NULL,NULL,NULL),
    (00002423,00001320,'1','1','Y','Y',NULL,NULL,NULL,NULL),
    (00002424,00001321,'3','3','Y','Y',NULL,NULL,NULL,NULL),
    (00002425,00001321,'2','2','Y','Y',NULL,NULL,NULL,NULL),
    (00002426,00001321,'1','1','Y','Y',NULL,NULL,NULL,NULL),
    (00002427,00001322,'3','3','Y','Y',NULL,NULL,NULL,NULL),
    (00002428,00001322,'2','2','Y','Y',NULL,NULL,NULL,NULL),
    (00002429,00001322,'1','1','Y','Y',NULL,NULL,NULL,NULL),
    (00002430,00001323,'1','1','Y','Y',NULL,NULL,NULL,NULL),
    (00002435,00001325,'3','3','Y','Y',NULL,NULL,NULL,NULL),
    (00002436,00001325,'2','2','Y','Y',NULL,NULL,NULL,NULL),
    (00002437,00001325,'1','1','Y','Y',NULL,NULL,NULL,NULL),
    (00002438,00001326,'3','3','Y','Y',NULL,NULL,NULL,NULL),
    (00002439,00001326,'2','2','Y','Y',NULL,NULL,NULL,NULL),
    (00002440,00001326,'1','1','Y','Y',NULL,NULL,NULL,NULL),
    (00002441,00001327,'1','1','Y','Y',NULL,NULL,NULL,NULL),
    (00002445,00001329,'3','3','Y','Y',NULL,NULL,NULL,NULL),
    (00002446,00001329,'2','2','Y','Y',NULL,NULL,NULL,NULL),
    (00002447,00001329,'1','1','Y','Y',NULL,NULL,NULL,NULL),
    (00002448,00001330,'2','2','Y','Y',NULL,NULL,NULL,NULL),
    (00002449,00001330,'1','1','Y','Y',NULL,NULL,NULL,NULL),
    (00002450,00001330,'5','5','Y','Y',NULL,NULL,NULL,NULL),
    (00002451,00001330,'4','4','Y','Y',NULL,NULL,NULL,NULL),
    (00002452,00001330,'3','3','Y','Y',NULL,NULL,NULL,NULL),
    (00002453,00001331,'3','3','Y','Y',NULL,NULL,NULL,NULL),
    (00002454,00001331,'2','2','Y','Y',NULL,NULL,NULL,NULL),
    (00002455,00001331,'1','1','Y','Y',NULL,NULL,NULL,NULL),
    (00002460,00001333,'3','3','Y','Y',NULL,NULL,NULL,NULL),
    (00002461,00001333,'2','2','Y','Y',NULL,NULL,NULL,NULL),
    (00002462,00001333,'1','1','Y','Y',NULL,NULL,NULL,NULL),
    (00002463,00001334,'3','3','Y','Y',NULL,NULL,NULL,NULL),
    (00002464,00001334,'2','2','Y','Y',NULL,NULL,NULL,NULL),
    (00002465,00001334,'1','1','Y','Y',NULL,NULL,NULL,NULL),
    (00002466,00001335,'3','3','Y','Y',NULL,NULL,NULL,NULL),
    (00002467,00001335,'2','2','Y','Y',NULL,NULL,NULL,NULL),
    (00002468,00001335,'1','1','Y','Y',NULL,NULL,NULL,NULL),
    (00002469,00001336,'1','1','Y','Y',NULL,NULL,NULL,NULL),
    (00002474,00001338,'3','3','Y','Y',NULL,NULL,NULL,NULL),
    (00002475,00001338,'2','2','Y','Y',NULL,NULL,NULL,NULL),
    (00002476,00001338,'1','1','Y','Y',NULL,NULL,NULL,NULL),
    (00002477,00001339,'3','3','Y','Y',NULL,NULL,NULL,NULL),
    (00002478,00001339,'2','2','Y','Y',NULL,NULL,NULL,NULL),
    (00002479,00001339,'1','1','Y','Y',NULL,NULL,NULL,NULL),
    (00002480,00001340,'1','1','Y','Y',NULL,NULL,NULL,NULL),
    (00002484,00001342,'1','1','Y','Y',NULL,NULL,NULL,NULL),
    (00002485,00001343,'2','2','Y','Y',NULL,NULL,NULL,NULL),
    (00002486,00001343,'1','1','Y','Y',NULL,NULL,NULL,NULL),
    (00002487,00001343,'4','4','Y','Y',NULL,NULL,NULL,NULL),
    (00002488,00001343,'5','5','Y','Y',NULL,NULL,NULL,NULL),
    (00002489,00001343,'3','3','Y','Y',NULL,NULL,NULL,NULL),
    (00002493,00001345,'1','1','Y','Y',NULL,NULL,NULL,NULL),
    (00002494,00001346,'2','2','Y','Y',NULL,NULL,NULL,NULL),
    (00002495,00001346,'1','1','Y','Y',NULL,NULL,NULL,NULL),
    (00002496,00001346,'3','3','Y','Y',NULL,NULL,NULL,NULL),
    (00002497,00001347,'2','2','Y','Y',NULL,NULL,NULL,NULL),
    (00002498,00001347,'1','1','Y','Y',NULL,NULL,NULL,NULL),
    (00002499,00001347,'3','3','Y','Y',NULL,NULL,NULL,NULL),
    (00002500,00001348,'2','2','Y','Y',NULL,NULL,NULL,NULL),
    (00002501,00001348,'1','1','Y','Y',NULL,NULL,NULL,NULL),
    (00002502,00001348,'3','3','Y','Y',NULL,NULL,NULL,NULL),
    (00002503,00001349,'1','1','Y','Y',NULL,NULL,NULL,NULL),
    (00002507,00001351,'1','1','Y','Y',NULL,NULL,NULL,NULL),
    (00002508,00001352,'2','2','Y','Y',NULL,NULL,NULL,NULL),
    (00002509,00001352,'1','1','Y','Y',NULL,NULL,NULL,NULL),
    (00002510,00001352,'3','3','Y','Y',NULL,NULL,NULL,NULL),
    (00002511,00001353,'2','2','Y','Y',NULL,NULL,NULL,NULL),
    (00002512,00001353,'1','1','Y','Y',NULL,NULL,NULL,NULL),
    (00002513,00001353,'3','3','Y','Y',NULL,NULL,NULL,NULL),
    (00002514,00001354,'1','1','Y','Y',NULL,NULL,NULL,NULL),
    (00002518,00001316,'4','4','Y','Y',NULL,NULL,NULL,NULL),
    (00002519,00001317,'4','4','Y','Y',NULL,NULL,NULL,NULL),
    (00002520,00001236,'4','4','Y','Y',NULL,NULL,NULL,NULL),
    (00002521,00001236,'5','5','Y','Y',NULL,NULL,NULL,NULL),
    (00002522,00001356,'1','1','Y','Y',NULL,NULL,NULL,NULL),
    (00002523,00001257,'2','2','Y','Y',NULL,NULL,NULL,NULL),
    (00002524,00001221,'2','2','Y','Y',NULL,NULL,NULL,NULL),
    (00002525,00001357,'1','1','Y','Y',NULL,NULL,NULL,NULL),
    (00002526,00001319,'4','4','Y','Y',NULL,NULL,NULL,NULL),
    (00002527,00001319,'2','2','Y','Y',NULL,NULL,NULL,NULL),
    (00002528,00001319,'5','5','Y','Y',NULL,NULL,NULL,NULL),
    (00002529,00001319,'3','3','Y','Y',NULL,NULL,NULL,NULL),
    (00002530,00001319,'1','1','Y','Y',NULL,NULL,NULL,NULL),
    (00002531,00001332,'4','4','Y','Y',NULL,NULL,NULL,NULL),
    (00002532,00001332,'1','1','Y','Y',NULL,NULL,NULL,NULL),
    (00002533,00001332,'2','2','Y','Y',NULL,NULL,NULL,NULL),
    (00002534,00001332,'3','3','Y','Y',NULL,NULL,NULL,NULL),
    (00002535,00001344,'2','2','Y','Y',NULL,NULL,NULL,NULL),
    (00002536,00001344,'3','3','Y','Y',NULL,NULL,NULL,NULL),
    (00002537,00001344,'1','1','Y','Y',NULL,NULL,NULL,NULL),
    (00002538,00001344,'4','4','Y','Y',NULL,NULL,NULL,NULL),
    (00002539,00001222,'3','3','Y','Y',NULL,NULL,NULL,NULL),
    (00002540,00001222,'1','1','Y','Y',NULL,NULL,NULL,NULL),
    (00002541,00001222,'2','2','Y','Y',NULL,NULL,NULL,NULL),
    (00002542,00001239,'1','1','Y','Y',NULL,NULL,NULL,NULL),
    (00002543,00001239,'3','3','Y','Y',NULL,NULL,NULL,NULL),
    (00002544,00001239,'2','2','Y','Y',NULL,NULL,NULL,NULL),
    (00002545,00001223,'3','3','Y','Y',NULL,NULL,NULL,NULL),
    (00002546,00001259,'2','2','Y','Y',NULL,NULL,NULL,NULL),
    (00002547,00001320,'4','4','Y','Y',NULL,NULL,NULL,NULL),
    (00002548,00001321,'4','4','Y','Y',NULL,NULL,NULL,NULL),
    (00002549,00001358,'1','1','Y','Y',NULL,NULL,NULL,NULL),
    (00002550,00001359,'1','1','Y','Y',NULL,NULL,NULL,NULL),
    (00002551,00001360,'1','1','Y','Y',NULL,NULL,NULL,NULL),
    (00002552,00001361,'1','1','Y','Y',NULL,NULL,NULL,NULL),
    (00002553,00001361,'2','2','Y','Y',NULL,NULL,NULL,NULL),
    (00002554,00001322,'4','4','Y','Y',NULL,NULL,NULL,NULL),
    (00002555,00001226,'3','3','Y','Y',NULL,NULL,NULL,NULL),
    (00002556,00001324,'2','2','Y','Y',NULL,NULL,NULL,NULL),
    (00002557,00001324,'1','1','Y','Y',NULL,NULL,NULL,NULL),
    (00002558,00001324,'4','4','Y','Y',NULL,NULL,NULL,NULL),
    (00002559,00001324,'3','3','Y','Y',NULL,NULL,NULL,NULL),
    (00002560,00001324,'5','5','Y','Y',NULL,NULL,NULL,NULL),
    (00002561,00001337,'4','4','Y','Y',NULL,NULL,NULL,NULL),
    (00002562,00001337,'1','1','Y','Y',NULL,NULL,NULL,NULL),
    (00002563,00001337,'3','3','Y','Y',NULL,NULL,NULL,NULL),
    (00002564,00001337,'2','2','Y','Y',NULL,NULL,NULL,NULL),
    (00002565,00001350,'2','2','Y','Y',NULL,NULL,NULL,NULL),
    (00002566,00001350,'3','3','Y','Y',NULL,NULL,NULL,NULL),
    (00002567,00001350,'5','5','Y','Y',NULL,NULL,NULL,NULL),
    (00002568,00001350,'1','1','Y','Y',NULL,NULL,NULL,NULL),
    (00002569,00001350,'4','4','Y','Y',NULL,NULL,NULL,NULL),
    (00002570,00001228,'4','4','Y','Y',NULL,NULL,NULL,NULL),
    (00002571,00001228,'3','3','Y','Y',NULL,NULL,NULL,NULL),
    (00002572,00001228,'2','2','Y','Y',NULL,NULL,NULL,NULL),
    (00002574,00001244,'2','2','Y','Y',NULL,NULL,NULL,NULL),
    (00002575,00001244,'1','1','Y','Y',NULL,NULL,NULL,NULL),
    (00002576,00001244,'3','3','Y','Y',NULL,NULL,NULL,NULL),
    (00002577,00001362,'1','1','Y','Y',NULL,NULL,NULL,NULL),
    (00002578,00001363,'1','1','Y','Y',NULL,NULL,NULL,NULL),
    (00002579,00001364,'1','1','Y','Y',NULL,NULL,NULL,NULL),
    (00002580,00001325,'4','4','Y','Y',NULL,NULL,NULL,NULL),
    (00002581,00001230,'3','3','Y','Y',NULL,NULL,NULL,NULL),
    (00002582,00001365,'1','1','Y','Y',NULL,NULL,NULL,NULL),
    (00002583,00001326,'4','4','Y','Y',NULL,NULL,NULL,NULL),
    (00002584,00001231,'3','3','Y','Y',NULL,NULL,NULL,NULL),
    (00002585,00001366,'1','1','Y','Y',NULL,NULL,NULL,NULL),
    (00002586,00001280,'2','2','Y','Y',NULL,NULL,NULL,NULL),
    (00002587,00001367,'1','1','Y','Y',NULL,NULL,NULL,NULL),
    (00002588,00001368,'1','1','Y','Y',NULL,NULL,NULL,NULL),
    (00002590,00001228,'1','1','Y','Y',NULL,NULL,NULL,NULL);

--
-- Dumping data for table `gibbonCourseClassPerson`
--
INSERT INTO `gibbonCourseClassPerson` (`gibbonCourseClassPersonID`, `gibbonCourseClassID`, `gibbonPersonID`, `role`, `dateEnrolled`, `dateUnenrolled`, `reportable`)
VALUES
    (0000048161,00002409,0000002363,'Teacher',NULL,NULL,'Y'),
    (0000048162,00002408,0000002363,'Teacher',NULL,NULL,'Y'),
    (0000048163,00002407,0000002363,'Teacher',NULL,NULL,'Y'),
    (0000048164,00002518,0000002363,'Teacher',NULL,NULL,'Y'),
    (0000048165,00002484,0000002363,'Teacher',NULL,NULL,'Y'),
    (0000048166,00002280,0000000374,'Teacher',NULL,NULL,'Y'),
    (0000048167,00002310,0000000374,'Teacher',NULL,NULL,'Y'),
    (0000048168,00002412,0000001110,'Teacher',NULL,NULL,'Y'),
    (0000048169,00002411,0000002722,'Teacher',NULL,NULL,'Y'),
    (0000048170,00002410,0000002722,'Teacher',NULL,NULL,'Y'),
    (0000048171,00002519,0000002722,'Teacher',NULL,NULL,'Y'),
    (0000048172,00002447,0000001110,'Teacher',NULL,NULL,'Y'),
    (0000048173,00002446,0000002733,'Teacher',NULL,NULL,'Y'),
    (0000048174,00002445,0000002733,'Teacher',NULL,NULL,'Y'),
    (0000048175,00002336,0000000870,'Teacher',NULL,NULL,'Y'),
    (0000048176,00002370,0000000870,'Teacher',NULL,NULL,'Y'),
    (0000048177,00002337,0000000589,'Teacher',NULL,NULL,'Y'),
    (0000048178,00002371,0000000870,'Teacher',NULL,NULL,'Y'),
    (0000048179,00002339,0000002026,'Teacher',NULL,NULL,'Y'),
    (0000048180,00002373,0000002026,'Teacher',NULL,NULL,'Y'),
    (0000048181,00002340,0000002026,'Teacher',NULL,NULL,'Y'),
    (0000048182,00002374,0000002026,'Teacher',NULL,NULL,'Y'),
    (0000048183,00002414,0000001119,'Teacher',NULL,NULL,'Y'),
    (0000048184,00002413,0000000140,'Teacher',NULL,NULL,'Y'),
    (0000048185,00002417,0000000869,'Teacher',NULL,NULL,'Y'),
    (0000048186,00002416,0000000198,'Teacher',NULL,NULL,'Y'),
    (0000048187,00002449,0000001119,'Teacher',NULL,NULL,'Y'),
    (0000048188,00002448,0000002347,'Teacher',NULL,NULL,'Y'),
    (0000048189,00002452,0000000869,'Teacher',NULL,NULL,'Y'),
    (0000048190,00002451,0000000198,'Teacher',NULL,NULL,'Y'),
    (0000048191,00002450,0000000140,'Teacher',NULL,NULL,'Y'),
    (0000048192,00002486,0000000869,'Teacher',NULL,NULL,'Y'),
    (0000048193,00002485,0000000198,'Teacher',NULL,NULL,'Y'),
    (0000048194,00002489,0000002347,'Teacher',NULL,NULL,'Y'),
    (0000048198,00002281,0000000869,'Teacher',NULL,NULL,'Y'),
    (0000048199,00002284,0000000198,'Teacher',NULL,NULL,'Y'),
    (0000048200,00002283,0000001119,'Teacher',NULL,NULL,'Y'),
    (0000048202,00002312,0000002347,'Teacher',NULL,NULL,'Y'),
    (0000048203,00002311,0000000198,'Teacher',NULL,NULL,'Y'),
    (0000048204,00002313,0000001119,'Teacher',NULL,NULL,'Y'),
    (0000048205,00002520,0000000140,'Teacher',NULL,NULL,'Y'),
    (0000048206,00002521,0000000869,'Teacher',NULL,NULL,'Y'),
    (0000048207,00002341,0000000869,'Teacher',NULL,NULL,'Y'),
    (0000048208,00002376,0000002347,'Teacher',NULL,NULL,'Y'),
    (0000048209,00002522,0000000140,'Teacher',NULL,NULL,'Y'),
    (0000048210,00002522,0000002347,'Teacher',NULL,NULL,'Y'),
    (0000048211,00002342,0000000198,'Teacher',NULL,NULL,'Y'),
    (0000048212,00002523,0000001119,'Teacher',NULL,NULL,'Y'),
    (0000048213,00002377,0000000198,'Teacher',NULL,NULL,'Y'),
    (0000048214,00002455,0000002363,'Teacher',NULL,NULL,'Y'),
    (0000048215,00002454,0000002363,'Teacher',NULL,NULL,'Y'),
    (0000048216,00002453,0000002363,'Teacher',NULL,NULL,'Y'),
    (0000048217,00002286,0000001506,'Teacher',NULL,NULL,'Y'),
    (0000048218,00002314,0000001506,'Teacher',NULL,NULL,'Y'),
    (0000048219,00002287,0000000124,'Teacher',NULL,NULL,'Y'),
    (0000048220,00002524,0000002722,'Teacher',NULL,NULL,'Y'),
    (0000048221,00002315,0000000124,'Teacher',NULL,NULL,'Y'),
    (0000048222,00002343,0000000124,'Teacher',NULL,NULL,'Y'),
    (0000048223,00002378,0000000124,'Teacher',NULL,NULL,'Y'),
    (0000048224,00002525,0000000124,'Teacher',NULL,NULL,'Y'),
    (0000048225,00002526,0000001777,'Teacher',NULL,NULL,'Y'),
    (0000048226,00002527,0000001778,'Teacher',NULL,NULL,'Y'),
    (0000048227,00002528,0000000373,'Teacher',NULL,NULL,'Y'),
    (0000048228,00002529,0000000151,'Teacher',NULL,NULL,'Y'),
    (0000048229,00002530,0000002562,'Teacher',NULL,NULL,'Y'),
    (0000048230,00002531,0000000867,'Teacher',NULL,NULL,'Y'),
    (0000048231,00002532,0000001502,'Teacher',NULL,NULL,'Y'),
    (0000048232,00002532,0000002562,'Teacher',NULL,NULL,'Y'),
    (0000048233,00002533,0000001777,'Teacher',NULL,NULL,'Y'),
    (0000048234,00002534,0000000151,'Teacher',NULL,NULL,'Y'),
    (0000048235,00002535,0000001778,'Teacher',NULL,NULL,'Y'),
    (0000048236,00002536,0000002562,'Teacher',NULL,NULL,'Y'),
    (0000048237,00002537,0000001777,'Teacher',NULL,NULL,'Y'),
    (0000048238,00002538,0000000867,'Teacher',NULL,NULL,'Y'),
    (0000048239,00002539,0000001778,'Teacher',NULL,NULL,'Y'),
    (0000048240,00002540,0000001777,'Teacher',NULL,NULL,'Y'),
    (0000048241,00002541,0000001123,'Teacher',NULL,NULL,'Y'),
    (0000048242,00002542,0000001502,'Teacher',NULL,NULL,'Y'),
    (0000048243,00002542,0000002562,'Teacher',NULL,NULL,'Y'),
    (0000048244,00002543,0000000867,'Teacher',NULL,NULL,'Y'),
    (0000048245,00002544,0000001123,'Teacher',NULL,NULL,'Y'),
    (0000048246,00002292,0000002363,'Teacher',NULL,NULL,'Y'),
    (0000048247,00002291,0000001123,'Teacher',NULL,NULL,'Y'),
    (0000048248,00002291,0000001122,'Teacher',NULL,NULL,'Y'),
    (0000048249,00002545,0000000374,'Teacher',NULL,NULL,'Y'),
    (0000048250,00002545,0000000119,'Teacher',NULL,NULL,'Y'),
    (0000048251,00002319,0000002363,'Teacher',NULL,NULL,'Y'),
    (0000048252,00002319,0000000373,'Teacher',NULL,NULL,'Y'),
    (0000048253,00002320,0000000374,'Teacher',NULL,NULL,'Y'),
    (0000048254,00002320,0000001110,'Teacher',NULL,NULL,'Y'),
    (0000048255,00002320,0000001122,'Teacher',NULL,NULL,'Y'),
    (0000048256,00002344,0000001502,'Teacher',NULL,NULL,'Y'),
    (0000048257,00002344,0000002562,'Teacher',NULL,NULL,'Y'),
    (0000048258,00002546,0000000867,'Teacher',NULL,NULL,'Y'),
    (0000048259,00002382,0000000867,'Teacher',NULL,NULL,'Y'),
    (0000048260,00002345,0000001123,'Teacher',NULL,NULL,'Y'),
    (0000048261,00002384,0000001777,'Teacher',NULL,NULL,'Y'),
    (0000048262,00002346,0000000589,'Teacher',NULL,NULL,'Y'),
    (0000048263,00002346,0000000124,'Teacher',NULL,NULL,'Y'),
    (0000048264,00002385,0000000589,'Teacher',NULL,NULL,'Y'),
    (0000048265,00002293,0000000589,'Teacher',NULL,NULL,'Y'),
    (0000048266,00002321,0000000589,'Teacher',NULL,NULL,'Y'),
    (0000048267,00002423,0000000375,'Teacher',NULL,NULL,'Y'),
    (0000048268,00002422,0000000375,'Teacher',NULL,NULL,'Y'),
    (0000048269,00002421,0000001506,'Teacher',NULL,NULL,'Y'),
    (0000048270,00002547,0000001506,'Teacher',NULL,NULL,'Y'),
    (0000048271,00002462,0000001506,'Teacher',NULL,NULL,'Y'),
    (0000048272,00002461,0000001506,'Teacher',NULL,NULL,'Y'),
    (0000048273,00002460,0000001506,'Teacher',NULL,NULL,'Y'),
    (0000048274,00002493,0000001506,'Teacher',NULL,NULL,'Y'),
    (0000048275,00002426,0000000001,'Teacher',NULL,NULL,'Y'),
    (0000048276,00002425,0000000001,'Teacher',NULL,NULL,'Y'),
    (0000048277,00002424,0000000001,'Teacher',NULL,NULL,'Y'),
    (0000048278,00002548,0000000001,'Teacher',NULL,NULL,'Y'),
    (0000048279,00002465,0000002733,'Teacher',NULL,NULL,'Y'),
    (0000048280,00002464,0000001502,'Teacher',NULL,NULL,'Y'),
    (0000048282,00002495,0000001502,'Teacher',NULL,NULL,'Y'),
    (0000048283,00002495,0000002562,'Teacher',NULL,NULL,'Y'),
    (0000048284,00002494,0000000119,'Teacher',NULL,NULL,'Y'),
    (0000048285,00002496,0000000119,'Teacher',NULL,NULL,'Y'),
    (0000048286,00002348,0000001776,'Teacher',NULL,NULL,'Y'),
    (0000048287,00002549,0000001776,'Teacher',NULL,NULL,'Y'),
    (0000048288,00002349,0000001776,'Teacher',NULL,NULL,'Y'),
    (0000048289,00002550,0000001776,'Teacher',NULL,NULL,'Y'),
    (0000048290,00002294,0000002027,'Teacher',NULL,NULL,'Y'),
    (0000048291,00002322,0000002027,'Teacher',NULL,NULL,'Y'),
    (0000048292,00002551,0000002027,'Teacher',NULL,NULL,'Y'),
    (0000048293,00002350,0000002027,'Teacher',NULL,NULL,'Y'),
    (0000048294,00002552,0000002027,'Teacher',NULL,NULL,'Y'),
    (0000048295,00002553,0000002027,'Teacher',NULL,NULL,'Y'),
    (0000048296,00002429,0000001110,'Teacher',NULL,NULL,'Y'),
    (0000048297,00002428,0000000373,'Teacher',NULL,NULL,'Y'),
    (0000048298,00002427,0000001778,'Teacher',NULL,NULL,'Y'),
    (0000048299,00002554,0000001123,'Teacher',NULL,NULL,'Y'),
    (0000048300,00002468,0000001110,'Teacher',NULL,NULL,'Y'),
    (0000048301,00002467,0000001778,'Teacher',NULL,NULL,'Y'),
    (0000048302,00002466,0000001123,'Teacher',NULL,NULL,'Y'),
    (0000048303,00002498,0000001123,'Teacher',NULL,NULL,'Y'),
    (0000048304,00002497,0000000375,'Teacher',NULL,NULL,'Y'),
    (0000048305,00002499,0000000373,'Teacher',NULL,NULL,'Y'),
    (0000048306,00002296,0000001778,'Teacher',NULL,NULL,'Y'),
    (0000048307,00002295,0000001506,'Teacher',NULL,NULL,'Y'),
    (0000048308,00002555,0000001123,'Teacher',NULL,NULL,'Y'),
    (0000048309,00002501,0000000124,'Teacher',NULL,NULL,'Y'),
    (0000048310,00002501,0000002722,'Teacher',NULL,NULL,'Y'),
    (0000048311,00002500,0000002722,'Teacher',NULL,NULL,'Y'),
    (0000048312,00002502,0000002722,'Teacher',NULL,NULL,'Y'),
    (0000048313,00002430,0000001122,'Teacher',NULL,NULL,'Y'),
    (0000048314,00002469,0000001122,'Teacher',NULL,NULL,'Y'),
    (0000048315,00002503,0000001122,'Teacher',NULL,NULL,'Y'),
    (0000048316,00002297,0000001122,'Teacher',NULL,NULL,'Y'),
    (0000048317,00002323,0000001122,'Teacher',NULL,NULL,'Y'),
    (0000048318,00002556,0000000866,'Teacher',NULL,NULL,'Y'),
    (0000048319,00002557,0000001104,'Teacher',NULL,NULL,'Y'),
    (0000048320,00002558,0000001601,'Teacher',NULL,NULL,'Y'),
    (0000048321,00002559,0000000120,'Teacher',NULL,NULL,'Y'),
    (0000048322,00002560,0000002732,'Teacher',NULL,NULL,'Y'),
    (0000048323,00002561,0000002732,'Teacher',NULL,NULL,'Y'),
    (0000048324,00002562,0000001104,'Teacher',NULL,NULL,'Y'),
    (0000048325,00002563,0000000866,'Teacher',NULL,NULL,'Y'),
    (0000048326,00002564,0000001117,'Teacher',NULL,NULL,'Y'),
    (0000048327,00002564,0000001601,'Teacher',NULL,NULL,'Y'),
    (0000048328,00002565,0000001117,'Teacher',NULL,NULL,'Y'),
    (0000048329,00002566,0000000866,'Teacher',NULL,NULL,'Y'),
    (0000048330,00002567,0000002732,'Teacher',NULL,NULL,'Y'),
    (0000048331,00002568,0000001104,'Teacher',NULL,NULL,'Y'),
    (0000048332,00002569,0000001601,'Teacher',NULL,NULL,'Y'),
    (0000048333,00002570,0000002732,'Teacher',NULL,NULL,'Y'),
    (0000048334,00002571,0000000120,'Teacher',NULL,NULL,'Y'),
    (0000048335,00002572,0000000866,'Teacher',NULL,NULL,'Y'),
    (0000048336,00002572,0000001601,'Teacher',NULL,NULL,'Y'),
    (0000048338,00002574,0000000120,'Teacher',NULL,NULL,'Y'),
    (0000048339,00002575,0000001117,'Teacher',NULL,NULL,'Y'),
    (0000048340,00002576,0000002732,'Teacher',NULL,NULL,'Y'),
    (0000048341,00002577,0000000120,'Teacher',NULL,NULL,'Y'),
    (0000048342,00002578,0000000866,'Teacher',NULL,NULL,'Y'),
    (0000048343,00002389,0000000120,'Teacher',NULL,NULL,'Y'),
    (0000048344,00002579,0000000866,'Teacher',NULL,NULL,'Y'),
    (0000048345,00002390,0000002732,'Teacher',NULL,NULL,'Y'),
    (0000048346,00002507,0000000375,'Teacher',NULL,NULL,'Y'),
    (0000048347,00002301,0000000375,'Teacher',NULL,NULL,'Y'),
    (0000048348,00002327,0000000001,'Teacher',NULL,NULL,'Y'),
    (0000048349,00002391,0000000866,'Teacher',NULL,NULL,'Y'),
    (0000048350,00002437,0000000373,'Teacher',NULL,NULL,'Y'),
    (0000048351,00002436,0000000373,'Teacher',NULL,NULL,'Y'),
    (0000048352,00002436,0000001104,'Teacher',NULL,NULL,'Y'),
    (0000048353,00002435,0000000373,'Teacher',NULL,NULL,'Y'),
    (0000048354,00002435,0000001104,'Teacher',NULL,NULL,'Y'),
    (0000048355,00002580,0000000373,'Teacher',NULL,NULL,'Y'),
    (0000048356,00002580,0000001104,'Teacher',NULL,NULL,'Y'),
    (0000048357,00002476,0000002134,'Teacher',NULL,NULL,'Y'),
    (0000048358,00002475,0000001104,'Teacher',NULL,NULL,'Y'),
    (0000048359,00002474,0000000373,'Teacher',NULL,NULL,'Y'),
    (0000048360,00002474,0000001104,'Teacher',NULL,NULL,'Y'),
    (0000048361,00002509,0000000119,'Teacher',NULL,NULL,'Y'),
    (0000048362,00002508,0000002134,'Teacher',NULL,NULL,'Y'),
    (0000048363,00002510,0000002134,'Teacher',NULL,NULL,'Y'),
    (0000048364,00002303,0000000373,'Teacher',NULL,NULL,'Y'),
    (0000048365,00002302,0000002134,'Teacher',NULL,NULL,'Y'),
    (0000048366,00002581,0000000119,'Teacher',NULL,NULL,'Y'),
    (0000048367,00002328,0000002134,'Teacher',NULL,NULL,'Y'),
    (0000048368,00002329,0000000119,'Teacher',NULL,NULL,'Y'),
    (0000048369,00002359,0000002326,'Teacher',NULL,NULL,'Y'),
    (0000048370,00002394,0000002326,'Teacher',NULL,NULL,'Y'),
    (0000048371,00002360,0000002326,'Teacher',NULL,NULL,'Y'),
    (0000048372,00002395,0000002326,'Teacher',NULL,NULL,'Y'),
    (0000048373,00002356,0000000144,'Teacher',NULL,NULL,'Y'),
    (0000048374,00002392,0000000144,'Teacher',NULL,NULL,'Y'),
    (0000048375,00002361,0000002096,'Teacher',NULL,NULL,'Y'),
    (0000048376,00002396,0000002027,'Teacher',NULL,NULL,'Y'),
    (0000048377,00002582,0000002096,'Teacher',NULL,NULL,'Y'),
    (0000048378,00002440,0000000870,'Teacher',NULL,NULL,'Y'),
    (0000048379,00002439,0000001117,'Teacher',NULL,NULL,'Y'),
    (0000048380,00002438,0000001104,'Teacher',NULL,NULL,'Y'),
    (0000048381,00002583,0000002134,'Teacher',NULL,NULL,'Y'),
    (0000048382,00002479,0000000589,'Teacher',NULL,NULL,'Y'),
    (0000048383,00002478,0000000589,'Teacher',NULL,NULL,'Y'),
    (0000048384,00002478,0000002134,'Teacher',NULL,NULL,'Y'),
    (0000048385,00002477,0000002134,'Teacher',NULL,NULL,'Y'),
    (0000048386,00002512,0000000870,'Teacher',NULL,NULL,'Y'),
    (0000048387,00002511,0000002326,'Teacher',NULL,NULL,'Y'),
    (0000048388,00002513,0000002026,'Teacher',NULL,NULL,'Y'),
    (0000048389,00002305,0000000870,'Teacher',NULL,NULL,'Y'),
    (0000048390,00002304,0000002326,'Teacher',NULL,NULL,'Y'),
    (0000048391,00002584,0000002026,'Teacher',NULL,NULL,'Y'),
    (0000048392,00002331,0000002326,'Teacher',NULL,NULL,'Y'),
    (0000048393,00002330,0000002026,'Teacher',NULL,NULL,'Y'),
    (0000048394,00002441,0000001776,'Teacher',NULL,NULL,'Y'),
    (0000048395,00002441,0000000144,'Teacher',NULL,NULL,'Y'),
    (0000048396,00002480,0000001776,'Teacher',NULL,NULL,'Y'),
    (0000048397,00002480,0000000144,'Teacher',NULL,NULL,'Y'),
    (0000048398,00002514,0000001776,'Teacher',NULL,NULL,'Y'),
    (0000048399,00002307,0000001776,'Teacher',NULL,NULL,'Y'),
    (0000048400,00002332,0000001776,'Teacher',NULL,NULL,'Y'),
    (0000048401,00002332,0000000144,'Teacher',NULL,NULL,'Y'),
    (0000048402,00002363,0000000144,'Teacher',NULL,NULL,'Y'),
    (0000048403,00002399,0000000144,'Teacher',NULL,NULL,'Y'),
    (0000048404,00002364,0000000144,'Teacher',NULL,NULL,'Y'),
    (0000048405,00002585,0000000144,'Teacher',NULL,NULL,'Y'),
    (0000048406,00002362,0000000151,'Teacher',NULL,NULL,'Y'),
    (0000048407,00002365,0000000375,'Teacher',NULL,NULL,'Y'),
    (0000048408,00002366,0000000375,'Teacher',NULL,NULL,'Y'),
    (0000048409,00002367,0000002027,'Teacher',NULL,NULL,'Y'),
    (0000048410,00002586,0000001777,'Teacher',NULL,NULL,'Y'),
    (0000048411,00002402,0000001777,'Teacher',NULL,NULL,'Y'),
    (0000048412,00002587,0000000374,'Teacher',NULL,NULL,'Y'),
    (0000048413,00002588,0000000374,'Teacher',NULL,NULL,'Y'),
    (0000048420,00002385,0000000124,'Teacher',NULL,NULL,'Y'),
    (0000048582,00002463,0000002733,'Teacher',NULL,NULL,'Y'),
    (0000048583,00002589,0000002735,'Student',NULL,NULL,'Y'),
    (0000048584,00002589,0000002734,'Student',NULL,NULL,'Y'),
    (0000048585,00002589,0000001110,'Teacher',NULL,NULL,'Y'),
    (0000048586,00002590,0000001117,'Teacher',NULL,NULL,'Y'),
    (0000048587,00002487,0000000140,'Teacher',NULL,NULL,'Y'),
    (0000048588,00002488,0000001119,'Teacher',NULL,NULL,'Y'),
    (0000048593,00002464,0000002562,'Teacher',NULL,NULL,'Y'),
    (0000048594,00002464,0000002363,'Teacher',NULL,NULL,'Y'),
    (0000048595,00002446,0000002371,'Student',NULL,NULL,'Y'),
    (0000048596,00002454,0000002371,'Student',NULL,NULL,'Y'),
    (0000048597,00002461,0000002371,'Student',NULL,NULL,'Y'),
    (0000048598,00002464,0000002371,'Student',NULL,NULL,'Y'),
    (0000048599,00002467,0000002371,'Student',NULL,NULL,'Y'),
    (0000048600,00002475,0000002371,'Student',NULL,NULL,'Y'),
    (0000048601,00002478,0000002371,'Student',NULL,NULL,'Y'),
    (0000048602,00002446,0000002190,'Student',NULL,NULL,'Y'),
    (0000048603,00002454,0000002190,'Student',NULL,NULL,'Y'),
    (0000048604,00002461,0000002190,'Student',NULL,NULL,'Y'),
    (0000048605,00002464,0000002190,'Student',NULL,NULL,'Y'),
    (0000048606,00002467,0000002190,'Student',NULL,NULL,'Y'),
    (0000048607,00002475,0000002190,'Student',NULL,NULL,'Y'),
    (0000048608,00002478,0000002190,'Student',NULL,NULL,'Y'),
    (0000048609,00002446,0000002334,'Student',NULL,NULL,'Y'),
    (0000048610,00002454,0000002334,'Student',NULL,NULL,'Y'),
    (0000048611,00002461,0000002334,'Student',NULL,NULL,'Y'),
    (0000048612,00002464,0000002334,'Student',NULL,NULL,'Y'),
    (0000048613,00002467,0000002334,'Student',NULL,NULL,'Y'),
    (0000048614,00002475,0000002334,'Student',NULL,NULL,'Y'),
    (0000048615,00002478,0000002334,'Student',NULL,NULL,'Y'),
    (0000048616,00002446,0000002236,'Student',NULL,NULL,'Y'),
    (0000048617,00002454,0000002236,'Student',NULL,NULL,'Y'),
    (0000048618,00002461,0000002236,'Student',NULL,NULL,'Y'),
    (0000048619,00002464,0000002236,'Student',NULL,NULL,'Y'),
    (0000048620,00002467,0000002236,'Student',NULL,NULL,'Y'),
    (0000048621,00002475,0000002236,'Student',NULL,NULL,'Y'),
    (0000048622,00002478,0000002236,'Student',NULL,NULL,'Y'),
    (0000048623,00002446,0000002520,'Student',NULL,NULL,'Y'),
    (0000048624,00002454,0000002520,'Student',NULL,NULL,'Y'),
    (0000048625,00002461,0000002520,'Student',NULL,NULL,'Y'),
    (0000048626,00002464,0000002520,'Student',NULL,NULL,'Y'),
    (0000048627,00002467,0000002520,'Student',NULL,NULL,'Y'),
    (0000048628,00002475,0000002520,'Student',NULL,NULL,'Y'),
    (0000048629,00002478,0000002520,'Student',NULL,NULL,'Y'),
    (0000048630,00002446,0000002150,'Student',NULL,NULL,'Y'),
    (0000048631,00002454,0000002150,'Student',NULL,NULL,'Y'),
    (0000048632,00002461,0000002150,'Student',NULL,NULL,'Y'),
    (0000048633,00002464,0000002150,'Student',NULL,NULL,'Y'),
    (0000048634,00002467,0000002150,'Student',NULL,NULL,'Y'),
    (0000048635,00002475,0000002150,'Student',NULL,NULL,'Y'),
    (0000048636,00002478,0000002150,'Student',NULL,NULL,'Y'),
    (0000048637,00002446,0000002239,'Student',NULL,NULL,'Y'),
    (0000048638,00002454,0000002239,'Student',NULL,NULL,'Y'),
    (0000048639,00002461,0000002239,'Student',NULL,NULL,'Y'),
    (0000048640,00002464,0000002239,'Student',NULL,NULL,'Y'),
    (0000048641,00002467,0000002239,'Student',NULL,NULL,'Y'),
    (0000048642,00002475,0000002239,'Student',NULL,NULL,'Y'),
    (0000048643,00002478,0000002239,'Student',NULL,NULL,'Y'),
    (0000048644,00002446,0000002501,'Student',NULL,NULL,'Y'),
    (0000048645,00002454,0000002501,'Student',NULL,NULL,'Y'),
    (0000048646,00002461,0000002501,'Student',NULL,NULL,'Y'),
    (0000048647,00002464,0000002501,'Student',NULL,NULL,'Y'),
    (0000048648,00002467,0000002501,'Student',NULL,NULL,'Y'),
    (0000048649,00002475,0000002501,'Student',NULL,NULL,'Y'),
    (0000048650,00002478,0000002501,'Student',NULL,NULL,'Y'),
    (0000048651,00002446,0000002523,'Student',NULL,NULL,'Y'),
    (0000048652,00002454,0000002523,'Student',NULL,NULL,'Y'),
    (0000048653,00002461,0000002523,'Student',NULL,NULL,'Y'),
    (0000048654,00002464,0000002523,'Student',NULL,NULL,'Y'),
    (0000048655,00002467,0000002523,'Student',NULL,NULL,'Y'),
    (0000048656,00002475,0000002523,'Student',NULL,NULL,'Y'),
    (0000048657,00002478,0000002523,'Student',NULL,NULL,'Y'),
    (0000048658,00002446,0000002178,'Student',NULL,NULL,'Y'),
    (0000048659,00002454,0000002178,'Student',NULL,NULL,'Y'),
    (0000048660,00002461,0000002178,'Student',NULL,NULL,'Y'),
    (0000048661,00002464,0000002178,'Student',NULL,NULL,'Y'),
    (0000048662,00002467,0000002178,'Student',NULL,NULL,'Y'),
    (0000048663,00002475,0000002178,'Student',NULL,NULL,'Y'),
    (0000048664,00002478,0000002178,'Student',NULL,NULL,'Y'),
    (0000048665,00002446,0000002206,'Student',NULL,NULL,'Y'),
    (0000048666,00002454,0000002206,'Student',NULL,NULL,'Y'),
    (0000048667,00002461,0000002206,'Student',NULL,NULL,'Y'),
    (0000048668,00002464,0000002206,'Student',NULL,NULL,'Y'),
    (0000048669,00002467,0000002206,'Student',NULL,NULL,'Y'),
    (0000048670,00002475,0000002206,'Student',NULL,NULL,'Y'),
    (0000048671,00002478,0000002206,'Student',NULL,NULL,'Y'),
    (0000048672,00002446,0000002529,'Student',NULL,NULL,'Y'),
    (0000048673,00002454,0000002529,'Student',NULL,NULL,'Y'),
    (0000048674,00002461,0000002529,'Student',NULL,NULL,'Y'),
    (0000048675,00002464,0000002529,'Student',NULL,NULL,'Y'),
    (0000048676,00002467,0000002529,'Student',NULL,NULL,'Y'),
    (0000048677,00002475,0000002529,'Student',NULL,NULL,'Y'),
    (0000048678,00002478,0000002529,'Student',NULL,NULL,'Y'),
    (0000048679,00002446,0000002271,'Student',NULL,NULL,'Y'),
    (0000048680,00002454,0000002271,'Student',NULL,NULL,'Y'),
    (0000048681,00002461,0000002271,'Student',NULL,NULL,'Y'),
    (0000048682,00002464,0000002271,'Student',NULL,NULL,'Y'),
    (0000048683,00002467,0000002271,'Student',NULL,NULL,'Y'),
    (0000048684,00002475,0000002271,'Student',NULL,NULL,'Y'),
    (0000048685,00002478,0000002271,'Student',NULL,NULL,'Y'),
    (0000048686,00002446,0000002420,'Student',NULL,NULL,'Y'),
    (0000048687,00002454,0000002420,'Student',NULL,NULL,'Y'),
    (0000048688,00002461,0000002420,'Student',NULL,NULL,'Y'),
    (0000048689,00002464,0000002420,'Student',NULL,NULL,'Y'),
    (0000048690,00002467,0000002420,'Student',NULL,NULL,'Y'),
    (0000048691,00002475,0000002420,'Student',NULL,NULL,'Y'),
    (0000048692,00002478,0000002420,'Student',NULL,NULL,'Y'),
    (0000048693,00002446,0000002175,'Student',NULL,NULL,'Y'),
    (0000048694,00002454,0000002175,'Student',NULL,NULL,'Y'),
    (0000048695,00002461,0000002175,'Student',NULL,NULL,'Y'),
    (0000048696,00002464,0000002175,'Student',NULL,NULL,'Y'),
    (0000048697,00002467,0000002175,'Student',NULL,NULL,'Y'),
    (0000048698,00002475,0000002175,'Student',NULL,NULL,'Y'),
    (0000048699,00002478,0000002175,'Student',NULL,NULL,'Y'),
    (0000048700,00002446,0000002253,'Student',NULL,NULL,'Y'),
    (0000048701,00002454,0000002253,'Student',NULL,NULL,'Y'),
    (0000048702,00002461,0000002253,'Student',NULL,NULL,'Y'),
    (0000048703,00002464,0000002253,'Student',NULL,NULL,'Y'),
    (0000048704,00002467,0000002253,'Student',NULL,NULL,'Y'),
    (0000048705,00002475,0000002253,'Student',NULL,NULL,'Y'),
    (0000048706,00002478,0000002253,'Student',NULL,NULL,'Y'),
    (0000048707,00002446,0000002383,'Student',NULL,NULL,'Y'),
    (0000048708,00002454,0000002383,'Student',NULL,NULL,'Y'),
    (0000048709,00002461,0000002383,'Student',NULL,NULL,'Y'),
    (0000048710,00002464,0000002383,'Student',NULL,NULL,'Y'),
    (0000048711,00002467,0000002383,'Student',NULL,NULL,'Y'),
    (0000048712,00002475,0000002383,'Student',NULL,NULL,'Y'),
    (0000048713,00002478,0000002383,'Student',NULL,NULL,'Y'),
    (0000048714,00002446,0000002535,'Student',NULL,NULL,'Y'),
    (0000048715,00002454,0000002535,'Student',NULL,NULL,'Y'),
    (0000048716,00002461,0000002535,'Student',NULL,NULL,'Y'),
    (0000048717,00002464,0000002535,'Student',NULL,NULL,'Y'),
    (0000048718,00002467,0000002535,'Student',NULL,NULL,'Y'),
    (0000048719,00002475,0000002535,'Student',NULL,NULL,'Y'),
    (0000048720,00002478,0000002535,'Student',NULL,NULL,'Y'),
    (0000048721,00002446,0000002360,'Student',NULL,NULL,'Y'),
    (0000048722,00002454,0000002360,'Student',NULL,NULL,'Y'),
    (0000048723,00002461,0000002360,'Student',NULL,NULL,'Y'),
    (0000048724,00002464,0000002360,'Student',NULL,NULL,'Y'),
    (0000048725,00002467,0000002360,'Student',NULL,NULL,'Y'),
    (0000048726,00002475,0000002360,'Student',NULL,NULL,'Y'),
    (0000048727,00002478,0000002360,'Student',NULL,NULL,'Y'),
    (0000048728,00002446,0000002166,'Student',NULL,NULL,'Y'),
    (0000048729,00002454,0000002166,'Student',NULL,NULL,'Y'),
    (0000048730,00002461,0000002166,'Student',NULL,NULL,'Y'),
    (0000048731,00002464,0000002166,'Student',NULL,NULL,'Y'),
    (0000048732,00002467,0000002166,'Student',NULL,NULL,'Y'),
    (0000048733,00002475,0000002166,'Student',NULL,NULL,'Y'),
    (0000048734,00002478,0000002166,'Student',NULL,NULL,'Y'),
    (0000048735,00002447,0000002169,'Student',NULL,NULL,'Y'),
    (0000048736,00002455,0000002169,'Student',NULL,NULL,'Y'),
    (0000048737,00002462,0000002169,'Student',NULL,NULL,'Y'),
    (0000048738,00002465,0000002169,'Student',NULL,NULL,'Y'),
    (0000048739,00002468,0000002169,'Student',NULL,NULL,'Y'),
    (0000048740,00002476,0000002169,'Student',NULL,NULL,'Y'),
    (0000048741,00002479,0000002169,'Student',NULL,NULL,'Y'),
    (0000048742,00002447,0000002505,'Student',NULL,NULL,'Y'),
    (0000048743,00002455,0000002505,'Student',NULL,NULL,'Y'),
    (0000048744,00002462,0000002505,'Student',NULL,NULL,'Y'),
    (0000048745,00002465,0000002505,'Student',NULL,NULL,'Y'),
    (0000048746,00002468,0000002505,'Student',NULL,NULL,'Y'),
    (0000048747,00002476,0000002505,'Student',NULL,NULL,'Y'),
    (0000048748,00002479,0000002505,'Student',NULL,NULL,'Y'),
    (0000048749,00002447,0000002283,'Student',NULL,NULL,'Y'),
    (0000048750,00002455,0000002283,'Student',NULL,NULL,'Y'),
    (0000048751,00002462,0000002283,'Student',NULL,NULL,'Y'),
    (0000048752,00002465,0000002283,'Student',NULL,NULL,'Y'),
    (0000048753,00002468,0000002283,'Student',NULL,NULL,'Y'),
    (0000048754,00002476,0000002283,'Student',NULL,NULL,'Y'),
    (0000048755,00002479,0000002283,'Student',NULL,NULL,'Y'),
    (0000048756,00002447,0000002511,'Student',NULL,NULL,'Y'),
    (0000048757,00002455,0000002511,'Student',NULL,NULL,'Y'),
    (0000048758,00002462,0000002511,'Student',NULL,NULL,'Y'),
    (0000048759,00002465,0000002511,'Student',NULL,NULL,'Y'),
    (0000048760,00002468,0000002511,'Student',NULL,NULL,'Y'),
    (0000048761,00002476,0000002511,'Student',NULL,NULL,'Y'),
    (0000048762,00002479,0000002511,'Student',NULL,NULL,'Y'),
    (0000048763,00002447,0000002498,'Student',NULL,NULL,'Y'),
    (0000048764,00002455,0000002498,'Student',NULL,NULL,'Y'),
    (0000048765,00002462,0000002498,'Student',NULL,NULL,'Y'),
    (0000048766,00002465,0000002498,'Student',NULL,NULL,'Y'),
    (0000048767,00002468,0000002498,'Student',NULL,NULL,'Y'),
    (0000048768,00002476,0000002498,'Student',NULL,NULL,'Y'),
    (0000048769,00002479,0000002498,'Student',NULL,NULL,'Y'),
    (0000048770,00002447,0000002193,'Student',NULL,NULL,'Y'),
    (0000048771,00002455,0000002193,'Student',NULL,NULL,'Y'),
    (0000048772,00002462,0000002193,'Student',NULL,NULL,'Y'),
    (0000048773,00002465,0000002193,'Student',NULL,NULL,'Y'),
    (0000048774,00002468,0000002193,'Student',NULL,NULL,'Y'),
    (0000048775,00002476,0000002193,'Student',NULL,NULL,'Y'),
    (0000048776,00002479,0000002193,'Student',NULL,NULL,'Y'),
    (0000048777,00002447,0000002537,'Student',NULL,NULL,'Y'),
    (0000048778,00002455,0000002537,'Student',NULL,NULL,'Y'),
    (0000048779,00002462,0000002537,'Student',NULL,NULL,'Y'),
    (0000048780,00002465,0000002537,'Student',NULL,NULL,'Y'),
    (0000048781,00002468,0000002537,'Student',NULL,NULL,'Y'),
    (0000048782,00002476,0000002537,'Student',NULL,NULL,'Y'),
    (0000048783,00002479,0000002537,'Student',NULL,NULL,'Y'),
    (0000048784,00002447,0000002212,'Student',NULL,NULL,'Y'),
    (0000048785,00002455,0000002212,'Student',NULL,NULL,'Y'),
    (0000048786,00002462,0000002212,'Student',NULL,NULL,'Y'),
    (0000048787,00002465,0000002212,'Student',NULL,NULL,'Y'),
    (0000048788,00002468,0000002212,'Student',NULL,NULL,'Y'),
    (0000048789,00002476,0000002212,'Student',NULL,NULL,'Y'),
    (0000048790,00002479,0000002212,'Student',NULL,NULL,'Y'),
    (0000048791,00002447,0000002374,'Student',NULL,NULL,'Y'),
    (0000048792,00002455,0000002374,'Student',NULL,NULL,'Y'),
    (0000048793,00002462,0000002374,'Student',NULL,NULL,'Y'),
    (0000048794,00002465,0000002374,'Student',NULL,NULL,'Y'),
    (0000048795,00002468,0000002374,'Student',NULL,NULL,'Y'),
    (0000048796,00002476,0000002374,'Student',NULL,NULL,'Y'),
    (0000048797,00002479,0000002374,'Student',NULL,NULL,'Y'),
    (0000048798,00002447,0000002323,'Student',NULL,NULL,'Y'),
    (0000048799,00002455,0000002323,'Student',NULL,NULL,'Y'),
    (0000048800,00002462,0000002323,'Student',NULL,NULL,'Y'),
    (0000048801,00002465,0000002323,'Student',NULL,NULL,'Y'),
    (0000048802,00002468,0000002323,'Student',NULL,NULL,'Y'),
    (0000048803,00002476,0000002323,'Student',NULL,NULL,'Y'),
    (0000048804,00002479,0000002323,'Student',NULL,NULL,'Y'),
    (0000048805,00002447,0000002364,'Student',NULL,NULL,'Y'),
    (0000048806,00002455,0000002364,'Student',NULL,NULL,'Y'),
    (0000048807,00002462,0000002364,'Student',NULL,NULL,'Y'),
    (0000048808,00002465,0000002364,'Student',NULL,NULL,'Y'),
    (0000048809,00002468,0000002364,'Student',NULL,NULL,'Y'),
    (0000048810,00002476,0000002364,'Student',NULL,NULL,'Y'),
    (0000048811,00002479,0000002364,'Student',NULL,NULL,'Y'),
    (0000048812,00002447,0000002333,'Student',NULL,NULL,'Y'),
    (0000048813,00002455,0000002333,'Student',NULL,NULL,'Y'),
    (0000048814,00002462,0000002333,'Student',NULL,NULL,'Y'),
    (0000048815,00002465,0000002333,'Student',NULL,NULL,'Y'),
    (0000048816,00002468,0000002333,'Student',NULL,NULL,'Y'),
    (0000048817,00002476,0000002333,'Student',NULL,NULL,'Y'),
    (0000048818,00002479,0000002333,'Student',NULL,NULL,'Y'),
    (0000048819,00002447,0000002233,'Student',NULL,NULL,'Y'),
    (0000048820,00002455,0000002233,'Student',NULL,NULL,'Y'),
    (0000048821,00002462,0000002233,'Student',NULL,NULL,'Y'),
    (0000048822,00002465,0000002233,'Student',NULL,NULL,'Y'),
    (0000048823,00002468,0000002233,'Student',NULL,NULL,'Y'),
    (0000048824,00002476,0000002233,'Student',NULL,NULL,'Y'),
    (0000048825,00002479,0000002233,'Student',NULL,NULL,'Y'),
    (0000048826,00002447,0000002243,'Student',NULL,NULL,'Y'),
    (0000048827,00002455,0000002243,'Student',NULL,NULL,'Y'),
    (0000048828,00002462,0000002243,'Student',NULL,NULL,'Y'),
    (0000048829,00002465,0000002243,'Student',NULL,NULL,'Y'),
    (0000048830,00002468,0000002243,'Student',NULL,NULL,'Y'),
    (0000048831,00002476,0000002243,'Student',NULL,NULL,'Y'),
    (0000048832,00002479,0000002243,'Student',NULL,NULL,'Y'),
    (0000048833,00002447,0000002216,'Student',NULL,NULL,'Y'),
    (0000048834,00002455,0000002216,'Student',NULL,NULL,'Y'),
    (0000048835,00002462,0000002216,'Student',NULL,NULL,'Y'),
    (0000048836,00002465,0000002216,'Student',NULL,NULL,'Y'),
    (0000048837,00002468,0000002216,'Student',NULL,NULL,'Y'),
    (0000048838,00002476,0000002216,'Student',NULL,NULL,'Y'),
    (0000048839,00002479,0000002216,'Student',NULL,NULL,'Y'),
    (0000048840,00002447,0000002330,'Student',NULL,NULL,'Y'),
    (0000048841,00002455,0000002330,'Student',NULL,NULL,'Y'),
    (0000048842,00002462,0000002330,'Student',NULL,NULL,'Y'),
    (0000048843,00002465,0000002330,'Student',NULL,NULL,'Y'),
    (0000048844,00002468,0000002330,'Student',NULL,NULL,'Y'),
    (0000048845,00002476,0000002330,'Student',NULL,NULL,'Y'),
    (0000048846,00002479,0000002330,'Student',NULL,NULL,'Y'),
    (0000048847,00002447,0000002514,'Student',NULL,NULL,'Y'),
    (0000048848,00002455,0000002514,'Student',NULL,NULL,'Y'),
    (0000048849,00002462,0000002514,'Student',NULL,NULL,'Y'),
    (0000048850,00002465,0000002514,'Student',NULL,NULL,'Y'),
    (0000048851,00002468,0000002514,'Student',NULL,NULL,'Y'),
    (0000048852,00002476,0000002514,'Student',NULL,NULL,'Y'),
    (0000048853,00002479,0000002514,'Student',NULL,NULL,'Y'),
    (0000048854,00002447,0000002215,'Student',NULL,NULL,'Y'),
    (0000048855,00002455,0000002215,'Student',NULL,NULL,'Y'),
    (0000048856,00002462,0000002215,'Student',NULL,NULL,'Y'),
    (0000048857,00002465,0000002215,'Student',NULL,NULL,'Y'),
    (0000048858,00002468,0000002215,'Student',NULL,NULL,'Y'),
    (0000048859,00002476,0000002215,'Student',NULL,NULL,'Y'),
    (0000048860,00002479,0000002215,'Student',NULL,NULL,'Y'),
    (0000048861,00002447,0000002302,'Student',NULL,NULL,'Y'),
    (0000048862,00002455,0000002302,'Student',NULL,NULL,'Y'),
    (0000048863,00002462,0000002302,'Student',NULL,NULL,'Y'),
    (0000048864,00002465,0000002302,'Student',NULL,NULL,'Y'),
    (0000048865,00002468,0000002302,'Student',NULL,NULL,'Y'),
    (0000048866,00002476,0000002302,'Student',NULL,NULL,'Y'),
    (0000048867,00002479,0000002302,'Student',NULL,NULL,'Y'),
    (0000048868,00002447,0000002517,'Student',NULL,NULL,'Y'),
    (0000048869,00002455,0000002517,'Student',NULL,NULL,'Y'),
    (0000048870,00002462,0000002517,'Student',NULL,NULL,'Y'),
    (0000048871,00002465,0000002517,'Student',NULL,NULL,'Y'),
    (0000048872,00002468,0000002517,'Student',NULL,NULL,'Y'),
    (0000048873,00002476,0000002517,'Student',NULL,NULL,'Y'),
    (0000048874,00002479,0000002517,'Student',NULL,NULL,'Y'),
    (0000048875,00002447,0000002340,'Student',NULL,NULL,'Y'),
    (0000048876,00002455,0000002340,'Student',NULL,NULL,'Y'),
    (0000048877,00002462,0000002340,'Student',NULL,NULL,'Y'),
    (0000048878,00002465,0000002340,'Student',NULL,NULL,'Y'),
    (0000048879,00002468,0000002340,'Student',NULL,NULL,'Y'),
    (0000048880,00002476,0000002340,'Student',NULL,NULL,'Y'),
    (0000048881,00002479,0000002340,'Student',NULL,NULL,'Y'),
    (0000048882,00002445,0000002247,'Student',NULL,NULL,'Y'),
    (0000048883,00002453,0000002247,'Student',NULL,NULL,'Y'),
    (0000048884,00002460,0000002247,'Student',NULL,NULL,'Y'),
    (0000048885,00002463,0000002247,'Student',NULL,NULL,'Y'),
    (0000048886,00002466,0000002247,'Student',NULL,NULL,'Y'),
    (0000048887,00002474,0000002247,'Student',NULL,NULL,'Y'),
    (0000048888,00002477,0000002247,'Student',NULL,NULL,'Y'),
    (0000048889,00002445,0000002194,'Student',NULL,NULL,'Y'),
    (0000048890,00002453,0000002194,'Student',NULL,NULL,'Y'),
    (0000048891,00002460,0000002194,'Student',NULL,NULL,'Y'),
    (0000048892,00002463,0000002194,'Student',NULL,NULL,'Y'),
    (0000048893,00002466,0000002194,'Student',NULL,NULL,'Y'),
    (0000048894,00002474,0000002194,'Student',NULL,NULL,'Y'),
    (0000048895,00002477,0000002194,'Student',NULL,NULL,'Y'),
    (0000048896,00002445,0000002172,'Student',NULL,NULL,'Y'),
    (0000048897,00002453,0000002172,'Student',NULL,NULL,'Y'),
    (0000048898,00002460,0000002172,'Student',NULL,NULL,'Y'),
    (0000048899,00002463,0000002172,'Student',NULL,NULL,'Y'),
    (0000048900,00002466,0000002172,'Student',NULL,NULL,'Y'),
    (0000048901,00002474,0000002172,'Student',NULL,NULL,'Y'),
    (0000048902,00002477,0000002172,'Student',NULL,NULL,'Y'),
    (0000048903,00002445,0000002293,'Student',NULL,NULL,'Y'),
    (0000048904,00002453,0000002293,'Student',NULL,NULL,'Y'),
    (0000048905,00002460,0000002293,'Student',NULL,NULL,'Y'),
    (0000048906,00002463,0000002293,'Student',NULL,NULL,'Y'),
    (0000048907,00002466,0000002293,'Student',NULL,NULL,'Y'),
    (0000048908,00002474,0000002293,'Student',NULL,NULL,'Y'),
    (0000048909,00002477,0000002293,'Student',NULL,NULL,'Y'),
    (0000048910,00002445,0000002250,'Student',NULL,NULL,'Y'),
    (0000048911,00002453,0000002250,'Student',NULL,NULL,'Y'),
    (0000048912,00002460,0000002250,'Student',NULL,NULL,'Y'),
    (0000048913,00002463,0000002250,'Student',NULL,NULL,'Y'),
    (0000048914,00002466,0000002250,'Student',NULL,NULL,'Y'),
    (0000048915,00002474,0000002250,'Student',NULL,NULL,'Y'),
    (0000048916,00002477,0000002250,'Student',NULL,NULL,'Y'),
    (0000048917,00002445,0000002277,'Student',NULL,NULL,'Y'),
    (0000048918,00002453,0000002277,'Student',NULL,NULL,'Y'),
    (0000048919,00002460,0000002277,'Student',NULL,NULL,'Y'),
    (0000048920,00002463,0000002277,'Student',NULL,NULL,'Y'),
    (0000048921,00002466,0000002277,'Student',NULL,NULL,'Y'),
    (0000048922,00002474,0000002277,'Student',NULL,NULL,'Y'),
    (0000048923,00002477,0000002277,'Student',NULL,NULL,'Y'),
    (0000048924,00002445,0000002319,'Student',NULL,NULL,'Y'),
    (0000048925,00002453,0000002319,'Student',NULL,NULL,'Y'),
    (0000048926,00002460,0000002319,'Student',NULL,NULL,'Y'),
    (0000048927,00002463,0000002319,'Student',NULL,NULL,'Y'),
    (0000048928,00002466,0000002319,'Student',NULL,NULL,'Y'),
    (0000048929,00002474,0000002319,'Student',NULL,NULL,'Y'),
    (0000048930,00002477,0000002319,'Student',NULL,NULL,'Y'),
    (0000048931,00002445,0000002299,'Student',NULL,NULL,'Y'),
    (0000048932,00002453,0000002299,'Student',NULL,NULL,'Y'),
    (0000048933,00002460,0000002299,'Student',NULL,NULL,'Y'),
    (0000048934,00002463,0000002299,'Student',NULL,NULL,'Y'),
    (0000048935,00002466,0000002299,'Student',NULL,NULL,'Y'),
    (0000048936,00002474,0000002299,'Student',NULL,NULL,'Y'),
    (0000048937,00002477,0000002299,'Student',NULL,NULL,'Y'),
    (0000048938,00002445,0000002508,'Student',NULL,NULL,'Y'),
    (0000048939,00002453,0000002508,'Student',NULL,NULL,'Y'),
    (0000048940,00002460,0000002508,'Student',NULL,NULL,'Y'),
    (0000048941,00002463,0000002508,'Student',NULL,NULL,'Y'),
    (0000048942,00002466,0000002508,'Student',NULL,NULL,'Y'),
    (0000048943,00002474,0000002508,'Student',NULL,NULL,'Y'),
    (0000048944,00002477,0000002508,'Student',NULL,NULL,'Y'),
    (0000048945,00002445,0000002504,'Student',NULL,NULL,'Y'),
    (0000048946,00002453,0000002504,'Student',NULL,NULL,'Y'),
    (0000048947,00002460,0000002504,'Student',NULL,NULL,'Y'),
    (0000048948,00002463,0000002504,'Student',NULL,NULL,'Y'),
    (0000048949,00002466,0000002504,'Student',NULL,NULL,'Y'),
    (0000048950,00002474,0000002504,'Student',NULL,NULL,'Y'),
    (0000048951,00002477,0000002504,'Student',NULL,NULL,'Y'),
    (0000048952,00002445,0000002187,'Student',NULL,NULL,'Y'),
    (0000048953,00002453,0000002187,'Student',NULL,NULL,'Y'),
    (0000048954,00002460,0000002187,'Student',NULL,NULL,'Y'),
    (0000048955,00002463,0000002187,'Student',NULL,NULL,'Y'),
    (0000048956,00002466,0000002187,'Student',NULL,NULL,'Y'),
    (0000048957,00002474,0000002187,'Student',NULL,NULL,'Y'),
    (0000048958,00002477,0000002187,'Student',NULL,NULL,'Y'),
    (0000048959,00002445,0000002200,'Student',NULL,NULL,'Y'),
    (0000048960,00002453,0000002200,'Student',NULL,NULL,'Y'),
    (0000048961,00002460,0000002200,'Student',NULL,NULL,'Y'),
    (0000048962,00002463,0000002200,'Student',NULL,NULL,'Y'),
    (0000048963,00002466,0000002200,'Student',NULL,NULL,'Y'),
    (0000048964,00002474,0000002200,'Student',NULL,NULL,'Y'),
    (0000048965,00002477,0000002200,'Student',NULL,NULL,'Y'),
    (0000048966,00002445,0000002545,'Student',NULL,NULL,'Y'),
    (0000048967,00002453,0000002545,'Student',NULL,NULL,'Y'),
    (0000048968,00002460,0000002545,'Student',NULL,NULL,'Y'),
    (0000048969,00002463,0000002545,'Student',NULL,NULL,'Y'),
    (0000048970,00002466,0000002545,'Student',NULL,NULL,'Y'),
    (0000048971,00002474,0000002545,'Student',NULL,NULL,'Y'),
    (0000048972,00002477,0000002545,'Student',NULL,NULL,'Y'),
    (0000048973,00002445,0000002163,'Student',NULL,NULL,'Y'),
    (0000048974,00002453,0000002163,'Student',NULL,NULL,'Y'),
    (0000048975,00002460,0000002163,'Student',NULL,NULL,'Y'),
    (0000048976,00002463,0000002163,'Student',NULL,NULL,'Y'),
    (0000048977,00002466,0000002163,'Student',NULL,NULL,'Y'),
    (0000048978,00002474,0000002163,'Student',NULL,NULL,'Y'),
    (0000048979,00002477,0000002163,'Student',NULL,NULL,'Y'),
    (0000048980,00002445,0000002348,'Student',NULL,NULL,'Y'),
    (0000048981,00002453,0000002348,'Student',NULL,NULL,'Y'),
    (0000048982,00002460,0000002348,'Student',NULL,NULL,'Y'),
    (0000048983,00002463,0000002348,'Student',NULL,NULL,'Y'),
    (0000048984,00002466,0000002348,'Student',NULL,NULL,'Y'),
    (0000048985,00002474,0000002348,'Student',NULL,NULL,'Y'),
    (0000048986,00002477,0000002348,'Student',NULL,NULL,'Y'),
    (0000048987,00002445,0000002231,'Student',NULL,NULL,'Y'),
    (0000048988,00002453,0000002231,'Student',NULL,NULL,'Y'),
    (0000048989,00002460,0000002231,'Student',NULL,NULL,'Y'),
    (0000048990,00002463,0000002231,'Student',NULL,NULL,'Y'),
    (0000048991,00002466,0000002231,'Student',NULL,NULL,'Y'),
    (0000048992,00002474,0000002231,'Student',NULL,NULL,'Y'),
    (0000048993,00002477,0000002231,'Student',NULL,NULL,'Y'),
    (0000048994,00002445,0000002160,'Student',NULL,NULL,'Y'),
    (0000048995,00002453,0000002160,'Student',NULL,NULL,'Y'),
    (0000048996,00002460,0000002160,'Student',NULL,NULL,'Y'),
    (0000048997,00002463,0000002160,'Student',NULL,NULL,'Y'),
    (0000048998,00002466,0000002160,'Student',NULL,NULL,'Y'),
    (0000048999,00002474,0000002160,'Student',NULL,NULL,'Y'),
    (0000049000,00002477,0000002160,'Student',NULL,NULL,'Y'),
    (0000049001,00002445,0000002203,'Student',NULL,NULL,'Y'),
    (0000049002,00002453,0000002203,'Student',NULL,NULL,'Y'),
    (0000049003,00002460,0000002203,'Student',NULL,NULL,'Y'),
    (0000049004,00002463,0000002203,'Student',NULL,NULL,'Y'),
    (0000049005,00002466,0000002203,'Student',NULL,NULL,'Y'),
    (0000049006,00002474,0000002203,'Student',NULL,NULL,'Y'),
    (0000049007,00002477,0000002203,'Student',NULL,NULL,'Y'),
    (0000049008,00002445,0000002526,'Student',NULL,NULL,'Y'),
    (0000049009,00002453,0000002526,'Student',NULL,NULL,'Y'),
    (0000049010,00002460,0000002526,'Student',NULL,NULL,'Y'),
    (0000049011,00002463,0000002526,'Student',NULL,NULL,'Y'),
    (0000049012,00002466,0000002526,'Student',NULL,NULL,'Y'),
    (0000049013,00002474,0000002526,'Student',NULL,NULL,'Y'),
    (0000049014,00002477,0000002526,'Student',NULL,NULL,'Y'),
    (0000049015,00002445,0000002296,'Student',NULL,NULL,'Y'),
    (0000049016,00002453,0000002296,'Student',NULL,NULL,'Y'),
    (0000049017,00002460,0000002296,'Student',NULL,NULL,'Y'),
    (0000049018,00002463,0000002296,'Student',NULL,NULL,'Y'),
    (0000049019,00002466,0000002296,'Student',NULL,NULL,'Y'),
    (0000049020,00002474,0000002296,'Student',NULL,NULL,'Y'),
    (0000049021,00002477,0000002296,'Student',NULL,NULL,'Y'),
    (0000049118,00002367,0000001276,'Student',NULL,NULL,'Y'),
    (0000049119,00002367,0000001157,'Student',NULL,NULL,'Y'),
    (0000049120,00002367,0000001275,'Student',NULL,NULL,'Y'),
    (0000049121,00002367,0000002100,'Student',NULL,NULL,'Y'),
    (0000049122,00002367,0000001251,'Student',NULL,NULL,'Y'),
    (0000049123,00002367,0000001236,'Student',NULL,NULL,'Y'),
    (0000049124,00002367,0000001257,'Student',NULL,NULL,'Y'),
    (0000049125,00002367,0000001163,'Student',NULL,NULL,'Y'),
    (0000049126,00002367,0000001191,'Student',NULL,NULL,'Y'),
    (0000049127,00002367,0000001226,'Student',NULL,NULL,'Y'),
    (0000049128,00002367,0000002138,'Student',NULL,NULL,'Y'),
    (0000049129,00002367,0000001160,'Student',NULL,NULL,'Y'),
    (0000049130,00002367,0000002145,'Student',NULL,NULL,'Y'),
    (0000049131,00002367,0000001178,'Student',NULL,NULL,'Y'),
    (0000049132,00002367,0000002411,'Student',NULL,NULL,'Y'),
    (0000049133,00002367,0000001214,'Student',NULL,NULL,'Y'),
    (0000049134,00002367,0000001204,'Student',NULL,NULL,'Y'),
    (0000049135,00002586,0000001245,'Student',NULL,NULL,'Y'),
    (0000049136,00002586,0000002120,'Student',NULL,NULL,'Y'),
    (0000049137,00002586,0000001200,'Student',NULL,NULL,'Y'),
    (0000049138,00002586,0000001680,'Student',NULL,NULL,'Y'),
    (0000049139,00002586,0000001193,'Student',NULL,NULL,'Y'),
    (0000049140,00002586,0000001154,'Student',NULL,NULL,'Y'),
    (0000049141,00002586,0000001259,'Student',NULL,NULL,'Y'),
    (0000049142,00002586,0000001233,'Student',NULL,NULL,'Y'),
    (0000049143,00002586,0000001548,'Student',NULL,NULL,'Y'),
    (0000049144,00002586,0000001814,'Student',NULL,NULL,'Y'),
    (0000049145,00002586,0000001254,'Student',NULL,NULL,'Y'),
    (0000049146,00002586,0000001242,'Student',NULL,NULL,'Y'),
    (0000049147,00002586,0000001528,'Student',NULL,NULL,'Y'),
    (0000049148,00002586,0000001201,'Student',NULL,NULL,'Y'),
    (0000049149,00002586,0000002103,'Student',NULL,NULL,'Y'),
    (0000049150,00002586,0000002090,'Student',NULL,NULL,'Y'),
    (0000049151,00002586,0000001179,'Student',NULL,NULL,'Y'),
    (0000049152,00002310,0000001364,'Student',NULL,NULL,'Y'),
    (0000049153,00002310,0000001710,'Student',NULL,NULL,'Y'),
    (0000049154,00002310,0000001477,'Student',NULL,NULL,'Y'),
    (0000049155,00002310,0000001403,'Student',NULL,NULL,'Y'),
    (0000049156,00002310,0000001355,'Student',NULL,NULL,'Y'),
    (0000049157,00002310,0000001867,'Student',NULL,NULL,'Y'),
    (0000049158,00002310,0000002380,'Student',NULL,NULL,'Y'),
    (0000049159,00002310,0000002286,'Student',NULL,NULL,'Y'),
    (0000049160,00002310,0000001631,'Student',NULL,NULL,'Y'),
    (0000049161,00002310,0000002490,'Student',NULL,NULL,'Y'),
    (0000049162,00002501,0000001915,'Student',NULL,NULL,'Y'),
    (0000049163,00002501,0000001934,'Student',NULL,NULL,'Y'),
    (0000049164,00002501,0000002009,'Student',NULL,NULL,'Y'),
    (0000049165,00002501,0000001992,'Student',NULL,NULL,'Y'),
    (0000049166,00002501,0000001974,'Student',NULL,NULL,'Y'),
    (0000049167,00002501,0000001995,'Student',NULL,NULL,'Y'),
    (0000049168,00002501,0000001983,'Student',NULL,NULL,'Y'),
    (0000049169,00002501,0000001870,'Student',NULL,NULL,'Y'),
    (0000049170,00002501,0000001901,'Student',NULL,NULL,'Y'),
    (0000049171,00002501,0000001914,'Student',NULL,NULL,'Y'),
    (0000049172,00002501,0000001980,'Student',NULL,NULL,'Y'),
    (0000049173,00002501,0000001864,'Student',NULL,NULL,'Y'),
    (0000049174,00002501,0000002006,'Student',NULL,NULL,'Y'),
    (0000049175,00002501,0000001878,'Student',NULL,NULL,'Y'),
    (0000049176,00002501,0000001882,'Student',NULL,NULL,'Y'),
    (0000049177,00002501,0000001897,'Student',NULL,NULL,'Y'),
    (0000049178,00002501,0000002113,'Student',NULL,NULL,'Y'),
    (0000049179,00002501,0000002280,'Student',NULL,NULL,'Y'),
    (0000049180,00002501,0000002327,'Student',NULL,NULL,'Y'),
    (0000049181,00002501,0000002491,'Student',NULL,NULL,'Y'),
    (0000049182,00002501,0000002532,'Student',NULL,NULL,'Y'),
    (0000049183,00002501,0000002495,'Student',NULL,NULL,'Y'),
    (0000049184,00002500,0000002012,'Student',NULL,NULL,'Y'),
    (0000049185,00002500,0000001891,'Student',NULL,NULL,'Y'),
    (0000049186,00002500,0000001888,'Student',NULL,NULL,'Y'),
    (0000049187,00002500,0000001924,'Student',NULL,NULL,'Y'),
    (0000049188,00002500,0000002056,'Student',NULL,NULL,'Y'),
    (0000049189,00002500,0000001977,'Student',NULL,NULL,'Y'),
    (0000049190,00002500,0000001885,'Student',NULL,NULL,'Y'),
    (0000049191,00002500,0000001955,'Student',NULL,NULL,'Y'),
    (0000049192,00002500,0000001986,'Student',NULL,NULL,'Y'),
    (0000049193,00002500,0000002000,'Student',NULL,NULL,'Y'),
    (0000049194,00002500,0000001913,'Student',NULL,NULL,'Y'),
    (0000049195,00002500,0000001898,'Student',NULL,NULL,'Y'),
    (0000049196,00002500,0000002037,'Student',NULL,NULL,'Y'),
    (0000049197,00002500,0000001921,'Student',NULL,NULL,'Y'),
    (0000049198,00002500,0000001918,'Student',NULL,NULL,'Y'),
    (0000049199,00002500,0000001964,'Student',NULL,NULL,'Y'),
    (0000049200,00002500,0000001946,'Student',NULL,NULL,'Y'),
    (0000049201,00002500,0000002135,'Student',NULL,NULL,'Y'),
    (0000049202,00002500,0000002141,'Student',NULL,NULL,'Y'),
    (0000049203,00002500,0000002389,'Student',NULL,NULL,'Y'),
    (0000049204,00002500,0000001937,'Student',NULL,NULL,'Y'),
    (0000049205,00002500,0000002555,'Student',NULL,NULL,'Y'),
    (0000049206,00002502,0000002116,'Student',NULL,NULL,'Y'),
    (0000049207,00002502,0000001928,'Student',NULL,NULL,'Y'),
    (0000049208,00002502,0000001894,'Student',NULL,NULL,'Y'),
    (0000049209,00002502,0000001875,'Student',NULL,NULL,'Y'),
    (0000049210,00002502,0000002093,'Student',NULL,NULL,'Y'),
    (0000049211,00002502,0000001904,'Student',NULL,NULL,'Y'),
    (0000049212,00002502,0000001989,'Student',NULL,NULL,'Y'),
    (0000049213,00002502,0000002019,'Student',NULL,NULL,'Y'),
    (0000049214,00002502,0000002022,'Student',NULL,NULL,'Y'),
    (0000049215,00002502,0000002040,'Student',NULL,NULL,'Y'),
    (0000049216,00002502,0000001911,'Student',NULL,NULL,'Y'),
    (0000049217,00002502,0000001970,'Student',NULL,NULL,'Y'),
    (0000049218,00002502,0000001960,'Student',NULL,NULL,'Y'),
    (0000049219,00002502,0000002029,'Student',NULL,NULL,'Y'),
    (0000049220,00002502,0000001879,'Student',NULL,NULL,'Y'),
    (0000049221,00002502,0000002079,'Student',NULL,NULL,'Y'),
    (0000049222,00002502,0000002076,'Student',NULL,NULL,'Y'),
    (0000049223,00002502,0000002123,'Student',NULL,NULL,'Y'),
    (0000049224,00002502,0000002129,'Student',NULL,NULL,'Y'),
    (0000049225,00002502,0000001931,'Student',NULL,NULL,'Y'),
    (0000049226,00002502,0000002404,'Student',NULL,NULL,'Y'),
    (0000049227,00002502,0000001925,'Student',NULL,NULL,'Y'),
    (0000049228,00002370,0000000928,'Student',NULL,NULL,'Y'),
    (0000049229,00002370,0000000922,'Student',NULL,NULL,'Y'),
    (0000049230,00002370,0000000897,'Student',NULL,NULL,'Y'),
    (0000049231,00002370,0000000937,'Student',NULL,NULL,'Y'),
    (0000049232,00002370,0000001819,'Student',NULL,NULL,'Y'),
    (0000049233,00002370,0000000934,'Student',NULL,NULL,'Y'),
    (0000049234,00002370,0000000925,'Student',NULL,NULL,'Y'),
    (0000049235,00002371,0000000928,'Student',NULL,NULL,'Y'),
    (0000049236,00002371,0000000922,'Student',NULL,NULL,'Y'),
    (0000049237,00002371,0000000925,'Student',NULL,NULL,'Y'),
    (0000049238,00002371,0000000897,'Student',NULL,NULL,'Y'),
    (0000049239,00002371,0000000934,'Student',NULL,NULL,'Y'),
    (0000049240,00002371,0000000937,'Student',NULL,NULL,'Y'),
    (0000049241,00002371,0000001819,'Student',NULL,NULL,'Y'),
    (0000049242,00002372,0000000876,'Student',NULL,NULL,'Y'),
    (0000049243,00002372,0000001016,'Student',NULL,NULL,'Y'),
    (0000049244,00002372,0000000905,'Student',NULL,NULL,'Y'),
    (0000049245,00002372,0000000922,'Student',NULL,NULL,'Y'),
    (0000049246,00002372,0000000928,'Student',NULL,NULL,'Y'),
    (0000049247,00002372,0000000931,'Student',NULL,NULL,'Y'),
    (0000049248,00002372,0000000964,'Student',NULL,NULL,'Y'),
    (0000049249,00002372,0000002392,'Student',NULL,NULL,'Y'),
    (0000049250,00002372,0000001019,'Student',NULL,NULL,'Y'),
    (0000049251,00002372,0000001819,'Student',NULL,NULL,'Y'),
    (0000049252,00002372,0000000897,'Student',NULL,NULL,'Y'),
    (0000049253,00002372,0000001022,'Student',NULL,NULL,'Y'),
    (0000049254,00002372,0000002184,'Student',NULL,NULL,'Y'),
    (0000049255,00002372,0000000913,'Student',NULL,NULL,'Y'),
    (0000049256,00002372,0000000934,'Student',NULL,NULL,'Y'),
    (0000049257,00002372,0000001008,'Student',NULL,NULL,'Y'),
    (0000049258,00002372,0000000925,'Student',NULL,NULL,'Y'),
    (0000049259,00002372,0000000937,'Student',NULL,NULL,'Y'),
    (0000049260,00002373,0000000905,'Student',NULL,NULL,'Y'),
    (0000049261,00002373,0000000928,'Student',NULL,NULL,'Y'),
    (0000049262,00002373,0000000925,'Student',NULL,NULL,'Y'),
    (0000049263,00002373,0000000937,'Student',NULL,NULL,'Y'),
    (0000049264,00002373,0000001022,'Student',NULL,NULL,'Y'),
    (0000049265,00002374,0000000905,'Student',NULL,NULL,'Y'),
    (0000049266,00002374,0000000928,'Student',NULL,NULL,'Y'),
    (0000049267,00002374,0000000931,'Student',NULL,NULL,'Y'),
    (0000049268,00002374,0000001022,'Student',NULL,NULL,'Y'),
    (0000049269,00002374,0000000925,'Student',NULL,NULL,'Y'),
    (0000049270,00002374,0000000937,'Student',NULL,NULL,'Y'),
    (0000049271,00002449,0000002330,'Student',NULL,NULL,'Y'),
    (0000049272,00002449,0000002340,'Student',NULL,NULL,'Y'),
    (0000049273,00002449,0000002334,'Student',NULL,NULL,'Y'),
    (0000049274,00002449,0000002187,'Student',NULL,NULL,'Y'),
    (0000049275,00002449,0000002319,'Student',NULL,NULL,'Y'),
    (0000049276,00002449,0000002215,'Student',NULL,NULL,'Y'),
    (0000049277,00002449,0000002302,'Student',NULL,NULL,'Y'),
    (0000049278,00002449,0000002383,'Student',NULL,NULL,'Y'),
    (0000049279,00002449,0000002420,'Student',NULL,NULL,'Y'),
    (0000049280,00002449,0000002526,'Student',NULL,NULL,'Y'),
    (0000049281,00002449,0000002520,'Student',NULL,NULL,'Y'),
    (0000049282,00002449,0000002498,'Student',NULL,NULL,'Y'),
    (0000049283,00002449,0000002508,'Student',NULL,NULL,'Y'),
    (0000049284,00002449,0000002505,'Student',NULL,NULL,'Y'),
    (0000049285,00002449,0000002535,'Student',NULL,NULL,'Y'),
    (0000049286,00002449,0000002545,'Student',NULL,NULL,'Y'),
    (0000049287,00002448,0000002194,'Student',NULL,NULL,'Y'),
    (0000049288,00002448,0000002172,'Student',NULL,NULL,'Y'),
    (0000049289,00002448,0000002250,'Student',NULL,NULL,'Y'),
    (0000049290,00002448,0000002160,'Student',NULL,NULL,'Y'),
    (0000049291,00002448,0000002166,'Student',NULL,NULL,'Y'),
    (0000049292,00002448,0000002501,'Student',NULL,NULL,'Y'),
    (0000049293,00002448,0000002277,'Student',NULL,NULL,'Y'),
    (0000049294,00002448,0000002293,'Student',NULL,NULL,'Y'),
    (0000049295,00002452,0000002348,'Student',NULL,NULL,'Y'),
    (0000049296,00002452,0000002178,'Student',NULL,NULL,'Y'),
    (0000049297,00002452,0000002262,'Student',NULL,NULL,'Y'),
    (0000049298,00002452,0000002206,'Student',NULL,NULL,'Y'),
    (0000049299,00002452,0000002175,'Student',NULL,NULL,'Y'),
    (0000049300,00002452,0000002150,'Student',NULL,NULL,'Y'),
    (0000049301,00002452,0000002233,'Student',NULL,NULL,'Y'),
    (0000049302,00002452,0000002268,'Student',NULL,NULL,'Y'),
    (0000049303,00002452,0000002371,'Student',NULL,NULL,'Y'),
    (0000049304,00002452,0000002504,'Student',NULL,NULL,'Y'),
    (0000049305,00002452,0000002514,'Student',NULL,NULL,'Y'),
    (0000049306,00002452,0000002517,'Student',NULL,NULL,'Y'),
    (0000049307,00002451,0000002212,'Student',NULL,NULL,'Y'),
    (0000049308,00002451,0000002333,'Student',NULL,NULL,'Y'),
    (0000049309,00002451,0000002232,'Student',NULL,NULL,'Y'),
    (0000049310,00002451,0000002243,'Student',NULL,NULL,'Y'),
    (0000049311,00002451,0000002239,'Student',NULL,NULL,'Y'),
    (0000049312,00002451,0000002395,'Student',NULL,NULL,'Y'),
    (0000049313,00002451,0000002236,'Student',NULL,NULL,'Y'),
    (0000049314,00002451,0000002169,'Student',NULL,NULL,'Y'),
    (0000049315,00002450,0000002193,'Student',NULL,NULL,'Y'),
    (0000049316,00002450,0000002323,'Student',NULL,NULL,'Y'),
    (0000049317,00002450,0000002190,'Student',NULL,NULL,'Y'),
    (0000049318,00002450,0000002283,'Student',NULL,NULL,'Y'),
    (0000049319,00002450,0000002537,'Student',NULL,NULL,'Y'),
    (0000049320,00002486,0000001992,'Student',NULL,NULL,'Y'),
    (0000049321,00002486,0000001870,'Student',NULL,NULL,'Y'),
    (0000049322,00002486,0000001980,'Student',NULL,NULL,'Y'),
    (0000049323,00002486,0000002012,'Student',NULL,NULL,'Y'),
    (0000049324,00002486,0000001888,'Student',NULL,NULL,'Y'),
    (0000049325,00002486,0000001898,'Student',NULL,NULL,'Y'),
    (0000049326,00002486,0000002037,'Student',NULL,NULL,'Y'),
    (0000049327,00002486,0000001970,'Student',NULL,NULL,'Y'),
    (0000049328,00002486,0000002135,'Student',NULL,NULL,'Y'),
    (0000049329,00002486,0000002116,'Student',NULL,NULL,'Y'),
    (0000049330,00002486,0000002280,'Student',NULL,NULL,'Y'),
    (0000049331,00002486,0000002389,'Student',NULL,NULL,'Y'),
    (0000049332,00002486,0000002404,'Student',NULL,NULL,'Y'),
    (0000049333,00002486,0000002532,'Student',NULL,NULL,'Y'),
    (0000049334,00002486,0000002495,'Student',NULL,NULL,'Y'),
    (0000049335,00002486,0000002555,'Student',NULL,NULL,'Y'),
    (0000049336,00002485,0000001924,'Student',NULL,NULL,'Y'),
    (0000049337,00002485,0000002056,'Student',NULL,NULL,'Y'),
    (0000049338,00002485,0000001894,'Student',NULL,NULL,'Y'),
    (0000049339,00002485,0000001931,'Student',NULL,NULL,'Y'),
    (0000049340,00002485,0000001879,'Student',NULL,NULL,'Y'),
    (0000049341,00002485,0000002079,'Student',NULL,NULL,'Y'),
    (0000049342,00002485,0000002040,'Student',NULL,NULL,'Y'),
    (0000049343,00002485,0000001864,'Student',NULL,NULL,'Y'),
    (0000049344,00002485,0000001925,'Student',NULL,NULL,'Y'),
    (0000049345,00002485,0000001897,'Student',NULL,NULL,'Y'),
    (0000049346,00002485,0000001891,'Student',NULL,NULL,'Y'),
    (0000049347,00002485,0000002000,'Student',NULL,NULL,'Y'),
    (0000049348,00002485,0000002093,'Student',NULL,NULL,'Y'),
    (0000049349,00002489,0000001915,'Student',NULL,NULL,'Y'),
    (0000049350,00002489,0000001974,'Student',NULL,NULL,'Y'),
    (0000049351,00002489,0000001901,'Student',NULL,NULL,'Y'),
    (0000049352,00002489,0000001914,'Student',NULL,NULL,'Y'),
    (0000049353,00002489,0000002327,'Student',NULL,NULL,'Y'),
    (0000049354,00002489,0000001905,'Student',NULL,NULL,'Y'),
    (0000049355,00002489,0000001977,'Student',NULL,NULL,'Y'),
    (0000049356,00002489,0000001885,'Student',NULL,NULL,'Y'),
    (0000049357,00002489,0000001964,'Student',NULL,NULL,'Y'),
    (0000049358,00002489,0000001911,'Student',NULL,NULL,'Y'),
    (0000049359,00002489,0000002009,'Student',NULL,NULL,'Y'),
    (0000049360,00002489,0000001934,'Student',NULL,NULL,'Y'),
    (0000049361,00002489,0000001955,'Student',NULL,NULL,'Y'),
    (0000049362,00002487,0000001995,'Student',NULL,NULL,'Y'),
    (0000049363,00002487,0000001921,'Student',NULL,NULL,'Y'),
    (0000049364,00002487,0000002129,'Student',NULL,NULL,'Y'),
    (0000049365,00002487,0000002029,'Student',NULL,NULL,'Y'),
    (0000049366,00002487,0000002141,'Student',NULL,NULL,'Y'),
    (0000049367,00002487,0000001875,'Student',NULL,NULL,'Y'),
    (0000049368,00002487,0000001983,'Student',NULL,NULL,'Y'),
    (0000049369,00002487,0000002491,'Student',NULL,NULL,'Y'),
    (0000049370,00002487,0000001946,'Student',NULL,NULL,'Y'),
    (0000049371,00002488,0000001913,'Student',NULL,NULL,'Y'),
    (0000049372,00002488,0000001928,'Student',NULL,NULL,'Y'),
    (0000049373,00002488,0000001904,'Student',NULL,NULL,'Y'),
    (0000049374,00002488,0000001989,'Student',NULL,NULL,'Y'),
    (0000049375,00002282,0000001642,'Student',NULL,NULL,'Y'),
    (0000049376,00002282,0000001639,'Student',NULL,NULL,'Y'),
    (0000049377,00002282,0000001700,'Student',NULL,NULL,'Y'),
    (0000049378,00002282,0000001617,'Student',NULL,NULL,'Y'),
    (0000049379,00002282,0000001654,'Student',NULL,NULL,'Y'),
    (0000049380,00002282,0000001657,'Student',NULL,NULL,'Y'),
    (0000049381,00002282,0000001603,'Student',NULL,NULL,'Y'),
    (0000049382,00002282,0000001779,'Student',NULL,NULL,'Y'),
    (0000049383,00002282,0000001744,'Student',NULL,NULL,'Y'),
    (0000049384,00002282,0000002097,'Student',NULL,NULL,'Y'),
    (0000049385,00002282,0000002156,'Student',NULL,NULL,'Y'),
    (0000049386,00002282,0000002386,'Student',NULL,NULL,'Y'),
    (0000049387,00002282,0000002035,'Student',NULL,NULL,'Y'),
    (0000049388,00002282,0000002441,'Student',NULL,NULL,'Y'),
    (0000049389,00002282,0000002673,'Student',NULL,NULL,'Y'),
    (0000049390,00002282,0000002737,'Student',NULL,NULL,'Y'),
    (0000049391,00002281,0000001848,'Student',NULL,NULL,'Y'),
    (0000049392,00002281,0000001612,'Student',NULL,NULL,'Y'),
    (0000049393,00002281,0000001645,'Student',NULL,NULL,'Y'),
    (0000049394,00002281,0000001713,'Student',NULL,NULL,'Y'),
    (0000049395,00002281,0000001739,'Student',NULL,NULL,'Y'),
    (0000049396,00002281,0000002066,'Student',NULL,NULL,'Y'),
    (0000049397,00002281,0000001828,'Student',NULL,NULL,'Y'),
    (0000049398,00002281,0000001677,'Student',NULL,NULL,'Y'),
    (0000049399,00002281,0000002548,'Student',NULL,NULL,'Y'),
    (0000049400,00002281,0000002719,'Student',NULL,NULL,'Y'),
    (0000049401,00002281,0000002723,'Student',NULL,NULL,'Y'),
    (0000049402,00002284,0000001721,'Student',NULL,NULL,'Y'),
    (0000049403,00002284,0000002309,'Student',NULL,NULL,'Y'),
    (0000049404,00002284,0000001735,'Student',NULL,NULL,'Y'),
    (0000049405,00002284,0000001791,'Student',NULL,NULL,'Y'),
    (0000049406,00002284,0000001621,'Student',NULL,NULL,'Y'),
    (0000049407,00002283,0000001593,'Student',NULL,NULL,'Y'),
    (0000049408,00002283,0000001761,'Student',NULL,NULL,'Y'),
    (0000049409,00002283,0000001773,'Student',NULL,NULL,'Y'),
    (0000049410,00002283,0000001753,'Student',NULL,NULL,'Y'),
    (0000049411,00002283,0000001796,'Student',NULL,NULL,'Y'),
    (0000049412,00002283,0000001628,'Student',NULL,NULL,'Y'),
    (0000049413,00002283,0000002081,'Student',NULL,NULL,'Y'),
    (0000049414,00002283,0000001801,'Student',NULL,NULL,'Y'),
    (0000049415,00002285,0000001591,'Student',NULL,NULL,'Y'),
    (0000049416,00002285,0000001706,'Student',NULL,NULL,'Y'),
    (0000049417,00002285,0000002063,'Student',NULL,NULL,'Y'),
    (0000049418,00002285,0000001600,'Student',NULL,NULL,'Y'),
    (0000049419,00002285,0000002401,'Student',NULL,NULL,'Y'),
    (0000049420,00002285,0000002488,'Student',NULL,NULL,'Y'),
    (0000049421,00002312,0000001445,'Student',NULL,NULL,'Y'),
    (0000049422,00002312,0000001403,'Student',NULL,NULL,'Y'),
    (0000049423,00002312,0000001477,'Student',NULL,NULL,'Y'),
    (0000049424,00002312,0000001364,'Student',NULL,NULL,'Y'),
    (0000049425,00002312,0000001571,'Student',NULL,NULL,'Y'),
    (0000049426,00002312,0000001427,'Student',NULL,NULL,'Y'),
    (0000049427,00002312,0000001585,'Student',NULL,NULL,'Y'),
    (0000049428,00002312,0000001631,'Student',NULL,NULL,'Y'),
    (0000049429,00002312,0000001867,'Student',NULL,NULL,'Y'),
    (0000049430,00002312,0000002084,'Student',NULL,NULL,'Y'),
    (0000049431,00002312,0000001400,'Student',NULL,NULL,'Y'),
    (0000049432,00002312,0000002286,'Student',NULL,NULL,'Y'),
    (0000049433,00002312,0000002306,'Student',NULL,NULL,'Y'),
    (0000049434,00002312,0000002398,'Student',NULL,NULL,'Y'),
    (0000049435,00002312,0000002380,'Student',NULL,NULL,'Y'),
    (0000049436,00002312,0000002444,'Student',NULL,NULL,'Y'),
    (0000049437,00002312,0000002729,'Student',NULL,NULL,'Y'),
    (0000049438,00002311,0000001352,'Student',NULL,NULL,'Y'),
    (0000049439,00002311,0000001358,'Student',NULL,NULL,'Y'),
    (0000049440,00002311,0000001486,'Student',NULL,NULL,'Y'),
    (0000049441,00002311,0000001355,'Student',NULL,NULL,'Y'),
    (0000049442,00002311,0000001492,'Student',NULL,NULL,'Y'),
    (0000049443,00002311,0000001483,'Student',NULL,NULL,'Y'),
    (0000049444,00002311,0000001377,'Student',NULL,NULL,'Y'),
    (0000049445,00002311,0000001845,'Student',NULL,NULL,'Y'),
    (0000049446,00002313,0000001393,'Student',NULL,NULL,'Y'),
    (0000049447,00002313,0000001391,'Student',NULL,NULL,'Y'),
    (0000049448,00002313,0000001465,'Student',NULL,NULL,'Y'),
    (0000049449,00002313,0000001424,'Student',NULL,NULL,'Y'),
    (0000049450,00002313,0000001538,'Student',NULL,NULL,'Y'),
    (0000049451,00002313,0000001507,'Student',NULL,NULL,'Y'),
    (0000049452,00002313,0000001396,'Student',NULL,NULL,'Y'),
    (0000049453,00002520,0000001520,'Student',NULL,NULL,'Y'),
    (0000049454,00002520,0000001430,'Student',NULL,NULL,'Y'),
    (0000049455,00002520,0000001367,'Student',NULL,NULL,'Y'),
    (0000049456,00002520,0000001440,'Student',NULL,NULL,'Y'),
    (0000049457,00002520,0000002407,'Student',NULL,NULL,'Y'),
    (0000049458,00002520,0000001410,'Student',NULL,NULL,'Y'),
    (0000049459,00002521,0000002316,'Student',NULL,NULL,'Y'),
    (0000049460,00002521,0000002357,'Student',NULL,NULL,'Y'),
    (0000049461,00002521,0000002490,'Student',NULL,NULL,'Y'),
    (0000049462,00002376,0000001016,'Student',NULL,NULL,'Y'),
    (0000049463,00002376,0000001008,'Student',NULL,NULL,'Y'),
    (0000049464,00002376,0000001819,'Student',NULL,NULL,'Y'),
    (0000049465,00002376,0000001019,'Student',NULL,NULL,'Y'),
    (0000049466,00002376,0000002392,'Student',NULL,NULL,'Y'),
    (0000049467,00002377,0000000905,'Student',NULL,NULL,'Y'),
    (0000049468,00002377,0000000928,'Student',NULL,NULL,'Y'),
    (0000049469,00002377,0000000931,'Student',NULL,NULL,'Y'),
    (0000049470,00002377,0000000922,'Student',NULL,NULL,'Y'),
    (0000049471,00002377,0000000925,'Student',NULL,NULL,'Y'),
    (0000049472,00002377,0000000964,'Student',NULL,NULL,'Y'),
    (0000049473,00002377,0000000897,'Student',NULL,NULL,'Y'),
    (0000049474,00002377,0000000913,'Student',NULL,NULL,'Y'),
    (0000049475,00002377,0000000937,'Student',NULL,NULL,'Y'),
    (0000049476,00002377,0000000934,'Student',NULL,NULL,'Y'),
    (0000049477,00002314,0000001692,'Student',NULL,NULL,'Y'),
    (0000049478,00002314,0000001430,'Student',NULL,NULL,'Y'),
    (0000049479,00002314,0000002084,'Student',NULL,NULL,'Y'),
    (0000049480,00002314,0000001416,'Student',NULL,NULL,'Y'),
    (0000049481,00002314,0000001445,'Student',NULL,NULL,'Y'),
    (0000049482,00002314,0000001486,'Student',NULL,NULL,'Y'),
    (0000049483,00002314,0000001367,'Student',NULL,NULL,'Y'),
    (0000049484,00002314,0000001440,'Student',NULL,NULL,'Y'),
    (0000049485,00002314,0000001507,'Student',NULL,NULL,'Y'),
    (0000049486,00002314,0000001520,'Student',NULL,NULL,'Y'),
    (0000049487,00002314,0000001410,'Student',NULL,NULL,'Y'),
    (0000049488,00002314,0000001538,'Student',NULL,NULL,'Y'),
    (0000049489,00002314,0000001393,'Student',NULL,NULL,'Y'),
    (0000049490,00002314,0000001377,'Student',NULL,NULL,'Y'),
    (0000049491,00002314,0000001492,'Student',NULL,NULL,'Y'),
    (0000049492,00002314,0000001465,'Student',NULL,NULL,'Y'),
    (0000049493,00002314,0000001585,'Student',NULL,NULL,'Y'),
    (0000049494,00002314,0000001424,'Student',NULL,NULL,'Y'),
    (0000049495,00002314,0000002316,'Student',NULL,NULL,'Y'),
    (0000049496,00002315,0000001364,'Student',NULL,NULL,'Y'),
    (0000049497,00002315,0000001424,'Student',NULL,NULL,'Y'),
    (0000049498,00002315,0000002084,'Student',NULL,NULL,'Y'),
    (0000049499,00002315,0000001710,'Student',NULL,NULL,'Y'),
    (0000049500,00002315,0000001396,'Student',NULL,NULL,'Y'),
    (0000049501,00002315,0000001358,'Student',NULL,NULL,'Y'),
    (0000049502,00002315,0000001440,'Student',NULL,NULL,'Y'),
    (0000049503,00002315,0000001507,'Student',NULL,NULL,'Y'),
    (0000049504,00002315,0000001374,'Student',NULL,NULL,'Y'),
    (0000049505,00002315,0000001403,'Student',NULL,NULL,'Y'),
    (0000049506,00002315,0000001538,'Student',NULL,NULL,'Y'),
    (0000049507,00002315,0000001393,'Student',NULL,NULL,'Y'),
    (0000049508,00002315,0000001355,'Student',NULL,NULL,'Y'),
    (0000049509,00002315,0000001492,'Student',NULL,NULL,'Y'),
    (0000049510,00002315,0000001465,'Student',NULL,NULL,'Y'),
    (0000049511,00002315,0000001585,'Student',NULL,NULL,'Y'),
    (0000049512,00002315,0000001692,'Student',NULL,NULL,'Y'),
    (0000049513,00002315,0000001391,'Student',NULL,NULL,'Y'),
    (0000049514,00002315,0000002357,'Student',NULL,NULL,'Y'),
    (0000049515,00002315,0000002398,'Student',NULL,NULL,'Y'),
    (0000049516,00002315,0000002407,'Student',NULL,NULL,'Y'),
    (0000049517,00002315,0000001631,'Student',NULL,NULL,'Y'),
    (0000049518,00002315,0000001867,'Student',NULL,NULL,'Y'),
    (0000049519,00002315,0000002380,'Student',NULL,NULL,'Y'),
    (0000049520,00002378,0000000905,'Student',NULL,NULL,'Y'),
    (0000049521,00002378,0000000931,'Student',NULL,NULL,'Y'),
    (0000049522,00002378,0000001016,'Student',NULL,NULL,'Y'),
    (0000049523,00002378,0000001022,'Student',NULL,NULL,'Y'),
    (0000049524,00002378,0000000964,'Student',NULL,NULL,'Y'),
    (0000049525,00002378,0000002184,'Student',NULL,NULL,'Y'),
    (0000049526,00002378,0000001008,'Student',NULL,NULL,'Y'),
    (0000049527,00002386,0000000876,'Student',NULL,NULL,'Y'),
    (0000049528,00002386,0000001016,'Student',NULL,NULL,'Y'),
    (0000049529,00002386,0000000905,'Student',NULL,NULL,'Y'),
    (0000049530,00002386,0000000922,'Student',NULL,NULL,'Y'),
    (0000049531,00002386,0000000928,'Student',NULL,NULL,'Y'),
    (0000049532,00002386,0000000931,'Student',NULL,NULL,'Y'),
    (0000049533,00002386,0000000964,'Student',NULL,NULL,'Y'),
    (0000049534,00002386,0000002392,'Student',NULL,NULL,'Y'),
    (0000049535,00002386,0000001019,'Student',NULL,NULL,'Y'),
    (0000049536,00002386,0000001819,'Student',NULL,NULL,'Y'),
    (0000049537,00002386,0000000897,'Student',NULL,NULL,'Y'),
    (0000049538,00002386,0000001022,'Student',NULL,NULL,'Y'),
    (0000049539,00002386,0000002184,'Student',NULL,NULL,'Y'),
    (0000049540,00002386,0000000913,'Student',NULL,NULL,'Y'),
    (0000049541,00002386,0000000934,'Student',NULL,NULL,'Y'),
    (0000049542,00002386,0000001008,'Student',NULL,NULL,'Y'),
    (0000049543,00002386,0000000925,'Student',NULL,NULL,'Y'),
    (0000049544,00002386,0000000937,'Student',NULL,NULL,'Y'),
    (0000049545,00002532,0000002283,'Student',NULL,NULL,'Y'),
    (0000049546,00002532,0000002193,'Student',NULL,NULL,'Y'),
    (0000049547,00002532,0000002212,'Student',NULL,NULL,'Y'),
    (0000049548,00002532,0000002299,'Student',NULL,NULL,'Y'),
    (0000049549,00002532,0000002323,'Student',NULL,NULL,'Y'),
    (0000049550,00002532,0000002333,'Student',NULL,NULL,'Y'),
    (0000049551,00002532,0000002232,'Student',NULL,NULL,'Y'),
    (0000049552,00002532,0000002243,'Student',NULL,NULL,'Y'),
    (0000049553,00002532,0000002216,'Student',NULL,NULL,'Y'),
    (0000049554,00002532,0000002330,'Student',NULL,NULL,'Y'),
    (0000049555,00002532,0000002340,'Student',NULL,NULL,'Y'),
    (0000049556,00002532,0000002215,'Student',NULL,NULL,'Y'),
    (0000049557,00002532,0000002233,'Student',NULL,NULL,'Y'),
    (0000049558,00002532,0000002169,'Student',NULL,NULL,'Y'),
    (0000049559,00002532,0000002175,'Student',NULL,NULL,'Y'),
    (0000049560,00002532,0000002374,'Student',NULL,NULL,'Y'),
    (0000049561,00002532,0000002364,'Student',NULL,NULL,'Y'),
    (0000049562,00002532,0000002395,'Student',NULL,NULL,'Y'),
    (0000049563,00002532,0000002514,'Student',NULL,NULL,'Y'),
    (0000049564,00002532,0000002511,'Student',NULL,NULL,'Y'),
    (0000049565,00002532,0000002505,'Student',NULL,NULL,'Y'),
    (0000049566,00002532,0000002529,'Student',NULL,NULL,'Y'),
    (0000049567,00002533,0000002190,'Student',NULL,NULL,'Y'),
    (0000049568,00002533,0000002334,'Student',NULL,NULL,'Y'),
    (0000049569,00002533,0000002236,'Student',NULL,NULL,'Y'),
    (0000049570,00002533,0000002239,'Student',NULL,NULL,'Y'),
    (0000049571,00002533,0000002187,'Student',NULL,NULL,'Y'),
    (0000049572,00002533,0000002178,'Student',NULL,NULL,'Y'),
    (0000049573,00002533,0000002206,'Student',NULL,NULL,'Y'),
    (0000049574,00002533,0000002274,'Student',NULL,NULL,'Y'),
    (0000049575,00002533,0000002271,'Student',NULL,NULL,'Y'),
    (0000049576,00002533,0000002253,'Student',NULL,NULL,'Y'),
    (0000049577,00002533,0000002166,'Student',NULL,NULL,'Y'),
    (0000049578,00002533,0000002348,'Student',NULL,NULL,'Y'),
    (0000049579,00002533,0000002150,'Student',NULL,NULL,'Y'),
    (0000049580,00002533,0000002163,'Student',NULL,NULL,'Y'),
    (0000049581,00002533,0000002360,'Student',NULL,NULL,'Y'),
    (0000049582,00002533,0000002371,'Student',NULL,NULL,'Y'),
    (0000049583,00002533,0000002383,'Student',NULL,NULL,'Y'),
    (0000049584,00002533,0000002420,'Student',NULL,NULL,'Y'),
    (0000049585,00002533,0000002523,'Student',NULL,NULL,'Y'),
    (0000049586,00002533,0000002517,'Student',NULL,NULL,'Y'),
    (0000049587,00002533,0000002501,'Student',NULL,NULL,'Y'),
    (0000049588,00002533,0000002520,'Student',NULL,NULL,'Y'),
    (0000049589,00002533,0000002526,'Student',NULL,NULL,'Y'),
    (0000049590,00002531,0000002247,'Student',NULL,NULL,'Y'),
    (0000049591,00002531,0000002194,'Student',NULL,NULL,'Y'),
    (0000049592,00002531,0000002293,'Student',NULL,NULL,'Y'),
    (0000049593,00002531,0000002250,'Student',NULL,NULL,'Y'),
    (0000049594,00002531,0000002277,'Student',NULL,NULL,'Y'),
    (0000049595,00002531,0000002319,'Student',NULL,NULL,'Y'),
    (0000049596,00002531,0000002200,'Student',NULL,NULL,'Y'),
    (0000049597,00002531,0000002231,'Student',NULL,NULL,'Y'),
    (0000049598,00002531,0000002268,'Student',NULL,NULL,'Y'),
    (0000049599,00002531,0000002262,'Student',NULL,NULL,'Y'),
    (0000049600,00002531,0000002203,'Student',NULL,NULL,'Y'),
    (0000049601,00002531,0000002296,'Student',NULL,NULL,'Y'),
    (0000049602,00002531,0000002302,'Student',NULL,NULL,'Y'),
    (0000049603,00002531,0000002265,'Student',NULL,NULL,'Y'),
    (0000049604,00002531,0000002160,'Student',NULL,NULL,'Y'),
    (0000049605,00002531,0000002172,'Student',NULL,NULL,'Y'),
    (0000049606,00002531,0000002508,'Student',NULL,NULL,'Y'),
    (0000049607,00002531,0000002504,'Student',NULL,NULL,'Y'),
    (0000049608,00002531,0000002498,'Student',NULL,NULL,'Y'),
    (0000049609,00002531,0000002535,'Student',NULL,NULL,'Y'),
    (0000049610,00002531,0000002537,'Student',NULL,NULL,'Y'),
    (0000049611,00002531,0000002545,'Student',NULL,NULL,'Y'),
    (0000049612,00002537,0000001964,'Student',NULL,NULL,'Y'),
    (0000049613,00002537,0000001918,'Student',NULL,NULL,'Y'),
    (0000049614,00002537,0000001898,'Student',NULL,NULL,'Y'),
    (0000049615,00002537,0000001913,'Student',NULL,NULL,'Y'),
    (0000049616,00002537,0000001885,'Student',NULL,NULL,'Y'),
    (0000049617,00002537,0000001875,'Student',NULL,NULL,'Y'),
    (0000049618,00002537,0000002029,'Student',NULL,NULL,'Y'),
    (0000049619,00002537,0000002009,'Student',NULL,NULL,'Y'),
    (0000049620,00002537,0000001974,'Student',NULL,NULL,'Y'),
    (0000049621,00002537,0000001870,'Student',NULL,NULL,'Y'),
    (0000049622,00002537,0000001980,'Student',NULL,NULL,'Y'),
    (0000049623,00002537,0000001925,'Student',NULL,NULL,'Y'),
    (0000049624,00002537,0000002280,'Student',NULL,NULL,'Y'),
    (0000049625,00002537,0000001864,'Student',NULL,NULL,'Y'),
    (0000049626,00002537,0000002006,'Student',NULL,NULL,'Y'),
    (0000049627,00002537,0000002491,'Student',NULL,NULL,'Y'),
    (0000049628,00002537,0000002532,'Student',NULL,NULL,'Y'),
    (0000049629,00002536,0000001888,'Student',NULL,NULL,'Y'),
    (0000049630,00002536,0000002056,'Student',NULL,NULL,'Y'),
    (0000049631,00002536,0000001977,'Student',NULL,NULL,'Y'),
    (0000049632,00002536,0000002141,'Student',NULL,NULL,'Y'),
    (0000049633,00002536,0000001921,'Student',NULL,NULL,'Y'),
    (0000049634,00002536,0000002135,'Student',NULL,NULL,'Y'),
    (0000049635,00002536,0000001934,'Student',NULL,NULL,'Y'),
    (0000049636,00002536,0000001983,'Student',NULL,NULL,'Y'),
    (0000049637,00002536,0000002327,'Student',NULL,NULL,'Y'),
    (0000049638,00002536,0000001937,'Student',NULL,NULL,'Y'),
    (0000049639,00002536,0000001882,'Student',NULL,NULL,'Y'),
    (0000049640,00002536,0000001897,'Student',NULL,NULL,'Y'),
    (0000049641,00002536,0000001904,'Student',NULL,NULL,'Y'),
    (0000049642,00002536,0000002019,'Student',NULL,NULL,'Y'),
    (0000049643,00002536,0000001970,'Student',NULL,NULL,'Y'),
    (0000049644,00002536,0000002116,'Student',NULL,NULL,'Y'),
    (0000049645,00002536,0000002040,'Student',NULL,NULL,'Y'),
    (0000049646,00002535,0000002079,'Student',NULL,NULL,'Y'),
    (0000049647,00002535,0000001960,'Student',NULL,NULL,'Y'),
    (0000049648,00002535,0000001911,'Student',NULL,NULL,'Y'),
    (0000049649,00002535,0000002093,'Student',NULL,NULL,'Y'),
    (0000049650,00002535,0000002129,'Student',NULL,NULL,'Y'),
    (0000049651,00002535,0000001928,'Student',NULL,NULL,'Y'),
    (0000049652,00002535,0000002113,'Student',NULL,NULL,'Y'),
    (0000049653,00002535,0000001989,'Student',NULL,NULL,'Y'),
    (0000049654,00002535,0000001931,'Student',NULL,NULL,'Y'),
    (0000049655,00002535,0000002012,'Student',NULL,NULL,'Y'),
    (0000049656,00002535,0000001905,'Student',NULL,NULL,'Y'),
    (0000049657,00002535,0000001924,'Student',NULL,NULL,'Y'),
    (0000049658,00002535,0000002037,'Student',NULL,NULL,'Y'),
    (0000049659,00002535,0000002000,'Student',NULL,NULL,'Y'),
    (0000049660,00002535,0000002389,'Student',NULL,NULL,'Y'),
    (0000049661,00002535,0000002404,'Student',NULL,NULL,'Y'),
    (0000049662,00002535,0000002555,'Student',NULL,NULL,'Y'),
    (0000049663,00002538,0000001878,'Student',NULL,NULL,'Y'),
    (0000049664,00002538,0000001914,'Student',NULL,NULL,'Y'),
    (0000049665,00002538,0000001901,'Student',NULL,NULL,'Y'),
    (0000049666,00002538,0000001995,'Student',NULL,NULL,'Y'),
    (0000049667,00002538,0000001915,'Student',NULL,NULL,'Y'),
    (0000049668,00002538,0000001992,'Student',NULL,NULL,'Y'),
    (0000049669,00002538,0000001894,'Student',NULL,NULL,'Y'),
    (0000049670,00002538,0000002123,'Student',NULL,NULL,'Y'),
    (0000049671,00002538,0000002022,'Student',NULL,NULL,'Y'),
    (0000049672,00002538,0000001879,'Student',NULL,NULL,'Y'),
    (0000049673,00002538,0000002076,'Student',NULL,NULL,'Y'),
    (0000049674,00002538,0000001891,'Student',NULL,NULL,'Y'),
    (0000049675,00002538,0000001955,'Student',NULL,NULL,'Y'),
    (0000049676,00002538,0000001986,'Student',NULL,NULL,'Y'),
    (0000049677,00002538,0000001946,'Student',NULL,NULL,'Y'),
    (0000049678,00002538,0000002495,'Student',NULL,NULL,'Y'),
    (0000049679,00002540,0000001627,'Student',NULL,NULL,'Y'),
    (0000049680,00002540,0000001730,'Student',NULL,NULL,'Y'),
    (0000049681,00002540,0000001791,'Student',NULL,NULL,'Y'),
    (0000049682,00002540,0000001642,'Student',NULL,NULL,'Y'),
    (0000049683,00002540,0000001612,'Student',NULL,NULL,'Y'),
    (0000049684,00002540,0000002035,'Student',NULL,NULL,'Y'),
    (0000049685,00002540,0000002097,'Student',NULL,NULL,'Y'),
    (0000049686,00002540,0000001773,'Student',NULL,NULL,'Y'),
    (0000049687,00002540,0000001828,'Student',NULL,NULL,'Y'),
    (0000049688,00002540,0000001654,'Student',NULL,NULL,'Y'),
    (0000049689,00002540,0000001831,'Student',NULL,NULL,'Y'),
    (0000049690,00002540,0000001616,'Student',NULL,NULL,'Y'),
    (0000049691,00002540,0000001609,'Student',NULL,NULL,'Y'),
    (0000049692,00002540,0000001628,'Student',NULL,NULL,'Y'),
    (0000049693,00002540,0000002066,'Student',NULL,NULL,'Y'),
    (0000049694,00002540,0000002309,'Student',NULL,NULL,'Y'),
    (0000049695,00002540,0000002386,'Student',NULL,NULL,'Y'),
    (0000049696,00002540,0000002401,'Student',NULL,NULL,'Y'),
    (0000049697,00002540,0000002723,'Student',NULL,NULL,'Y'),
    (0000049698,00002541,0000001801,'Student',NULL,NULL,'Y'),
    (0000049699,00002541,0000001621,'Student',NULL,NULL,'Y'),
    (0000049700,00002541,0000001617,'Student',NULL,NULL,'Y'),
    (0000049701,00002541,0000001735,'Student',NULL,NULL,'Y'),
    (0000049702,00002541,0000001858,'Student',NULL,NULL,'Y'),
    (0000049703,00002541,0000001639,'Student',NULL,NULL,'Y'),
    (0000049704,00002541,0000001744,'Student',NULL,NULL,'Y'),
    (0000049705,00002541,0000002033,'Student',NULL,NULL,'Y'),
    (0000049706,00002541,0000001796,'Student',NULL,NULL,'Y'),
    (0000049707,00002541,0000001761,'Student',NULL,NULL,'Y'),
    (0000049708,00002541,0000001779,'Student',NULL,NULL,'Y'),
    (0000049709,00002541,0000001645,'Student',NULL,NULL,'Y'),
    (0000049710,00002541,0000001706,'Student',NULL,NULL,'Y'),
    (0000049711,00002541,0000001667,'Student',NULL,NULL,'Y'),
    (0000049712,00002541,0000002087,'Student',NULL,NULL,'Y'),
    (0000049713,00002541,0000002156,'Student',NULL,NULL,'Y'),
    (0000049714,00002541,0000002441,'Student',NULL,NULL,'Y'),
    (0000049715,00002541,0000002548,'Student',NULL,NULL,'Y'),
    (0000049716,00002541,0000002060,'Student',NULL,NULL,'Y'),
    (0000049717,00002541,0000002737,'Student',NULL,NULL,'Y'),
    (0000049718,00002539,0000001686,'Student',NULL,NULL,'Y'),
    (0000049719,00002539,0000001591,'Student',NULL,NULL,'Y'),
    (0000049720,00002539,0000001848,'Student',NULL,NULL,'Y'),
    (0000049721,00002539,0000001593,'Student',NULL,NULL,'Y'),
    (0000049722,00002539,0000001600,'Student',NULL,NULL,'Y'),
    (0000049723,00002539,0000001700,'Student',NULL,NULL,'Y'),
    (0000049724,00002539,0000001739,'Student',NULL,NULL,'Y'),
    (0000049725,00002539,0000001677,'Student',NULL,NULL,'Y'),
    (0000049726,00002539,0000001753,'Student',NULL,NULL,'Y'),
    (0000049727,00002539,0000001713,'Student',NULL,NULL,'Y'),
    (0000049728,00002539,0000001657,'Student',NULL,NULL,'Y'),
    (0000049729,00002539,0000001603,'Student',NULL,NULL,'Y'),
    (0000049730,00002539,0000002081,'Student',NULL,NULL,'Y'),
    (0000049731,00002539,0000002063,'Student',NULL,NULL,'Y'),
    (0000049732,00002539,0000001721,'Student',NULL,NULL,'Y'),
    (0000049733,00002539,0000002488,'Student',NULL,NULL,'Y'),
    (0000049734,00002539,0000002673,'Student',NULL,NULL,'Y'),
    (0000049735,00002539,0000002719,'Student',NULL,NULL,'Y'),
    (0000049736,00002542,0000001364,'Student',NULL,NULL,'Y'),
    (0000049737,00002542,0000001396,'Student',NULL,NULL,'Y'),
    (0000049738,00002542,0000001486,'Student',NULL,NULL,'Y'),
    (0000049739,00002542,0000001483,'Student',NULL,NULL,'Y'),
    (0000049740,00002542,0000001477,'Student',NULL,NULL,'Y'),
    (0000049741,00002542,0000001374,'Student',NULL,NULL,'Y'),
    (0000049742,00002542,0000001352,'Student',NULL,NULL,'Y'),
    (0000049743,00002542,0000001355,'Student',NULL,NULL,'Y'),
    (0000049744,00002542,0000001440,'Student',NULL,NULL,'Y'),
    (0000049745,00002542,0000001410,'Student',NULL,NULL,'Y'),
    (0000049746,00002542,0000002306,'Student',NULL,NULL,'Y'),
    (0000049747,00002542,0000002316,'Student',NULL,NULL,'Y'),
    (0000049748,00002542,0000002357,'Student',NULL,NULL,'Y'),
    (0000049749,00002542,0000002398,'Student',NULL,NULL,'Y'),
    (0000049750,00002542,0000002407,'Student',NULL,NULL,'Y'),
    (0000049751,00002542,0000002444,'Student',NULL,NULL,'Y'),
    (0000049752,00002542,0000002490,'Student',NULL,NULL,'Y'),
    (0000049753,00002544,0000001424,'Student',NULL,NULL,'Y'),
    (0000049754,00002544,0000001571,'Student',NULL,NULL,'Y'),
    (0000049755,00002544,0000001585,'Student',NULL,NULL,'Y'),
    (0000049756,00002544,0000001430,'Student',NULL,NULL,'Y'),
    (0000049757,00002544,0000001427,'Student',NULL,NULL,'Y'),
    (0000049758,00002544,0000001507,'Student',NULL,NULL,'Y'),
    (0000049759,00002544,0000001492,'Student',NULL,NULL,'Y'),
    (0000049760,00002544,0000001465,'Student',NULL,NULL,'Y'),
    (0000049761,00002544,0000001692,'Student',NULL,NULL,'Y'),
    (0000049762,00002544,0000001845,'Student',NULL,NULL,'Y'),
    (0000049763,00002544,0000001867,'Student',NULL,NULL,'Y'),
    (0000049764,00002544,0000001631,'Student',NULL,NULL,'Y'),
    (0000049765,00002544,0000001377,'Student',NULL,NULL,'Y'),
    (0000049766,00002544,0000001471,'Student',NULL,NULL,'Y'),
    (0000049767,00002544,0000001416,'Student',NULL,NULL,'Y'),
    (0000049768,00002544,0000002084,'Student',NULL,NULL,'Y'),
    (0000049769,00002543,0000001399,'Student',NULL,NULL,'Y'),
    (0000049770,00002543,0000001367,'Student',NULL,NULL,'Y'),
    (0000049771,00002543,0000001388,'Student',NULL,NULL,'Y'),
    (0000049772,00002543,0000001393,'Student',NULL,NULL,'Y'),
    (0000049773,00002543,0000001358,'Student',NULL,NULL,'Y'),
    (0000049774,00002543,0000001400,'Student',NULL,NULL,'Y'),
    (0000049775,00002543,0000001520,'Student',NULL,NULL,'Y'),
    (0000049776,00002543,0000001445,'Student',NULL,NULL,'Y'),
    (0000049777,00002543,0000001710,'Student',NULL,NULL,'Y'),
    (0000049778,00002543,0000001538,'Student',NULL,NULL,'Y'),
    (0000049779,00002543,0000001391,'Student',NULL,NULL,'Y'),
    (0000049780,00002543,0000001403,'Student',NULL,NULL,'Y'),
    (0000049781,00002543,0000002286,'Student',NULL,NULL,'Y'),
    (0000049782,00002543,0000002380,'Student',NULL,NULL,'Y'),
    (0000049783,00002543,0000002729,'Student',NULL,NULL,'Y'),
    (0000049822,00002382,0000000876,'Student',NULL,NULL,'Y'),
    (0000049823,00002382,0000000922,'Student',NULL,NULL,'Y'),
    (0000049824,00002382,0000000964,'Student',NULL,NULL,'Y'),
    (0000049825,00002382,0000000897,'Student',NULL,NULL,'Y'),
    (0000049826,00002382,0000000913,'Student',NULL,NULL,'Y'),
    (0000049827,00002382,0000002184,'Student',NULL,NULL,'Y'),
    (0000049828,00002382,0000001019,'Student',NULL,NULL,'Y'),
    (0000049829,00002384,0000000905,'Student',NULL,NULL,'Y'),
    (0000049830,00002384,0000000928,'Student',NULL,NULL,'Y'),
    (0000049831,00002384,0000000931,'Student',NULL,NULL,'Y'),
    (0000049832,00002384,0000001016,'Student',NULL,NULL,'Y'),
    (0000049833,00002384,0000001022,'Student',NULL,NULL,'Y'),
    (0000049834,00002384,0000000925,'Student',NULL,NULL,'Y'),
    (0000049835,00002384,0000000934,'Student',NULL,NULL,'Y'),
    (0000049836,00002384,0000001008,'Student',NULL,NULL,'Y'),
    (0000049837,00002384,0000001819,'Student',NULL,NULL,'Y'),
    (0000049838,00002384,0000000937,'Student',NULL,NULL,'Y'),
    (0000049839,00002384,0000002392,'Student',NULL,NULL,'Y'),
    (0000049840,00002385,0000001016,'Student',NULL,NULL,'Y'),
    (0000049841,00002385,0000000922,'Student',NULL,NULL,'Y'),
    (0000049842,00002385,0000000964,'Student',NULL,NULL,'Y'),
    (0000049843,00002385,0000000897,'Student',NULL,NULL,'Y'),
    (0000049844,00002385,0000001008,'Student',NULL,NULL,'Y'),
    (0000049845,00002385,0000002184,'Student',NULL,NULL,'Y'),
    (0000049846,00002385,0000001019,'Student',NULL,NULL,'Y'),
    (0000049847,00002385,0000002392,'Student',NULL,NULL,'Y'),
    (0000049848,00002385,0000002541,'Student',NULL,NULL,'Y'),
    (0000049849,00002321,0000001352,'Student',NULL,NULL,'Y'),
    (0000049850,00002321,0000001430,'Student',NULL,NULL,'Y'),
    (0000049851,00002321,0000001845,'Student',NULL,NULL,'Y'),
    (0000049852,00002321,0000001477,'Student',NULL,NULL,'Y'),
    (0000049853,00002321,0000001571,'Student',NULL,NULL,'Y'),
    (0000049854,00002321,0000001486,'Student',NULL,NULL,'Y'),
    (0000049855,00002321,0000001367,'Student',NULL,NULL,'Y'),
    (0000049856,00002321,0000001520,'Student',NULL,NULL,'Y'),
    (0000049857,00002321,0000001471,'Student',NULL,NULL,'Y'),
    (0000049858,00002321,0000001410,'Student',NULL,NULL,'Y'),
    (0000049859,00002321,0000001377,'Student',NULL,NULL,'Y'),
    (0000049860,00002321,0000002286,'Student',NULL,NULL,'Y'),
    (0000049861,00002321,0000001400,'Student',NULL,NULL,'Y'),
    (0000049862,00002321,0000002444,'Student',NULL,NULL,'Y'),
    (0000049863,00002495,0000001897,'Student',NULL,NULL,'Y'),
    (0000049864,00002495,0000001882,'Student',NULL,NULL,'Y'),
    (0000049865,00002495,0000001878,'Student',NULL,NULL,'Y'),
    (0000049866,00002495,0000002006,'Student',NULL,NULL,'Y'),
    (0000049867,00002495,0000001980,'Student',NULL,NULL,'Y'),
    (0000049868,00002495,0000001914,'Student',NULL,NULL,'Y'),
    (0000049869,00002495,0000001995,'Student',NULL,NULL,'Y'),
    (0000049870,00002495,0000001974,'Student',NULL,NULL,'Y'),
    (0000049871,00002495,0000001992,'Student',NULL,NULL,'Y'),
    (0000049872,00002495,0000002009,'Student',NULL,NULL,'Y'),
    (0000049873,00002495,0000001864,'Student',NULL,NULL,'Y'),
    (0000049874,00002495,0000001901,'Student',NULL,NULL,'Y'),
    (0000049875,00002495,0000001870,'Student',NULL,NULL,'Y'),
    (0000049876,00002495,0000001983,'Student',NULL,NULL,'Y'),
    (0000049877,00002495,0000001934,'Student',NULL,NULL,'Y'),
    (0000049878,00002495,0000001915,'Student',NULL,NULL,'Y'),
    (0000049879,00002495,0000002113,'Student',NULL,NULL,'Y'),
    (0000049880,00002495,0000002280,'Student',NULL,NULL,'Y'),
    (0000049881,00002495,0000002327,'Student',NULL,NULL,'Y'),
    (0000049882,00002495,0000002491,'Student',NULL,NULL,'Y'),
    (0000049883,00002495,0000002532,'Student',NULL,NULL,'Y'),
    (0000049884,00002495,0000002495,'Student',NULL,NULL,'Y'),
    (0000049885,00002494,0000001946,'Student',NULL,NULL,'Y'),
    (0000049886,00002494,0000001964,'Student',NULL,NULL,'Y'),
    (0000049887,00002494,0000001918,'Student',NULL,NULL,'Y'),
    (0000049888,00002494,0000001921,'Student',NULL,NULL,'Y'),
    (0000049889,00002494,0000002037,'Student',NULL,NULL,'Y'),
    (0000049890,00002494,0000001898,'Student',NULL,NULL,'Y'),
    (0000049891,00002494,0000001913,'Student',NULL,NULL,'Y'),
    (0000049892,00002494,0000001986,'Student',NULL,NULL,'Y'),
    (0000049893,00002494,0000001955,'Student',NULL,NULL,'Y'),
    (0000049894,00002494,0000001885,'Student',NULL,NULL,'Y'),
    (0000049895,00002494,0000001977,'Student',NULL,NULL,'Y'),
    (0000049896,00002494,0000002056,'Student',NULL,NULL,'Y'),
    (0000049897,00002494,0000001924,'Student',NULL,NULL,'Y'),
    (0000049898,00002494,0000001888,'Student',NULL,NULL,'Y'),
    (0000049899,00002494,0000001891,'Student',NULL,NULL,'Y'),
    (0000049900,00002494,0000002012,'Student',NULL,NULL,'Y'),
    (0000049901,00002494,0000002135,'Student',NULL,NULL,'Y'),
    (0000049902,00002494,0000002141,'Student',NULL,NULL,'Y'),
    (0000049903,00002494,0000002389,'Student',NULL,NULL,'Y'),
    (0000049904,00002494,0000001937,'Student',NULL,NULL,'Y'),
    (0000049905,00002494,0000002555,'Student',NULL,NULL,'Y'),
    (0000049906,00002496,0000002079,'Student',NULL,NULL,'Y'),
    (0000049907,00002496,0000001879,'Student',NULL,NULL,'Y'),
    (0000049908,00002496,0000002040,'Student',NULL,NULL,'Y'),
    (0000049909,00002496,0000001904,'Student',NULL,NULL,'Y'),
    (0000049910,00002496,0000002093,'Student',NULL,NULL,'Y'),
    (0000049911,00002496,0000001875,'Student',NULL,NULL,'Y'),
    (0000049912,00002496,0000001894,'Student',NULL,NULL,'Y'),
    (0000049913,00002496,0000002076,'Student',NULL,NULL,'Y'),
    (0000049914,00002496,0000002029,'Student',NULL,NULL,'Y'),
    (0000049915,00002496,0000001960,'Student',NULL,NULL,'Y'),
    (0000049916,00002496,0000001970,'Student',NULL,NULL,'Y'),
    (0000049917,00002496,0000001911,'Student',NULL,NULL,'Y'),
    (0000049918,00002496,0000002022,'Student',NULL,NULL,'Y'),
    (0000049919,00002496,0000002019,'Student',NULL,NULL,'Y'),
    (0000049920,00002496,0000001989,'Student',NULL,NULL,'Y'),
    (0000049921,00002496,0000001928,'Student',NULL,NULL,'Y'),
    (0000049922,00002496,0000002116,'Student',NULL,NULL,'Y'),
    (0000049923,00002496,0000002123,'Student',NULL,NULL,'Y'),
    (0000049924,00002496,0000002129,'Student',NULL,NULL,'Y'),
    (0000049925,00002496,0000001931,'Student',NULL,NULL,'Y'),
    (0000049926,00002496,0000002404,'Student',NULL,NULL,'Y'),
    (0000049927,00002496,0000001925,'Student',NULL,NULL,'Y'),
    (0000049928,00002549,0000001008,'Student',NULL,NULL,'Y'),
    (0000049929,00002549,0000002392,'Student',NULL,NULL,'Y'),
    (0000049930,00002550,0000001008,'Student',NULL,NULL,'Y'),
    (0000049931,00002550,0000002392,'Student',NULL,NULL,'Y'),
    (0000049932,00002322,0000001427,'Student',NULL,NULL,'Y'),
    (0000049933,00002322,0000001416,'Student',NULL,NULL,'Y'),
    (0000049934,00002322,0000001445,'Student',NULL,NULL,'Y'),
    (0000049935,00002322,0000001399,'Student',NULL,NULL,'Y'),
    (0000049936,00002322,0000001483,'Student',NULL,NULL,'Y'),
    (0000049937,00002322,0000001388,'Student',NULL,NULL,'Y'),
    (0000049938,00002322,0000002306,'Student',NULL,NULL,'Y'),
    (0000049939,00002322,0000002316,'Student',NULL,NULL,'Y'),
    (0000049940,00002322,0000002729,'Student',NULL,NULL,'Y'),
    (0000049941,00002552,0000001819,'Student',NULL,NULL,'Y'),
    (0000049942,00002553,0000001019,'Student',NULL,NULL,'Y'),
    (0000049943,00002498,0000001915,'Student',NULL,NULL,'Y'),
    (0000049944,00002498,0000001934,'Student',NULL,NULL,'Y'),
    (0000049945,00002498,0000002009,'Student',NULL,NULL,'Y'),
    (0000049946,00002498,0000001992,'Student',NULL,NULL,'Y'),
    (0000049947,00002498,0000001974,'Student',NULL,NULL,'Y'),
    (0000049948,00002498,0000001995,'Student',NULL,NULL,'Y'),
    (0000049949,00002498,0000001983,'Student',NULL,NULL,'Y'),
    (0000049950,00002498,0000001870,'Student',NULL,NULL,'Y'),
    (0000049951,00002498,0000001901,'Student',NULL,NULL,'Y'),
    (0000049952,00002498,0000001914,'Student',NULL,NULL,'Y'),
    (0000049953,00002498,0000001980,'Student',NULL,NULL,'Y'),
    (0000049954,00002498,0000001864,'Student',NULL,NULL,'Y'),
    (0000049955,00002498,0000002006,'Student',NULL,NULL,'Y'),
    (0000049956,00002498,0000001878,'Student',NULL,NULL,'Y'),
    (0000049957,00002498,0000001882,'Student',NULL,NULL,'Y'),
    (0000049958,00002498,0000001897,'Student',NULL,NULL,'Y'),
    (0000049959,00002498,0000002113,'Student',NULL,NULL,'Y'),
    (0000049960,00002498,0000002280,'Student',NULL,NULL,'Y'),
    (0000049961,00002498,0000002327,'Student',NULL,NULL,'Y'),
    (0000049962,00002498,0000002491,'Student',NULL,NULL,'Y'),
    (0000049963,00002498,0000002532,'Student',NULL,NULL,'Y'),
    (0000049964,00002498,0000002495,'Student',NULL,NULL,'Y'),
    (0000049965,00002497,0000002012,'Student',NULL,NULL,'Y'),
    (0000049966,00002497,0000001891,'Student',NULL,NULL,'Y'),
    (0000049967,00002497,0000001888,'Student',NULL,NULL,'Y'),
    (0000049968,00002497,0000001924,'Student',NULL,NULL,'Y'),
    (0000049969,00002497,0000002056,'Student',NULL,NULL,'Y'),
    (0000049970,00002497,0000001977,'Student',NULL,NULL,'Y'),
    (0000049971,00002497,0000001885,'Student',NULL,NULL,'Y'),
    (0000049972,00002497,0000001955,'Student',NULL,NULL,'Y'),
    (0000049973,00002497,0000001986,'Student',NULL,NULL,'Y'),
    (0000049974,00002497,0000002000,'Student',NULL,NULL,'Y'),
    (0000049975,00002497,0000001913,'Student',NULL,NULL,'Y'),
    (0000049976,00002497,0000001898,'Student',NULL,NULL,'Y'),
    (0000049977,00002497,0000002037,'Student',NULL,NULL,'Y'),
    (0000049978,00002497,0000001921,'Student',NULL,NULL,'Y'),
    (0000049979,00002497,0000001918,'Student',NULL,NULL,'Y'),
    (0000049980,00002497,0000001964,'Student',NULL,NULL,'Y'),
    (0000049981,00002497,0000001946,'Student',NULL,NULL,'Y'),
    (0000049982,00002497,0000002135,'Student',NULL,NULL,'Y'),
    (0000049983,00002497,0000002141,'Student',NULL,NULL,'Y'),
    (0000049984,00002497,0000002389,'Student',NULL,NULL,'Y'),
    (0000049985,00002497,0000001937,'Student',NULL,NULL,'Y'),
    (0000049986,00002497,0000002555,'Student',NULL,NULL,'Y'),
    (0000049987,00002499,0000002116,'Student',NULL,NULL,'Y'),
    (0000049988,00002499,0000001928,'Student',NULL,NULL,'Y'),
    (0000049989,00002499,0000001894,'Student',NULL,NULL,'Y'),
    (0000049990,00002499,0000001875,'Student',NULL,NULL,'Y'),
    (0000049991,00002499,0000002093,'Student',NULL,NULL,'Y'),
    (0000049992,00002499,0000001904,'Student',NULL,NULL,'Y'),
    (0000049993,00002499,0000001989,'Student',NULL,NULL,'Y'),
    (0000049994,00002499,0000002019,'Student',NULL,NULL,'Y'),
    (0000049995,00002499,0000002022,'Student',NULL,NULL,'Y'),
    (0000049996,00002499,0000002040,'Student',NULL,NULL,'Y'),
    (0000049997,00002499,0000001911,'Student',NULL,NULL,'Y'),
    (0000049998,00002499,0000001970,'Student',NULL,NULL,'Y'),
    (0000049999,00002499,0000001960,'Student',NULL,NULL,'Y'),
    (0000050000,00002499,0000002029,'Student',NULL,NULL,'Y'),
    (0000050001,00002499,0000001879,'Student',NULL,NULL,'Y'),
    (0000050002,00002499,0000002079,'Student',NULL,NULL,'Y'),
    (0000050003,00002499,0000002076,'Student',NULL,NULL,'Y'),
    (0000050004,00002499,0000002123,'Student',NULL,NULL,'Y'),
    (0000050005,00002499,0000002129,'Student',NULL,NULL,'Y'),
    (0000050006,00002499,0000001931,'Student',NULL,NULL,'Y'),
    (0000050007,00002499,0000002404,'Student',NULL,NULL,'Y'),
    (0000050008,00002499,0000001925,'Student',NULL,NULL,'Y'),
    (0000050009,00002296,0000001593,'Student',NULL,NULL,'Y'),
    (0000050010,00002296,0000001642,'Student',NULL,NULL,'Y'),
    (0000050011,00002296,0000001639,'Student',NULL,NULL,'Y'),
    (0000050012,00002296,0000001744,'Student',NULL,NULL,'Y'),
    (0000050013,00002296,0000001686,'Student',NULL,NULL,'Y'),
    (0000050014,00002296,0000001591,'Student',NULL,NULL,'Y'),
    (0000050015,00002296,0000001600,'Student',NULL,NULL,'Y'),
    (0000050016,00002296,0000001791,'Student',NULL,NULL,'Y'),
    (0000050017,00002296,0000001730,'Student',NULL,NULL,'Y'),
    (0000050018,00002296,0000001761,'Student',NULL,NULL,'Y'),
    (0000050019,00002296,0000001779,'Student',NULL,NULL,'Y'),
    (0000050020,00002296,0000001721,'Student',NULL,NULL,'Y'),
    (0000050021,00002296,0000002097,'Student',NULL,NULL,'Y'),
    (0000050022,00002296,0000002309,'Student',NULL,NULL,'Y'),
    (0000050023,00002296,0000002156,'Student',NULL,NULL,'Y'),
    (0000050024,00002296,0000002719,'Student',NULL,NULL,'Y'),
    (0000050025,00002296,0000002737,'Student',NULL,NULL,'Y'),
    (0000050026,00002295,0000001645,'Student',NULL,NULL,'Y'),
    (0000050027,00002295,0000001677,'Student',NULL,NULL,'Y'),
    (0000050028,00002295,0000001739,'Student',NULL,NULL,'Y'),
    (0000050029,00002295,0000001773,'Student',NULL,NULL,'Y'),
    (0000050030,00002295,0000001627,'Student',NULL,NULL,'Y'),
    (0000050031,00002295,0000001706,'Student',NULL,NULL,'Y'),
    (0000050032,00002295,0000001612,'Student',NULL,NULL,'Y'),
    (0000050033,00002295,0000001735,'Student',NULL,NULL,'Y'),
    (0000050034,00002295,0000001617,'Student',NULL,NULL,'Y'),
    (0000050035,00002295,0000001700,'Student',NULL,NULL,'Y'),
    (0000050036,00002295,0000001828,'Student',NULL,NULL,'Y'),
    (0000050037,00002295,0000001848,'Student',NULL,NULL,'Y'),
    (0000050038,00002295,0000002035,'Student',NULL,NULL,'Y'),
    (0000050039,00002295,0000002087,'Student',NULL,NULL,'Y'),
    (0000050040,00002295,0000002081,'Student',NULL,NULL,'Y'),
    (0000050041,00002295,0000002401,'Student',NULL,NULL,'Y'),
    (0000050042,00002295,0000002488,'Student',NULL,NULL,'Y'),
    (0000050043,00002295,0000002060,'Student',NULL,NULL,'Y'),
    (0000050044,00002295,0000002673,'Student',NULL,NULL,'Y'),
    (0000050045,00002555,0000001858,'Student',NULL,NULL,'Y'),
    (0000050046,00002555,0000001667,'Student',NULL,NULL,'Y'),
    (0000050047,00002555,0000001753,'Student',NULL,NULL,'Y'),
    (0000050048,00002555,0000001713,'Student',NULL,NULL,'Y'),
    (0000050049,00002555,0000001654,'Student',NULL,NULL,'Y'),
    (0000050050,00002555,0000001616,'Student',NULL,NULL,'Y'),
    (0000050051,00002555,0000001609,'Student',NULL,NULL,'Y'),
    (0000050052,00002555,0000001657,'Student',NULL,NULL,'Y'),
    (0000050053,00002555,0000001621,'Student',NULL,NULL,'Y'),
    (0000050054,00002555,0000001628,'Student',NULL,NULL,'Y'),
    (0000050055,00002555,0000001603,'Student',NULL,NULL,'Y'),
    (0000050056,00002555,0000001796,'Student',NULL,NULL,'Y'),
    (0000050057,00002555,0000001831,'Student',NULL,NULL,'Y'),
    (0000050058,00002555,0000002063,'Student',NULL,NULL,'Y'),
    (0000050059,00002555,0000002386,'Student',NULL,NULL,'Y'),
    (0000050060,00002555,0000002441,'Student',NULL,NULL,'Y'),
    (0000050061,00002555,0000002548,'Student',NULL,NULL,'Y'),
    (0000050062,00002555,0000002723,'Student',NULL,NULL,'Y'),
    (0000050063,00002469,0000002299,'Student',NULL,NULL,'Y'),
    (0000050064,00002469,0000002216,'Student',NULL,NULL,'Y'),
    (0000050065,00002469,0000002253,'Student',NULL,NULL,'Y'),
    (0000050066,00002503,0000001878,'Student',NULL,NULL,'Y'),
    (0000050067,00002503,0000001918,'Student',NULL,NULL,'Y'),
    (0000050068,00002503,0000002022,'Student',NULL,NULL,'Y'),
    (0000050069,00002297,0000001667,'Student',NULL,NULL,'Y'),
    (0000050070,00002297,0000001616,'Student',NULL,NULL,'Y'),
    (0000050071,00002323,0000001388,'Student',NULL,NULL,'Y'),
    (0000050072,00002562,0000002212,'Student',NULL,NULL,'Y'),
    (0000050073,00002562,0000002299,'Student',NULL,NULL,'Y'),
    (0000050074,00002562,0000002175,'Student',NULL,NULL,'Y'),
    (0000050075,00002562,0000002330,'Student',NULL,NULL,'Y'),
    (0000050076,00002562,0000002340,'Student',NULL,NULL,'Y'),
    (0000050077,00002562,0000002262,'Student',NULL,NULL,'Y'),
    (0000050078,00002562,0000002296,'Student',NULL,NULL,'Y'),
    (0000050079,00002562,0000002194,'Student',NULL,NULL,'Y'),
    (0000050080,00002562,0000002250,'Student',NULL,NULL,'Y'),
    (0000050081,00002562,0000002293,'Student',NULL,NULL,'Y'),
    (0000050082,00002562,0000002268,'Student',NULL,NULL,'Y'),
    (0000050083,00002562,0000002247,'Student',NULL,NULL,'Y'),
    (0000050084,00002562,0000002200,'Student',NULL,NULL,'Y'),
    (0000050085,00002562,0000002190,'Student',NULL,NULL,'Y'),
    (0000050086,00002562,0000002160,'Student',NULL,NULL,'Y'),
    (0000050087,00002562,0000002420,'Student',NULL,NULL,'Y'),
    (0000050088,00002562,0000002523,'Student',NULL,NULL,'Y'),
    (0000050089,00002562,0000002271,'Student',NULL,NULL,'Y'),
    (0000050090,00002562,0000002514,'Student',NULL,NULL,'Y'),
    (0000050091,00002562,0000002520,'Student',NULL,NULL,'Y'),
    (0000050092,00002564,0000002206,'Student',NULL,NULL,'Y'),
    (0000050093,00002564,0000002253,'Student',NULL,NULL,'Y'),
    (0000050094,00002564,0000002166,'Student',NULL,NULL,'Y'),
    (0000050095,00002564,0000002383,'Student',NULL,NULL,'Y'),
    (0000050096,00002564,0000002333,'Student',NULL,NULL,'Y'),
    (0000050097,00002564,0000002233,'Student',NULL,NULL,'Y'),
    (0000050098,00002564,0000002232,'Student',NULL,NULL,'Y'),
    (0000050099,00002564,0000002374,'Student',NULL,NULL,'Y'),
    (0000050100,00002564,0000002265,'Student',NULL,NULL,'Y'),
    (0000050101,00002564,0000002511,'Student',NULL,NULL,'Y'),
    (0000050102,00002564,0000002501,'Student',NULL,NULL,'Y'),
    (0000050103,00002564,0000002215,'Student',NULL,NULL,'Y'),
    (0000050104,00002564,0000002243,'Student',NULL,NULL,'Y'),
    (0000050105,00002564,0000002203,'Student',NULL,NULL,'Y'),
    (0000050106,00002564,0000002283,'Student',NULL,NULL,'Y'),
    (0000050107,00002563,0000002231,'Student',NULL,NULL,'Y'),
    (0000050108,00002563,0000002169,'Student',NULL,NULL,'Y'),
    (0000050109,00002563,0000002150,'Student',NULL,NULL,'Y'),
    (0000050110,00002563,0000002323,'Student',NULL,NULL,'Y'),
    (0000050111,00002563,0000002395,'Student',NULL,NULL,'Y'),
    (0000050112,00002563,0000002216,'Student',NULL,NULL,'Y'),
    (0000050113,00002563,0000002334,'Student',NULL,NULL,'Y'),
    (0000050114,00002563,0000002239,'Student',NULL,NULL,'Y'),
    (0000050115,00002563,0000002236,'Student',NULL,NULL,'Y'),
    (0000050116,00002563,0000002529,'Student',NULL,NULL,'Y'),
    (0000050117,00002563,0000002517,'Student',NULL,NULL,'Y'),
    (0000050118,00002563,0000002504,'Student',NULL,NULL,'Y'),
    (0000050119,00002561,0000002360,'Student',NULL,NULL,'Y'),
    (0000050120,00002561,0000002364,'Student',NULL,NULL,'Y'),
    (0000050121,00002561,0000002277,'Student',NULL,NULL,'Y'),
    (0000050122,00002561,0000002498,'Student',NULL,NULL,'Y'),
    (0000050123,00002561,0000002348,'Student',NULL,NULL,'Y'),
    (0000050124,00002561,0000002193,'Student',NULL,NULL,'Y'),
    (0000050125,00002561,0000002187,'Student',NULL,NULL,'Y'),
    (0000050126,00002561,0000002302,'Student',NULL,NULL,'Y'),
    (0000050127,00002561,0000002178,'Student',NULL,NULL,'Y'),
    (0000050128,00002561,0000002172,'Student',NULL,NULL,'Y'),
    (0000050129,00002561,0000002319,'Student',NULL,NULL,'Y'),
    (0000050130,00002561,0000002526,'Student',NULL,NULL,'Y'),
    (0000050131,00002561,0000002508,'Student',NULL,NULL,'Y'),
    (0000050132,00002561,0000002505,'Student',NULL,NULL,'Y'),
    (0000050133,00002561,0000002371,'Student',NULL,NULL,'Y'),
    (0000050134,00002561,0000002163,'Student',NULL,NULL,'Y'),
    (0000050135,00002561,0000002535,'Student',NULL,NULL,'Y'),
    (0000050136,00002561,0000002537,'Student',NULL,NULL,'Y'),
    (0000050137,00002561,0000002545,'Student',NULL,NULL,'Y'),
    (0000050138,00002568,0000002129,'Student',NULL,NULL,'Y'),
    (0000050139,00002568,0000002012,'Student',NULL,NULL,'Y'),
    (0000050140,00002568,0000001934,'Student',NULL,NULL,'Y'),
    (0000050141,00002568,0000001875,'Student',NULL,NULL,'Y'),
    (0000050142,00002568,0000001888,'Student',NULL,NULL,'Y'),
    (0000050143,00002568,0000002056,'Student',NULL,NULL,'Y'),
    (0000050144,00002568,0000002019,'Student',NULL,NULL,'Y'),
    (0000050145,00002568,0000001986,'Student',NULL,NULL,'Y'),
    (0000050146,00002568,0000001870,'Student',NULL,NULL,'Y'),
    (0000050147,00002568,0000002022,'Student',NULL,NULL,'Y'),
    (0000050148,00002568,0000001901,'Student',NULL,NULL,'Y'),
    (0000050149,00002568,0000001914,'Student',NULL,NULL,'Y'),
    (0000050150,00002568,0000001864,'Student',NULL,NULL,'Y'),
    (0000050151,00002568,0000002029,'Student',NULL,NULL,'Y'),
    (0000050152,00002568,0000001882,'Student',NULL,NULL,'Y'),
    (0000050153,00002568,0000002389,'Student',NULL,NULL,'Y'),
    (0000050154,00002568,0000001928,'Student',NULL,NULL,'Y'),
    (0000050155,00002568,0000002280,'Student',NULL,NULL,'Y'),
    (0000050156,00002568,0000002404,'Student',NULL,NULL,'Y'),
    (0000050157,00002568,0000002491,'Student',NULL,NULL,'Y'),
    (0000050158,00002565,0000001898,'Student',NULL,NULL,'Y'),
    (0000050159,00002565,0000001921,'Student',NULL,NULL,'Y'),
    (0000050160,00002565,0000001894,'Student',NULL,NULL,'Y'),
    (0000050161,00002565,0000002123,'Student',NULL,NULL,'Y'),
    (0000050162,00002565,0000002009,'Student',NULL,NULL,'Y'),
    (0000050163,00002565,0000001992,'Student',NULL,NULL,'Y'),
    (0000050164,00002565,0000001924,'Student',NULL,NULL,'Y'),
    (0000050165,00002565,0000001995,'Student',NULL,NULL,'Y'),
    (0000050166,00002565,0000001989,'Student',NULL,NULL,'Y'),
    (0000050167,00002565,0000001980,'Student',NULL,NULL,'Y'),
    (0000050168,00002565,0000001925,'Student',NULL,NULL,'Y'),
    (0000050169,00002565,0000002037,'Student',NULL,NULL,'Y'),
    (0000050170,00002565,0000002006,'Student',NULL,NULL,'Y'),
    (0000050171,00002565,0000001918,'Student',NULL,NULL,'Y'),
    (0000050172,00002565,0000001964,'Student',NULL,NULL,'Y'),
    (0000050173,00002565,0000001878,'Student',NULL,NULL,'Y'),
    (0000050174,00002565,0000002135,'Student',NULL,NULL,'Y'),
    (0000050175,00002565,0000001897,'Student',NULL,NULL,'Y'),
    (0000050176,00002565,0000002076,'Student',NULL,NULL,'Y'),
    (0000050177,00002565,0000002555,'Student',NULL,NULL,'Y'),
    (0000050178,00002566,0000002093,'Student',NULL,NULL,'Y'),
    (0000050179,00002566,0000001977,'Student',NULL,NULL,'Y'),
    (0000050180,00002566,0000001974,'Student',NULL,NULL,'Y'),
    (0000050181,00002566,0000001885,'Student',NULL,NULL,'Y'),
    (0000050182,00002566,0000001913,'Student',NULL,NULL,'Y'),
    (0000050183,00002566,0000001937,'Student',NULL,NULL,'Y'),
    (0000050184,00002566,0000002116,'Student',NULL,NULL,'Y'),
    (0000050185,00002566,0000002079,'Student',NULL,NULL,'Y'),
    (0000050186,00002566,0000001946,'Student',NULL,NULL,'Y'),
    (0000050187,00002567,0000001904,'Student',NULL,NULL,'Y'),
    (0000050188,00002567,0000002040,'Student',NULL,NULL,'Y'),
    (0000050189,00002567,0000001911,'Student',NULL,NULL,'Y'),
    (0000050190,00002567,0000001970,'Student',NULL,NULL,'Y'),
    (0000050191,00002567,0000001960,'Student',NULL,NULL,'Y'),
    (0000050192,00002567,0000001879,'Student',NULL,NULL,'Y'),
    (0000050193,00002567,0000001891,'Student',NULL,NULL,'Y'),
    (0000050194,00002567,0000001955,'Student',NULL,NULL,'Y'),
    (0000050195,00002567,0000001905,'Student',NULL,NULL,'Y'),
    (0000050196,00002567,0000001983,'Student',NULL,NULL,'Y'),
    (0000050197,00002567,0000001931,'Student',NULL,NULL,'Y'),
    (0000050198,00002567,0000002141,'Student',NULL,NULL,'Y'),
    (0000050199,00002567,0000001915,'Student',NULL,NULL,'Y'),
    (0000050200,00002567,0000002000,'Student',NULL,NULL,'Y'),
    (0000050201,00002567,0000002327,'Student',NULL,NULL,'Y'),
    (0000050202,00002567,0000002113,'Student',NULL,NULL,'Y'),
    (0000050203,00002567,0000002532,'Student',NULL,NULL,'Y'),
    (0000050204,00002567,0000002495,'Student',NULL,NULL,'Y'),
    (0000050205,00002571,0000002386,'Student',NULL,NULL,'Y'),
    (0000050206,00002571,0000001593,'Student',NULL,NULL,'Y'),
    (0000050207,00002571,0000001744,'Student',NULL,NULL,'Y'),
    (0000050208,00002571,0000001591,'Student',NULL,NULL,'Y'),
    (0000050209,00002571,0000001713,'Student',NULL,NULL,'Y'),
    (0000050210,00002571,0000001753,'Student',NULL,NULL,'Y'),
    (0000050211,00002571,0000001617,'Student',NULL,NULL,'Y'),
    (0000050212,00002571,0000001654,'Student',NULL,NULL,'Y'),
    (0000050213,00002571,0000001612,'Student',NULL,NULL,'Y'),
    (0000050214,00002571,0000001796,'Student',NULL,NULL,'Y'),
    (0000050215,00002571,0000001627,'Student',NULL,NULL,'Y'),
    (0000050216,00002571,0000001616,'Student',NULL,NULL,'Y'),
    (0000050217,00002571,0000001773,'Student',NULL,NULL,'Y'),
    (0000050218,00002571,0000001761,'Student',NULL,NULL,'Y'),
    (0000050219,00002571,0000001739,'Student',NULL,NULL,'Y'),
    (0000050220,00002571,0000001628,'Student',NULL,NULL,'Y'),
    (0000050221,00002571,0000001828,'Student',NULL,NULL,'Y'),
    (0000050222,00002571,0000001779,'Student',NULL,NULL,'Y'),
    (0000050223,00002571,0000001657,'Student',NULL,NULL,'Y'),
    (0000050224,00002571,0000002156,'Student',NULL,NULL,'Y'),
    (0000050225,00002571,0000001603,'Student',NULL,NULL,'Y'),
    (0000050226,00002571,0000002548,'Student',NULL,NULL,'Y'),
    (0000050227,00002571,0000002719,'Student',NULL,NULL,'Y'),
    (0000050228,00002571,0000002723,'Student',NULL,NULL,'Y'),
    (0000050229,00002590,0000002063,'Student',NULL,NULL,'Y'),
    (0000050230,00002590,0000001706,'Student',NULL,NULL,'Y'),
    (0000050231,00002590,0000001645,'Student',NULL,NULL,'Y'),
    (0000050232,00002590,0000001721,'Student',NULL,NULL,'Y'),
    (0000050233,00002590,0000001848,'Student',NULL,NULL,'Y'),
    (0000050234,00002590,0000001858,'Student',NULL,NULL,'Y'),
    (0000050235,00002590,0000001735,'Student',NULL,NULL,'Y'),
    (0000050236,00002590,0000001831,'Student',NULL,NULL,'Y'),
    (0000050237,00002590,0000001609,'Student',NULL,NULL,'Y'),
    (0000050238,00002590,0000001801,'Student',NULL,NULL,'Y'),
    (0000050239,00002590,0000001621,'Student',NULL,NULL,'Y'),
    (0000050240,00002590,0000002401,'Student',NULL,NULL,'Y'),
    (0000050241,00002590,0000002488,'Student',NULL,NULL,'Y'),
    (0000050242,00002572,0000001639,'Student',NULL,NULL,'Y'),
    (0000050243,00002572,0000001642,'Student',NULL,NULL,'Y'),
    (0000050244,00002572,0000002081,'Student',NULL,NULL,'Y'),
    (0000050245,00002572,0000001686,'Student',NULL,NULL,'Y'),
    (0000050246,00002572,0000002033,'Student',NULL,NULL,'Y'),
    (0000050247,00002572,0000002309,'Student',NULL,NULL,'Y'),
    (0000050248,00002572,0000001700,'Student',NULL,NULL,'Y'),
    (0000050249,00002572,0000001600,'Student',NULL,NULL,'Y'),
    (0000050250,00002572,0000001791,'Student',NULL,NULL,'Y'),
    (0000050251,00002572,0000001730,'Student',NULL,NULL,'Y'),
    (0000050252,00002572,0000001667,'Student',NULL,NULL,'Y'),
    (0000050253,00002572,0000002097,'Student',NULL,NULL,'Y'),
    (0000050254,00002572,0000002066,'Student',NULL,NULL,'Y'),
    (0000050255,00002572,0000001677,'Student',NULL,NULL,'Y'),
    (0000050256,00002572,0000002035,'Student',NULL,NULL,'Y'),
    (0000050257,00002572,0000002087,'Student',NULL,NULL,'Y'),
    (0000050258,00002572,0000002060,'Student',NULL,NULL,'Y'),
    (0000050259,00002572,0000002673,'Student',NULL,NULL,'Y'),
    (0000050260,00002572,0000002441,'Student',NULL,NULL,'Y'),
    (0000050261,00002572,0000002737,'Student',NULL,NULL,'Y'),
    (0000050262,00002575,0000001486,'Student',NULL,NULL,'Y'),
    (0000050263,00002575,0000001430,'Student',NULL,NULL,'Y'),
    (0000050264,00002575,0000001367,'Student',NULL,NULL,'Y'),
    (0000050265,00002575,0000001440,'Student',NULL,NULL,'Y'),
    (0000050266,00002575,0000001520,'Student',NULL,NULL,'Y'),
    (0000050267,00002575,0000001845,'Student',NULL,NULL,'Y'),
    (0000050268,00002575,0000002490,'Student',NULL,NULL,'Y'),
    (0000050269,00002575,0000002541,'Student',NULL,NULL,'Y'),
    (0000050270,00002575,0000002407,'Student',NULL,NULL,'Y'),
    (0000050271,00002575,0000000876,'Student',NULL,NULL,'Y'),
    (0000050272,00002576,0000001355,'Student',NULL,NULL,'Y'),
    (0000050273,00002576,0000001410,'Student',NULL,NULL,'Y'),
    (0000050274,00002576,0000001471,'Student',NULL,NULL,'Y'),
    (0000050275,00002576,0000001416,'Student',NULL,NULL,'Y'),
    (0000050276,00002576,0000001393,'Student',NULL,NULL,'Y'),
    (0000050277,00002576,0000001399,'Student',NULL,NULL,'Y'),
    (0000050278,00002576,0000001483,'Student',NULL,NULL,'Y'),
    (0000050279,00002576,0000001631,'Student',NULL,NULL,'Y'),
    (0000050280,00002576,0000001374,'Student',NULL,NULL,'Y'),
    (0000050281,00002576,0000001507,'Student',NULL,NULL,'Y'),
    (0000050282,00002576,0000001388,'Student',NULL,NULL,'Y'),
    (0000050283,00002576,0000001571,'Student',NULL,NULL,'Y'),
    (0000050284,00002576,0000001396,'Student',NULL,NULL,'Y'),
    (0000050285,00002576,0000002286,'Student',NULL,NULL,'Y'),
    (0000050286,00002576,0000002306,'Student',NULL,NULL,'Y'),
    (0000050287,00002576,0000001352,'Student',NULL,NULL,'Y'),
    (0000050288,00002576,0000002316,'Student',NULL,NULL,'Y'),
    (0000050289,00002576,0000002398,'Student',NULL,NULL,'Y'),
    (0000050290,00002576,0000001358,'Student',NULL,NULL,'Y'),
    (0000050291,00002576,0000002357,'Student',NULL,NULL,'Y'),
    (0000050292,00002574,0000001377,'Student',NULL,NULL,'Y'),
    (0000050293,00002574,0000001391,'Student',NULL,NULL,'Y'),
    (0000050294,00002574,0000001424,'Student',NULL,NULL,'Y'),
    (0000050295,00002574,0000001400,'Student',NULL,NULL,'Y'),
    (0000050296,00002574,0000001492,'Student',NULL,NULL,'Y'),
    (0000050297,00002574,0000001403,'Student',NULL,NULL,'Y'),
    (0000050298,00002574,0000001445,'Student',NULL,NULL,'Y'),
    (0000050299,00002574,0000001477,'Student',NULL,NULL,'Y'),
    (0000050300,00002574,0000001538,'Student',NULL,NULL,'Y'),
    (0000050301,00002574,0000001692,'Student',NULL,NULL,'Y'),
    (0000050302,00002574,0000001585,'Student',NULL,NULL,'Y'),
    (0000050303,00002574,0000001427,'Student',NULL,NULL,'Y'),
    (0000050304,00002574,0000002084,'Student',NULL,NULL,'Y'),
    (0000050305,00002574,0000001710,'Student',NULL,NULL,'Y'),
    (0000050306,00002574,0000002380,'Student',NULL,NULL,'Y'),
    (0000050307,00002574,0000002444,'Student',NULL,NULL,'Y'),
    (0000050308,00002574,0000001364,'Student',NULL,NULL,'Y'),
    (0000050309,00002574,0000001465,'Student',NULL,NULL,'Y'),
    (0000050310,00002574,0000001867,'Student',NULL,NULL,'Y'),
    (0000050311,00002574,0000002729,'Student',NULL,NULL,'Y'),
    (0000050312,00002389,0000000905,'Student',NULL,NULL,'Y'),
    (0000050313,00002389,0000000931,'Student',NULL,NULL,'Y'),
    (0000050314,00002389,0000001016,'Student',NULL,NULL,'Y'),
    (0000050315,00002389,0000001022,'Student',NULL,NULL,'Y'),
    (0000050316,00002389,0000000925,'Student',NULL,NULL,'Y'),
    (0000050317,00002389,0000001019,'Student',NULL,NULL,'Y'),
    (0000050318,00002390,0000000928,'Student',NULL,NULL,'Y'),
    (0000050319,00002390,0000000897,'Student',NULL,NULL,'Y'),
    (0000050320,00002390,0000000937,'Student',NULL,NULL,'Y'),
    (0000050321,00002390,0000002392,'Student',NULL,NULL,'Y'),
    (0000050322,00002390,0000001008,'Student',NULL,NULL,'Y'),
    (0000050323,00002390,0000002184,'Student',NULL,NULL,'Y'),
    (0000050324,00002327,0000001352,'Student',NULL,NULL,'Y'),
    (0000050325,00002327,0000001400,'Student',NULL,NULL,'Y'),
    (0000050326,00002327,0000001571,'Student',NULL,NULL,'Y'),
    (0000050327,00002327,0000001396,'Student',NULL,NULL,'Y'),
    (0000050328,00002327,0000001358,'Student',NULL,NULL,'Y'),
    (0000050329,00002327,0000001374,'Student',NULL,NULL,'Y'),
    (0000050330,00002327,0000001471,'Student',NULL,NULL,'Y'),
    (0000050331,00002327,0000001391,'Student',NULL,NULL,'Y'),
    (0000050332,00002327,0000001483,'Student',NULL,NULL,'Y'),
    (0000050333,00002327,0000001388,'Student',NULL,NULL,'Y'),
    (0000050334,00002327,0000002357,'Student',NULL,NULL,'Y'),
    (0000050335,00002327,0000002306,'Student',NULL,NULL,'Y'),
    (0000050336,00002327,0000001845,'Student',NULL,NULL,'Y'),
    (0000050337,00002327,0000001427,'Student',NULL,NULL,'Y'),
    (0000050338,00002327,0000001399,'Student',NULL,NULL,'Y'),
    (0000050339,00002327,0000002407,'Student',NULL,NULL,'Y'),
    (0000050340,00002327,0000002444,'Student',NULL,NULL,'Y'),
    (0000050341,00002391,0000000964,'Student',NULL,NULL,'Y'),
    (0000050342,00002391,0000000934,'Student',NULL,NULL,'Y'),
    (0000050343,00002391,0000001819,'Student',NULL,NULL,'Y'),
    (0000050344,00002391,0000000913,'Student',NULL,NULL,'Y'),
    (0000050345,00002391,0000000922,'Student',NULL,NULL,'Y'),
    (0000050346,00002509,0000001915,'Student',NULL,NULL,'Y'),
    (0000050347,00002509,0000001934,'Student',NULL,NULL,'Y'),
    (0000050348,00002509,0000002009,'Student',NULL,NULL,'Y'),
    (0000050349,00002509,0000001992,'Student',NULL,NULL,'Y'),
    (0000050350,00002509,0000001974,'Student',NULL,NULL,'Y'),
    (0000050351,00002509,0000001995,'Student',NULL,NULL,'Y'),
    (0000050352,00002509,0000001983,'Student',NULL,NULL,'Y'),
    (0000050353,00002509,0000001870,'Student',NULL,NULL,'Y'),
    (0000050354,00002509,0000001901,'Student',NULL,NULL,'Y'),
    (0000050355,00002509,0000001914,'Student',NULL,NULL,'Y'),
    (0000050356,00002509,0000001980,'Student',NULL,NULL,'Y'),
    (0000050357,00002509,0000001864,'Student',NULL,NULL,'Y'),
    (0000050358,00002509,0000002006,'Student',NULL,NULL,'Y'),
    (0000050359,00002509,0000001878,'Student',NULL,NULL,'Y'),
    (0000050360,00002509,0000001882,'Student',NULL,NULL,'Y'),
    (0000050361,00002509,0000001897,'Student',NULL,NULL,'Y'),
    (0000050362,00002509,0000002113,'Student',NULL,NULL,'Y'),
    (0000050363,00002509,0000002280,'Student',NULL,NULL,'Y'),
    (0000050364,00002509,0000002327,'Student',NULL,NULL,'Y'),
    (0000050365,00002509,0000002491,'Student',NULL,NULL,'Y'),
    (0000050366,00002509,0000002532,'Student',NULL,NULL,'Y'),
    (0000050367,00002509,0000002495,'Student',NULL,NULL,'Y'),
    (0000050368,00002508,0000002012,'Student',NULL,NULL,'Y'),
    (0000050369,00002508,0000001891,'Student',NULL,NULL,'Y'),
    (0000050370,00002508,0000001888,'Student',NULL,NULL,'Y'),
    (0000050371,00002508,0000001905,'Student',NULL,NULL,'Y'),
    (0000050372,00002508,0000001924,'Student',NULL,NULL,'Y'),
    (0000050373,00002508,0000002056,'Student',NULL,NULL,'Y'),
    (0000050374,00002508,0000001977,'Student',NULL,NULL,'Y'),
    (0000050375,00002508,0000001885,'Student',NULL,NULL,'Y'),
    (0000050376,00002508,0000001955,'Student',NULL,NULL,'Y'),
    (0000050377,00002508,0000001986,'Student',NULL,NULL,'Y'),
    (0000050378,00002508,0000002000,'Student',NULL,NULL,'Y'),
    (0000050379,00002508,0000001913,'Student',NULL,NULL,'Y'),
    (0000050380,00002508,0000001898,'Student',NULL,NULL,'Y'),
    (0000050381,00002508,0000002037,'Student',NULL,NULL,'Y'),
    (0000050382,00002508,0000001921,'Student',NULL,NULL,'Y'),
    (0000050383,00002508,0000001918,'Student',NULL,NULL,'Y'),
    (0000050384,00002508,0000001964,'Student',NULL,NULL,'Y'),
    (0000050385,00002508,0000001946,'Student',NULL,NULL,'Y'),
    (0000050386,00002508,0000002135,'Student',NULL,NULL,'Y'),
    (0000050387,00002508,0000002141,'Student',NULL,NULL,'Y'),
    (0000050388,00002508,0000002389,'Student',NULL,NULL,'Y'),
    (0000050389,00002508,0000001937,'Student',NULL,NULL,'Y'),
    (0000050390,00002508,0000002555,'Student',NULL,NULL,'Y'),
    (0000050391,00002510,0000002116,'Student',NULL,NULL,'Y'),
    (0000050392,00002510,0000001928,'Student',NULL,NULL,'Y'),
    (0000050393,00002510,0000001894,'Student',NULL,NULL,'Y'),
    (0000050394,00002510,0000001875,'Student',NULL,NULL,'Y'),
    (0000050395,00002510,0000002093,'Student',NULL,NULL,'Y'),
    (0000050396,00002510,0000001904,'Student',NULL,NULL,'Y'),
    (0000050397,00002510,0000001989,'Student',NULL,NULL,'Y'),
    (0000050398,00002510,0000002019,'Student',NULL,NULL,'Y'),
    (0000050399,00002510,0000002022,'Student',NULL,NULL,'Y'),
    (0000050400,00002510,0000002040,'Student',NULL,NULL,'Y'),
    (0000050401,00002510,0000001911,'Student',NULL,NULL,'Y'),
    (0000050402,00002510,0000001970,'Student',NULL,NULL,'Y'),
    (0000050403,00002510,0000001960,'Student',NULL,NULL,'Y'),
    (0000050404,00002510,0000002029,'Student',NULL,NULL,'Y'),
    (0000050405,00002510,0000001879,'Student',NULL,NULL,'Y'),
    (0000050406,00002510,0000002079,'Student',NULL,NULL,'Y'),
    (0000050407,00002510,0000002076,'Student',NULL,NULL,'Y'),
    (0000050408,00002510,0000002123,'Student',NULL,NULL,'Y'),
    (0000050409,00002510,0000002129,'Student',NULL,NULL,'Y'),
    (0000050410,00002510,0000001931,'Student',NULL,NULL,'Y'),
    (0000050411,00002510,0000002404,'Student',NULL,NULL,'Y'),
    (0000050412,00002510,0000001925,'Student',NULL,NULL,'Y'),
    (0000050413,00002303,0000001593,'Student',NULL,NULL,'Y'),
    (0000050414,00002303,0000001642,'Student',NULL,NULL,'Y'),
    (0000050415,00002303,0000001639,'Student',NULL,NULL,'Y'),
    (0000050416,00002303,0000001744,'Student',NULL,NULL,'Y'),
    (0000050417,00002303,0000001686,'Student',NULL,NULL,'Y'),
    (0000050418,00002303,0000001591,'Student',NULL,NULL,'Y'),
    (0000050419,00002303,0000001600,'Student',NULL,NULL,'Y'),
    (0000050420,00002303,0000001791,'Student',NULL,NULL,'Y'),
    (0000050421,00002303,0000001730,'Student',NULL,NULL,'Y'),
    (0000050422,00002303,0000001801,'Student',NULL,NULL,'Y'),
    (0000050423,00002303,0000001761,'Student',NULL,NULL,'Y'),
    (0000050424,00002303,0000001779,'Student',NULL,NULL,'Y'),
    (0000050425,00002303,0000001721,'Student',NULL,NULL,'Y'),
    (0000050426,00002303,0000002033,'Student',NULL,NULL,'Y'),
    (0000050427,00002303,0000002097,'Student',NULL,NULL,'Y'),
    (0000050428,00002303,0000002309,'Student',NULL,NULL,'Y'),
    (0000050429,00002303,0000002156,'Student',NULL,NULL,'Y'),
    (0000050430,00002303,0000002719,'Student',NULL,NULL,'Y'),
    (0000050431,00002303,0000002737,'Student',NULL,NULL,'Y'),
    (0000050432,00002302,0000001645,'Student',NULL,NULL,'Y'),
    (0000050433,00002302,0000001700,'Student',NULL,NULL,'Y'),
    (0000050434,00002302,0000001617,'Student',NULL,NULL,'Y'),
    (0000050435,00002302,0000001735,'Student',NULL,NULL,'Y'),
    (0000050436,00002302,0000001612,'Student',NULL,NULL,'Y'),
    (0000050437,00002302,0000001706,'Student',NULL,NULL,'Y'),
    (0000050438,00002302,0000001627,'Student',NULL,NULL,'Y'),
    (0000050439,00002302,0000001773,'Student',NULL,NULL,'Y'),
    (0000050440,00002302,0000001739,'Student',NULL,NULL,'Y'),
    (0000050441,00002302,0000001677,'Student',NULL,NULL,'Y'),
    (0000050442,00002302,0000001828,'Student',NULL,NULL,'Y'),
    (0000050443,00002302,0000001848,'Student',NULL,NULL,'Y'),
    (0000050444,00002302,0000002035,'Student',NULL,NULL,'Y'),
    (0000050445,00002302,0000002066,'Student',NULL,NULL,'Y'),
    (0000050446,00002302,0000002087,'Student',NULL,NULL,'Y'),
    (0000050447,00002302,0000002081,'Student',NULL,NULL,'Y'),
    (0000050448,00002302,0000002401,'Student',NULL,NULL,'Y'),
    (0000050449,00002302,0000002488,'Student',NULL,NULL,'Y'),
    (0000050450,00002302,0000002060,'Student',NULL,NULL,'Y'),
    (0000050451,00002302,0000002673,'Student',NULL,NULL,'Y'),
    (0000050452,00002581,0000001858,'Student',NULL,NULL,'Y'),
    (0000050453,00002581,0000001796,'Student',NULL,NULL,'Y'),
    (0000050454,00002581,0000001667,'Student',NULL,NULL,'Y'),
    (0000050455,00002581,0000001753,'Student',NULL,NULL,'Y'),
    (0000050456,00002581,0000001713,'Student',NULL,NULL,'Y'),
    (0000050457,00002581,0000001654,'Student',NULL,NULL,'Y'),
    (0000050458,00002581,0000001616,'Student',NULL,NULL,'Y'),
    (0000050459,00002581,0000001609,'Student',NULL,NULL,'Y'),
    (0000050460,00002581,0000001657,'Student',NULL,NULL,'Y'),
    (0000050461,00002581,0000001621,'Student',NULL,NULL,'Y'),
    (0000050462,00002581,0000001628,'Student',NULL,NULL,'Y'),
    (0000050463,00002581,0000001603,'Student',NULL,NULL,'Y'),
    (0000050464,00002581,0000001831,'Student',NULL,NULL,'Y'),
    (0000050465,00002581,0000002063,'Student',NULL,NULL,'Y'),
    (0000050466,00002581,0000002386,'Student',NULL,NULL,'Y'),
    (0000050467,00002581,0000002441,'Student',NULL,NULL,'Y'),
    (0000050468,00002581,0000002548,'Student',NULL,NULL,'Y'),
    (0000050469,00002581,0000002723,'Student',NULL,NULL,'Y'),
    (0000050508,00002358,0000001276,'Student',NULL,NULL,'Y'),
    (0000050509,00002358,0000001275,'Student',NULL,NULL,'Y'),
    (0000050510,00002358,0000001251,'Student',NULL,NULL,'Y'),
    (0000050511,00002358,0000001163,'Student',NULL,NULL,'Y'),
    (0000050512,00002358,0000001226,'Student',NULL,NULL,'Y'),
    (0000050513,00002358,0000001222,'Student',NULL,NULL,'Y'),
    (0000050514,00002358,0000001182,'Student',NULL,NULL,'Y'),
    (0000050515,00002358,0000001166,'Student',NULL,NULL,'Y'),
    (0000050516,00002358,0000001178,'Student',NULL,NULL,'Y'),
    (0000050517,00002358,0000001263,'Student',NULL,NULL,'Y'),
    (0000050518,00002358,0000001214,'Student',NULL,NULL,'Y'),
    (0000050519,00002358,0000001204,'Student',NULL,NULL,'Y'),
    (0000050520,00002358,0000001245,'Student',NULL,NULL,'Y'),
    (0000050521,00002358,0000001200,'Student',NULL,NULL,'Y'),
    (0000050522,00002358,0000001680,'Student',NULL,NULL,'Y'),
    (0000050523,00002358,0000001193,'Student',NULL,NULL,'Y'),
    (0000050524,00002358,0000001154,'Student',NULL,NULL,'Y'),
    (0000050525,00002358,0000001259,'Student',NULL,NULL,'Y'),
    (0000050526,00002358,0000001233,'Student',NULL,NULL,'Y'),
    (0000050527,00002358,0000002109,'Student',NULL,NULL,'Y'),
    (0000050528,00002358,0000002100,'Student',NULL,NULL,'Y'),
    (0000050529,00002357,0000001548,'Student',NULL,NULL,'Y'),
    (0000050530,00002357,0000001814,'Student',NULL,NULL,'Y'),
    (0000050531,00002357,0000001254,'Student',NULL,NULL,'Y'),
    (0000050532,00002357,0000001528,'Student',NULL,NULL,'Y'),
    (0000050533,00002357,0000001201,'Student',NULL,NULL,'Y'),
    (0000050534,00002357,0000002090,'Student',NULL,NULL,'Y'),
    (0000050535,00002357,0000001157,'Student',NULL,NULL,'Y'),
    (0000050536,00002357,0000001236,'Student',NULL,NULL,'Y'),
    (0000050537,00002357,0000001257,'Student',NULL,NULL,'Y'),
    (0000050538,00002357,0000001191,'Student',NULL,NULL,'Y'),
    (0000050539,00002357,0000001160,'Student',NULL,NULL,'Y'),
    (0000050540,00002357,0000001207,'Student',NULL,NULL,'Y'),
    (0000050541,00002357,0000001242,'Student',NULL,NULL,'Y'),
    (0000050542,00002357,0000001179,'Student',NULL,NULL,'Y'),
    (0000050543,00002357,0000002120,'Student',NULL,NULL,'Y'),
    (0000050544,00002357,0000002103,'Student',NULL,NULL,'Y'),
    (0000050545,00002357,0000002138,'Student',NULL,NULL,'Y'),
    (0000050546,00002357,0000002145,'Student',NULL,NULL,'Y'),
    (0000050547,00002393,0000000922,'Student',NULL,NULL,'Y'),
    (0000050548,00002393,0000001008,'Student',NULL,NULL,'Y'),
    (0000050549,00002393,0000000934,'Student',NULL,NULL,'Y'),
    (0000050550,00002393,0000000931,'Student',NULL,NULL,'Y'),
    (0000050551,00002393,0000000913,'Student',NULL,NULL,'Y'),
    (0000050552,00002393,0000000925,'Student',NULL,NULL,'Y'),
    (0000050553,00002393,0000000905,'Student',NULL,NULL,'Y'),
    (0000050554,00002393,0000001016,'Student',NULL,NULL,'Y'),
    (0000050555,00002394,0000000931,'Student',NULL,NULL,'Y'),
    (0000050556,00002395,0000000905,'Student',NULL,NULL,'Y'),
    (0000050557,00002395,0000000931,'Student',NULL,NULL,'Y'),
    (0000050558,00002395,0000001016,'Student',NULL,NULL,'Y'),
    (0000050559,00002395,0000001022,'Student',NULL,NULL,'Y'),
    (0000050560,00002395,0000001019,'Student',NULL,NULL,'Y'),
    (0000050561,00002392,0000002184,'Student',NULL,NULL,'Y'),
    (0000050562,00002396,0000000928,'Student',NULL,NULL,'Y'),
    (0000050563,00002396,0000000922,'Student',NULL,NULL,'Y'),
    (0000050564,00002396,0000000925,'Student',NULL,NULL,'Y'),
    (0000050565,00002396,0000000897,'Student',NULL,NULL,'Y'),
    (0000050566,00002396,0000000913,'Student',NULL,NULL,'Y'),
    (0000050567,00002396,0000000934,'Student',NULL,NULL,'Y'),
    (0000050568,00002396,0000000937,'Student',NULL,NULL,'Y'),
    (0000050569,00002396,0000001819,'Student',NULL,NULL,'Y'),
    (0000050570,00002396,0000002392,'Student',NULL,NULL,'Y'),
    (0000050571,00002396,0000000876,'Student',NULL,NULL,'Y'),
    (0000050572,00002396,0000000964,'Student',NULL,NULL,'Y'),
    (0000050573,00002512,0000001915,'Student',NULL,NULL,'Y'),
    (0000050574,00002512,0000001934,'Student',NULL,NULL,'Y'),
    (0000050575,00002512,0000002009,'Student',NULL,NULL,'Y'),
    (0000050576,00002512,0000001992,'Student',NULL,NULL,'Y'),
    (0000050577,00002512,0000001974,'Student',NULL,NULL,'Y'),
    (0000050578,00002512,0000001995,'Student',NULL,NULL,'Y'),
    (0000050579,00002512,0000001983,'Student',NULL,NULL,'Y'),
    (0000050580,00002512,0000001870,'Student',NULL,NULL,'Y'),
    (0000050581,00002512,0000001901,'Student',NULL,NULL,'Y'),
    (0000050582,00002512,0000001914,'Student',NULL,NULL,'Y'),
    (0000050583,00002512,0000001980,'Student',NULL,NULL,'Y'),
    (0000050584,00002512,0000001864,'Student',NULL,NULL,'Y'),
    (0000050585,00002512,0000002006,'Student',NULL,NULL,'Y'),
    (0000050586,00002512,0000001878,'Student',NULL,NULL,'Y'),
    (0000050587,00002512,0000001882,'Student',NULL,NULL,'Y'),
    (0000050588,00002512,0000001897,'Student',NULL,NULL,'Y'),
    (0000050589,00002512,0000002113,'Student',NULL,NULL,'Y'),
    (0000050590,00002512,0000002280,'Student',NULL,NULL,'Y'),
    (0000050591,00002512,0000002327,'Student',NULL,NULL,'Y'),
    (0000050592,00002512,0000002491,'Student',NULL,NULL,'Y'),
    (0000050593,00002512,0000002532,'Student',NULL,NULL,'Y'),
    (0000050594,00002512,0000002495,'Student',NULL,NULL,'Y'),
    (0000050595,00002511,0000002012,'Student',NULL,NULL,'Y'),
    (0000050596,00002511,0000001891,'Student',NULL,NULL,'Y'),
    (0000050597,00002511,0000001888,'Student',NULL,NULL,'Y'),
    (0000050598,00002511,0000001905,'Student',NULL,NULL,'Y'),
    (0000050599,00002511,0000001924,'Student',NULL,NULL,'Y'),
    (0000050600,00002511,0000002056,'Student',NULL,NULL,'Y'),
    (0000050601,00002511,0000001977,'Student',NULL,NULL,'Y'),
    (0000050602,00002511,0000001885,'Student',NULL,NULL,'Y'),
    (0000050603,00002511,0000001955,'Student',NULL,NULL,'Y'),
    (0000050604,00002511,0000001986,'Student',NULL,NULL,'Y'),
    (0000050605,00002511,0000002000,'Student',NULL,NULL,'Y'),
    (0000050606,00002511,0000001913,'Student',NULL,NULL,'Y'),
    (0000050607,00002511,0000001898,'Student',NULL,NULL,'Y'),
    (0000050608,00002511,0000002037,'Student',NULL,NULL,'Y'),
    (0000050609,00002511,0000001921,'Student',NULL,NULL,'Y'),
    (0000050610,00002511,0000001918,'Student',NULL,NULL,'Y'),
    (0000050611,00002511,0000001964,'Student',NULL,NULL,'Y'),
    (0000050612,00002511,0000001946,'Student',NULL,NULL,'Y'),
    (0000050613,00002511,0000002135,'Student',NULL,NULL,'Y'),
    (0000050614,00002511,0000002141,'Student',NULL,NULL,'Y'),
    (0000050615,00002511,0000002389,'Student',NULL,NULL,'Y'),
    (0000050616,00002511,0000001937,'Student',NULL,NULL,'Y'),
    (0000050617,00002511,0000002555,'Student',NULL,NULL,'Y'),
    (0000050618,00002513,0000002116,'Student',NULL,NULL,'Y'),
    (0000050619,00002513,0000001928,'Student',NULL,NULL,'Y'),
    (0000050620,00002513,0000001894,'Student',NULL,NULL,'Y'),
    (0000050621,00002513,0000001875,'Student',NULL,NULL,'Y'),
    (0000050622,00002513,0000002093,'Student',NULL,NULL,'Y'),
    (0000050623,00002513,0000001904,'Student',NULL,NULL,'Y'),
    (0000050624,00002513,0000001989,'Student',NULL,NULL,'Y'),
    (0000050625,00002513,0000002019,'Student',NULL,NULL,'Y'),
    (0000050626,00002513,0000002022,'Student',NULL,NULL,'Y'),
    (0000050627,00002513,0000002040,'Student',NULL,NULL,'Y'),
    (0000050628,00002513,0000001911,'Student',NULL,NULL,'Y'),
    (0000050629,00002513,0000001970,'Student',NULL,NULL,'Y'),
    (0000050630,00002513,0000001960,'Student',NULL,NULL,'Y'),
    (0000050631,00002513,0000002029,'Student',NULL,NULL,'Y'),
    (0000050632,00002513,0000001879,'Student',NULL,NULL,'Y'),
    (0000050633,00002513,0000002079,'Student',NULL,NULL,'Y'),
    (0000050634,00002513,0000002076,'Student',NULL,NULL,'Y'),
    (0000050635,00002513,0000002123,'Student',NULL,NULL,'Y'),
    (0000050636,00002513,0000002129,'Student',NULL,NULL,'Y'),
    (0000050637,00002513,0000001931,'Student',NULL,NULL,'Y'),
    (0000050638,00002513,0000002404,'Student',NULL,NULL,'Y'),
    (0000050639,00002513,0000001925,'Student',NULL,NULL,'Y'),
    (0000050640,00002305,0000001593,'Student',NULL,NULL,'Y'),
    (0000050641,00002305,0000001642,'Student',NULL,NULL,'Y'),
    (0000050642,00002305,0000001639,'Student',NULL,NULL,'Y'),
    (0000050643,00002305,0000001744,'Student',NULL,NULL,'Y'),
    (0000050644,00002305,0000001686,'Student',NULL,NULL,'Y'),
    (0000050645,00002305,0000001591,'Student',NULL,NULL,'Y'),
    (0000050646,00002305,0000001600,'Student',NULL,NULL,'Y'),
    (0000050647,00002305,0000001791,'Student',NULL,NULL,'Y'),
    (0000050648,00002305,0000001730,'Student',NULL,NULL,'Y'),
    (0000050649,00002305,0000001801,'Student',NULL,NULL,'Y'),
    (0000050650,00002305,0000001761,'Student',NULL,NULL,'Y'),
    (0000050651,00002305,0000001779,'Student',NULL,NULL,'Y'),
    (0000050652,00002305,0000001721,'Student',NULL,NULL,'Y'),
    (0000050653,00002305,0000002033,'Student',NULL,NULL,'Y'),
    (0000050654,00002305,0000002097,'Student',NULL,NULL,'Y'),
    (0000050655,00002305,0000002309,'Student',NULL,NULL,'Y'),
    (0000050656,00002305,0000002156,'Student',NULL,NULL,'Y'),
    (0000050657,00002305,0000002719,'Student',NULL,NULL,'Y'),
    (0000050658,00002305,0000002737,'Student',NULL,NULL,'Y'),
    (0000050659,00002304,0000001645,'Student',NULL,NULL,'Y'),
    (0000050660,00002304,0000001700,'Student',NULL,NULL,'Y'),
    (0000050661,00002304,0000001617,'Student',NULL,NULL,'Y'),
    (0000050662,00002304,0000001735,'Student',NULL,NULL,'Y'),
    (0000050663,00002304,0000001612,'Student',NULL,NULL,'Y'),
    (0000050664,00002304,0000001706,'Student',NULL,NULL,'Y'),
    (0000050665,00002304,0000001627,'Student',NULL,NULL,'Y'),
    (0000050666,00002304,0000001773,'Student',NULL,NULL,'Y'),
    (0000050667,00002304,0000001739,'Student',NULL,NULL,'Y'),
    (0000050668,00002304,0000001677,'Student',NULL,NULL,'Y'),
    (0000050669,00002304,0000001828,'Student',NULL,NULL,'Y'),
    (0000050670,00002304,0000001848,'Student',NULL,NULL,'Y'),
    (0000050671,00002304,0000002035,'Student',NULL,NULL,'Y'),
    (0000050672,00002304,0000002066,'Student',NULL,NULL,'Y'),
    (0000050673,00002304,0000002087,'Student',NULL,NULL,'Y'),
    (0000050674,00002304,0000002081,'Student',NULL,NULL,'Y'),
    (0000050675,00002304,0000002401,'Student',NULL,NULL,'Y'),
    (0000050676,00002304,0000002488,'Student',NULL,NULL,'Y'),
    (0000050677,00002304,0000002060,'Student',NULL,NULL,'Y'),
    (0000050678,00002304,0000002673,'Student',NULL,NULL,'Y'),
    (0000050679,00002584,0000001858,'Student',NULL,NULL,'Y'),
    (0000050680,00002584,0000001796,'Student',NULL,NULL,'Y'),
    (0000050681,00002584,0000001667,'Student',NULL,NULL,'Y'),
    (0000050682,00002584,0000001753,'Student',NULL,NULL,'Y'),
    (0000050683,00002584,0000001713,'Student',NULL,NULL,'Y'),
    (0000050684,00002584,0000001654,'Student',NULL,NULL,'Y'),
    (0000050685,00002584,0000001616,'Student',NULL,NULL,'Y'),
    (0000050686,00002584,0000001609,'Student',NULL,NULL,'Y'),
    (0000050687,00002584,0000001657,'Student',NULL,NULL,'Y'),
    (0000050688,00002584,0000001621,'Student',NULL,NULL,'Y'),
    (0000050689,00002584,0000001628,'Student',NULL,NULL,'Y'),
    (0000050690,00002584,0000001603,'Student',NULL,NULL,'Y'),
    (0000050691,00002584,0000001831,'Student',NULL,NULL,'Y'),
    (0000050692,00002584,0000002063,'Student',NULL,NULL,'Y'),
    (0000050693,00002584,0000002386,'Student',NULL,NULL,'Y'),
    (0000050694,00002584,0000002441,'Student',NULL,NULL,'Y'),
    (0000050695,00002584,0000002548,'Student',NULL,NULL,'Y'),
    (0000050696,00002584,0000002723,'Student',NULL,NULL,'Y'),
    (0000050734,00002480,0000002163,'Student',NULL,NULL,'Y'),
    (0000050735,00002480,0000002360,'Student',NULL,NULL,'Y'),
    (0000050736,00002480,0000002247,'Student',NULL,NULL,'Y'),
    (0000050737,00002480,0000002200,'Student',NULL,NULL,'Y'),
    (0000050738,00002480,0000002203,'Student',NULL,NULL,'Y'),
    (0000050739,00002480,0000002296,'Student',NULL,NULL,'Y'),
    (0000050740,00002480,0000002271,'Student',NULL,NULL,'Y'),
    (0000050741,00002480,0000002231,'Student',NULL,NULL,'Y'),
    (0000050742,00002480,0000002265,'Student',NULL,NULL,'Y'),
    (0000050743,00002480,0000002364,'Student',NULL,NULL,'Y'),
    (0000050744,00002480,0000002374,'Student',NULL,NULL,'Y'),
    (0000050745,00002480,0000002529,'Student',NULL,NULL,'Y'),
    (0000050746,00002480,0000002511,'Student',NULL,NULL,'Y'),
    (0000050747,00002480,0000002523,'Student',NULL,NULL,'Y'),
    (0000050748,00002514,0000002123,'Student',NULL,NULL,'Y'),
    (0000050749,00002514,0000002019,'Student',NULL,NULL,'Y'),
    (0000050750,00002514,0000001882,'Student',NULL,NULL,'Y'),
    (0000050751,00002514,0000001937,'Student',NULL,NULL,'Y'),
    (0000050752,00002514,0000001960,'Student',NULL,NULL,'Y'),
    (0000050753,00002514,0000002076,'Student',NULL,NULL,'Y'),
    (0000050754,00002514,0000002006,'Student',NULL,NULL,'Y'),
    (0000050755,00002514,0000001986,'Student',NULL,NULL,'Y'),
    (0000050756,00002307,0000001858,'Student',NULL,NULL,'Y'),
    (0000050757,00002307,0000001686,'Student',NULL,NULL,'Y'),
    (0000050758,00002307,0000001730,'Student',NULL,NULL,'Y'),
    (0000050759,00002307,0000001627,'Student',NULL,NULL,'Y'),
    (0000050760,00002307,0000001831,'Student',NULL,NULL,'Y'),
    (0000050761,00002307,0000002087,'Student',NULL,NULL,'Y'),
    (0000050762,00002307,0000002060,'Student',NULL,NULL,'Y'),
    (0000050763,00002332,0000001692,'Student',NULL,NULL,'Y'),
    (0000050764,00002332,0000001710,'Student',NULL,NULL,'Y'),
    (0000050765,00002332,0000001471,'Student',NULL,NULL,'Y'),
    (0000050766,00002332,0000001399,'Student',NULL,NULL,'Y'),
    (0000050767,00002332,0000001374,'Student',NULL,NULL,'Y'),
    (0000050768,00002332,0000001416,'Student',NULL,NULL,'Y'),
    (0000050769,00002399,0000002184,'Student',NULL,NULL,'Y'),
    (0000050770,00002585,0000001022,'Student',NULL,NULL,'Y'),
    (0000050771,00002585,0000002184,'Student',NULL,NULL,'Y'),
    (0000050772,00002400,0000000614,'Student',NULL,NULL,'Y'),
    (0000050773,00002400,0000000640,'Student',NULL,NULL,'Y'),
    (0000050774,00002400,0000000649,'Student',NULL,NULL,'Y'),
    (0000050775,00002400,0000001514,'Student',NULL,NULL,'Y'),
    (0000050776,00002400,0000000934,'Student',NULL,NULL,'Y'),
    (0000050777,00002401,0000000678,'Student',NULL,NULL,'Y'),
    (0000050778,00002401,0000001066,'Student',NULL,NULL,'Y'),
    (0000050779,00002401,0000000681,'Student',NULL,NULL,'Y'),
    (0000050780,00002401,0000000614,'Student',NULL,NULL,'Y'),
    (0000050781,00002401,0000000640,'Student',NULL,NULL,'Y'),
    (0000050782,00002401,0000000649,'Student',NULL,NULL,'Y'),
    (0000050783,00002401,0000001514,'Student',NULL,NULL,'Y'),
    (0000050784,00002401,0000000934,'Student',NULL,NULL,'Y'),
    (0000050785,00002402,0000000905,'Student',NULL,NULL,'Y'),
    (0000050786,00002402,0000000928,'Student',NULL,NULL,'Y'),
    (0000050787,00002402,0000000931,'Student',NULL,NULL,'Y'),
    (0000050788,00002402,0000000876,'Student',NULL,NULL,'Y'),
    (0000050789,00002402,0000001016,'Student',NULL,NULL,'Y'),
    (0000050790,00002402,0000001022,'Student',NULL,NULL,'Y'),
    (0000050791,00002402,0000000922,'Student',NULL,NULL,'Y'),
    (0000050792,00002402,0000000925,'Student',NULL,NULL,'Y'),
    (0000050793,00002402,0000000964,'Student',NULL,NULL,'Y'),
    (0000050794,00002402,0000002184,'Student',NULL,NULL,'Y'),
    (0000050795,00002402,0000000897,'Student',NULL,NULL,'Y'),
    (0000050796,00002402,0000001819,'Student',NULL,NULL,'Y'),
    (0000050797,00002402,0000001008,'Student',NULL,NULL,'Y'),
    (0000050798,00002402,0000000937,'Student',NULL,NULL,'Y'),
    (0000050799,00002402,0000002392,'Student',NULL,NULL,'Y'),
    (0000050800,00002402,0000001019,'Student',NULL,NULL,'Y'),
    (0000050801,00002402,0000000934,'Student',NULL,NULL,'Y'),
    (0000050802,00002402,0000000913,'Student',NULL,NULL,'Y'),
    (0000050803,00002319,0000001424,'Student',NULL,NULL,'Y'),
    (0000050804,00002331,0000001424,'Student',NULL,NULL,'Y'),
    (0000050806,00002319,0000001520,'Student',NULL,NULL,'Y'),
    (0000050807,00002331,0000001520,'Student',NULL,NULL,'Y'),
    (0000050809,00002319,0000001471,'Student',NULL,NULL,'Y'),
    (0000050810,00002331,0000001471,'Student',NULL,NULL,'Y'),
    (0000050812,00002319,0000001538,'Student',NULL,NULL,'Y'),
    (0000050813,00002331,0000001538,'Student',NULL,NULL,'Y'),
    (0000050815,00002319,0000001358,'Student',NULL,NULL,'Y'),
    (0000050816,00002331,0000001358,'Student',NULL,NULL,'Y'),
    (0000050818,00002319,0000001352,'Student',NULL,NULL,'Y'),
    (0000050819,00002331,0000001352,'Student',NULL,NULL,'Y'),
    (0000050821,00002319,0000001486,'Student',NULL,NULL,'Y'),
    (0000050822,00002331,0000001486,'Student',NULL,NULL,'Y'),
    (0000050824,00002319,0000001393,'Student',NULL,NULL,'Y'),
    (0000050825,00002331,0000001393,'Student',NULL,NULL,'Y'),
    (0000050827,00002319,0000001367,'Student',NULL,NULL,'Y'),
    (0000050828,00002331,0000001367,'Student',NULL,NULL,'Y'),
    (0000050830,00002319,0000001845,'Student',NULL,NULL,'Y'),
    (0000050831,00002331,0000001845,'Student',NULL,NULL,'Y'),
    (0000050833,00002319,0000002357,'Student',NULL,NULL,'Y'),
    (0000050834,00002331,0000002357,'Student',NULL,NULL,'Y'),
    (0000050836,00002319,0000001355,'Student',NULL,NULL,'Y'),
    (0000050837,00002331,0000001355,'Student',NULL,NULL,'Y'),
    (0000050839,00002319,0000002407,'Student',NULL,NULL,'Y'),
    (0000050840,00002331,0000002407,'Student',NULL,NULL,'Y'),
    (0000050842,00002319,0000001465,'Student',NULL,NULL,'Y'),
    (0000050843,00002331,0000001465,'Student',NULL,NULL,'Y'),
    (0000050845,00002319,0000001692,'Student',NULL,NULL,'Y'),
    (0000050846,00002331,0000001692,'Student',NULL,NULL,'Y'),
    (0000050848,00002319,0000001416,'Student',NULL,NULL,'Y'),
    (0000050849,00002331,0000001416,'Student',NULL,NULL,'Y'),
    (0000050851,00002320,0000001427,'Student',NULL,NULL,'Y'),
    (0000050852,00002330,0000001427,'Student',NULL,NULL,'Y'),
    (0000050854,00002320,0000001430,'Student',NULL,NULL,'Y'),
    (0000050855,00002330,0000001430,'Student',NULL,NULL,'Y'),
    (0000050857,00002320,0000001440,'Student',NULL,NULL,'Y'),
    (0000050858,00002330,0000001440,'Student',NULL,NULL,'Y'),
    (0000050860,00002320,0000001492,'Student',NULL,NULL,'Y'),
    (0000050861,00002330,0000001492,'Student',NULL,NULL,'Y'),
    (0000050863,00002320,0000001391,'Student',NULL,NULL,'Y'),
    (0000050864,00002330,0000001391,'Student',NULL,NULL,'Y'),
    (0000050866,00002320,0000001477,'Student',NULL,NULL,'Y'),
    (0000050867,00002330,0000001477,'Student',NULL,NULL,'Y'),
    (0000050869,00002320,0000001585,'Student',NULL,NULL,'Y'),
    (0000050870,00002330,0000001585,'Student',NULL,NULL,'Y'),
    (0000050872,00002320,0000001377,'Student',NULL,NULL,'Y'),
    (0000050873,00002330,0000001377,'Student',NULL,NULL,'Y'),
    (0000050875,00002320,0000002444,'Student',NULL,NULL,'Y'),
    (0000050876,00002330,0000002444,'Student',NULL,NULL,'Y'),
    (0000050878,00002320,0000002490,'Student',NULL,NULL,'Y'),
    (0000050879,00002330,0000002490,'Student',NULL,NULL,'Y'),
    (0000050881,00002320,0000001410,'Student',NULL,NULL,'Y'),
    (0000050882,00002330,0000001410,'Student',NULL,NULL,'Y'),
    (0000050884,00002320,0000002316,'Student',NULL,NULL,'Y'),
    (0000050885,00002330,0000002316,'Student',NULL,NULL,'Y'),
    (0000050887,00002320,0000002306,'Student',NULL,NULL,'Y'),
    (0000050888,00002330,0000002306,'Student',NULL,NULL,'Y'),
    (0000050890,00002320,0000001374,'Student',NULL,NULL,'Y'),
    (0000050891,00002330,0000001374,'Student',NULL,NULL,'Y'),
    (0000050893,00002320,0000002286,'Student',NULL,NULL,'Y'),
    (0000050894,00002330,0000002286,'Student',NULL,NULL,'Y'),
    (0000050896,00002320,0000002084,'Student',NULL,NULL,'Y'),
    (0000050897,00002330,0000002084,'Student',NULL,NULL,'Y'),
    (0000050899,00002328,0000001424,'Student',NULL,NULL,'Y'),
    (0000050900,00002328,0000001520,'Student',NULL,NULL,'Y'),
    (0000050901,00002328,0000001471,'Student',NULL,NULL,'Y'),
    (0000050902,00002328,0000001538,'Student',NULL,NULL,'Y'),
    (0000050903,00002328,0000001358,'Student',NULL,NULL,'Y'),
    (0000050904,00002328,0000001352,'Student',NULL,NULL,'Y'),
    (0000050905,00002328,0000001486,'Student',NULL,NULL,'Y'),
    (0000050906,00002328,0000001393,'Student',NULL,NULL,'Y'),
    (0000050907,00002328,0000001367,'Student',NULL,NULL,'Y'),
    (0000050908,00002328,0000001845,'Student',NULL,NULL,'Y'),
    (0000050909,00002328,0000002357,'Student',NULL,NULL,'Y'),
    (0000050910,00002328,0000001355,'Student',NULL,NULL,'Y'),
    (0000050911,00002328,0000002407,'Student',NULL,NULL,'Y'),
    (0000050912,00002328,0000001465,'Student',NULL,NULL,'Y'),
    (0000050913,00002328,0000001692,'Student',NULL,NULL,'Y'),
    (0000050914,00002328,0000001416,'Student',NULL,NULL,'Y'),
    (0000050915,00002329,0000001427,'Student',NULL,NULL,'Y'),
    (0000050916,00002329,0000001430,'Student',NULL,NULL,'Y'),
    (0000050917,00002329,0000001440,'Student',NULL,NULL,'Y'),
    (0000050918,00002329,0000001492,'Student',NULL,NULL,'Y'),
    (0000050919,00002329,0000001391,'Student',NULL,NULL,'Y'),
    (0000050920,00002329,0000001477,'Student',NULL,NULL,'Y'),
    (0000050921,00002329,0000001585,'Student',NULL,NULL,'Y'),
    (0000050922,00002329,0000001377,'Student',NULL,NULL,'Y'),
    (0000050923,00002329,0000002444,'Student',NULL,NULL,'Y'),
    (0000050924,00002329,0000002490,'Student',NULL,NULL,'Y'),
    (0000050925,00002329,0000001410,'Student',NULL,NULL,'Y'),
    (0000050926,00002329,0000002316,'Student',NULL,NULL,'Y'),
    (0000050927,00002329,0000002306,'Student',NULL,NULL,'Y'),
    (0000050928,00002329,0000001374,'Student',NULL,NULL,'Y'),
    (0000050929,00002329,0000002286,'Student',NULL,NULL,'Y'),
    (0000050930,00002329,0000002084,'Student',NULL,NULL,'Y'),
    (0000050933,00002285,0000002347,'Teacher',NULL,NULL,'Y'),
    (0000050934,00002282,0000000140,'Teacher',NULL,NULL,'Y'),
    (0000050935,00002409,0000002469,'Student',NULL,NULL,'Y'),
    (0000050936,00002412,0000002469,'Student',NULL,NULL,'Y'),
    (0000050937,00002423,0000002469,'Student',NULL,NULL,'Y'),
    (0000050938,00002426,0000002469,'Student',NULL,NULL,'Y'),
    (0000050939,00002429,0000002469,'Student',NULL,NULL,'Y'),
    (0000050940,00002437,0000002469,'Student',NULL,NULL,'Y'),
    (0000050941,00002440,0000002469,'Student',NULL,NULL,'Y'),
    (0000050942,00002526,0000002469,'Student',NULL,NULL,'Y'),
    (0000050950,00002409,0000002695,'Student',NULL,NULL,'Y'),
    (0000050951,00002412,0000002695,'Student',NULL,NULL,'Y'),
    (0000050952,00002423,0000002695,'Student',NULL,NULL,'Y'),
    (0000050953,00002426,0000002695,'Student',NULL,NULL,'Y'),
    (0000050954,00002429,0000002695,'Student',NULL,NULL,'Y'),
    (0000050955,00002437,0000002695,'Student',NULL,NULL,'Y'),
    (0000050956,00002440,0000002695,'Student',NULL,NULL,'Y'),
    (0000050957,00002526,0000002695,'Student',NULL,NULL,'Y'),
    (0000050965,00002409,0000002450,'Student',NULL,NULL,'Y'),
    (0000050966,00002412,0000002450,'Student',NULL,NULL,'Y'),
    (0000050967,00002423,0000002450,'Student',NULL,NULL,'Y'),
    (0000050968,00002426,0000002450,'Student',NULL,NULL,'Y'),
    (0000050969,00002429,0000002450,'Student',NULL,NULL,'Y'),
    (0000050970,00002437,0000002450,'Student',NULL,NULL,'Y'),
    (0000050971,00002440,0000002450,'Student',NULL,NULL,'Y'),
    (0000050972,00002526,0000002450,'Student',NULL,NULL,'Y'),
    (0000050980,00002409,0000002459,'Student',NULL,NULL,'Y'),
    (0000050981,00002412,0000002459,'Student',NULL,NULL,'Y'),
    (0000050982,00002423,0000002459,'Student',NULL,NULL,'Y'),
    (0000050983,00002426,0000002459,'Student',NULL,NULL,'Y'),
    (0000050984,00002429,0000002459,'Student',NULL,NULL,'Y'),
    (0000050985,00002437,0000002459,'Student',NULL,NULL,'Y'),
    (0000050986,00002440,0000002459,'Student',NULL,NULL,'Y'),
    (0000050987,00002526,0000002459,'Student',NULL,NULL,'Y'),
    (0000050995,00002409,0000002611,'Student',NULL,NULL,'Y'),
    (0000050996,00002412,0000002611,'Student',NULL,NULL,'Y'),
    (0000050997,00002423,0000002611,'Student',NULL,NULL,'Y'),
    (0000050998,00002426,0000002611,'Student',NULL,NULL,'Y'),
    (0000050999,00002429,0000002611,'Student',NULL,NULL,'Y'),
    (0000051000,00002437,0000002611,'Student',NULL,NULL,'Y'),
    (0000051001,00002440,0000002611,'Student',NULL,NULL,'Y'),
    (0000051002,00002526,0000002611,'Student',NULL,NULL,'Y'),
    (0000051010,00002409,0000002679,'Student',NULL,NULL,'Y'),
    (0000051011,00002412,0000002679,'Student',NULL,NULL,'Y'),
    (0000051012,00002423,0000002679,'Student',NULL,NULL,'Y'),
    (0000051013,00002426,0000002679,'Student',NULL,NULL,'Y'),
    (0000051014,00002429,0000002679,'Student',NULL,NULL,'Y'),
    (0000051015,00002437,0000002679,'Student',NULL,NULL,'Y'),
    (0000051016,00002440,0000002679,'Student',NULL,NULL,'Y'),
    (0000051017,00002526,0000002679,'Student',NULL,NULL,'Y'),
    (0000051025,00002409,0000002447,'Student',NULL,NULL,'Y'),
    (0000051026,00002412,0000002447,'Student',NULL,NULL,'Y'),
    (0000051027,00002423,0000002447,'Student',NULL,NULL,'Y'),
    (0000051028,00002426,0000002447,'Student',NULL,NULL,'Y'),
    (0000051029,00002429,0000002447,'Student',NULL,NULL,'Y'),
    (0000051030,00002437,0000002447,'Student',NULL,NULL,'Y'),
    (0000051031,00002440,0000002447,'Student',NULL,NULL,'Y'),
    (0000051032,00002526,0000002447,'Student',NULL,NULL,'Y'),
    (0000051040,00002409,0000002683,'Student',NULL,NULL,'Y'),
    (0000051041,00002412,0000002683,'Student',NULL,NULL,'Y'),
    (0000051042,00002423,0000002683,'Student',NULL,NULL,'Y'),
    (0000051043,00002426,0000002683,'Student',NULL,NULL,'Y'),
    (0000051044,00002429,0000002683,'Student',NULL,NULL,'Y'),
    (0000051045,00002437,0000002683,'Student',NULL,NULL,'Y'),
    (0000051046,00002440,0000002683,'Student',NULL,NULL,'Y'),
    (0000051047,00002526,0000002683,'Student',NULL,NULL,'Y'),
    (0000051055,00002409,0000002760,'Student',NULL,NULL,'Y'),
    (0000051056,00002412,0000002760,'Student',NULL,NULL,'Y'),
    (0000051057,00002423,0000002760,'Student',NULL,NULL,'Y'),
    (0000051058,00002426,0000002760,'Student',NULL,NULL,'Y'),
    (0000051059,00002429,0000002760,'Student',NULL,NULL,'Y'),
    (0000051060,00002437,0000002760,'Student',NULL,NULL,'Y'),
    (0000051061,00002440,0000002760,'Student',NULL,NULL,'Y'),
    (0000051062,00002526,0000002760,'Student',NULL,NULL,'Y'),
    (0000051070,00002409,0000002614,'Student',NULL,NULL,'Y'),
    (0000051071,00002412,0000002614,'Student',NULL,NULL,'Y'),
    (0000051072,00002423,0000002614,'Student',NULL,NULL,'Y'),
    (0000051073,00002426,0000002614,'Student',NULL,NULL,'Y'),
    (0000051074,00002429,0000002614,'Student',NULL,NULL,'Y'),
    (0000051075,00002437,0000002614,'Student',NULL,NULL,'Y'),
    (0000051076,00002440,0000002614,'Student',NULL,NULL,'Y'),
    (0000051077,00002526,0000002614,'Student',NULL,NULL,'Y'),
    (0000051085,00002409,0000002485,'Student',NULL,NULL,'Y'),
    (0000051086,00002412,0000002485,'Student',NULL,NULL,'Y'),
    (0000051087,00002423,0000002485,'Student',NULL,NULL,'Y'),
    (0000051088,00002426,0000002485,'Student',NULL,NULL,'Y'),
    (0000051089,00002429,0000002485,'Student',NULL,NULL,'Y'),
    (0000051090,00002437,0000002485,'Student',NULL,NULL,'Y'),
    (0000051091,00002440,0000002485,'Student',NULL,NULL,'Y'),
    (0000051092,00002526,0000002485,'Student',NULL,NULL,'Y'),
    (0000051100,00002409,0000002472,'Student',NULL,NULL,'Y'),
    (0000051101,00002412,0000002472,'Student',NULL,NULL,'Y'),
    (0000051102,00002423,0000002472,'Student',NULL,NULL,'Y'),
    (0000051103,00002426,0000002472,'Student',NULL,NULL,'Y'),
    (0000051104,00002429,0000002472,'Student',NULL,NULL,'Y'),
    (0000051105,00002437,0000002472,'Student',NULL,NULL,'Y'),
    (0000051106,00002440,0000002472,'Student',NULL,NULL,'Y'),
    (0000051107,00002526,0000002472,'Student',NULL,NULL,'Y'),
    (0000051115,00002409,0000002610,'Student',NULL,NULL,'Y'),
    (0000051116,00002412,0000002610,'Student',NULL,NULL,'Y'),
    (0000051117,00002423,0000002610,'Student',NULL,NULL,'Y'),
    (0000051118,00002426,0000002610,'Student',NULL,NULL,'Y'),
    (0000051119,00002429,0000002610,'Student',NULL,NULL,'Y'),
    (0000051120,00002437,0000002610,'Student',NULL,NULL,'Y'),
    (0000051121,00002440,0000002610,'Student',NULL,NULL,'Y'),
    (0000051122,00002526,0000002610,'Student',NULL,NULL,'Y'),
    (0000051130,00002409,0000002636,'Student',NULL,NULL,'Y'),
    (0000051131,00002412,0000002636,'Student',NULL,NULL,'Y'),
    (0000051132,00002423,0000002636,'Student',NULL,NULL,'Y'),
    (0000051133,00002426,0000002636,'Student',NULL,NULL,'Y'),
    (0000051134,00002429,0000002636,'Student',NULL,NULL,'Y'),
    (0000051135,00002437,0000002636,'Student',NULL,NULL,'Y'),
    (0000051136,00002440,0000002636,'Student',NULL,NULL,'Y'),
    (0000051137,00002526,0000002636,'Student',NULL,NULL,'Y'),
    (0000051145,00002409,0000002627,'Student',NULL,NULL,'Y'),
    (0000051146,00002412,0000002627,'Student',NULL,NULL,'Y'),
    (0000051147,00002423,0000002627,'Student',NULL,NULL,'Y'),
    (0000051148,00002426,0000002627,'Student',NULL,NULL,'Y'),
    (0000051149,00002429,0000002627,'Student',NULL,NULL,'Y'),
    (0000051150,00002437,0000002627,'Student',NULL,NULL,'Y'),
    (0000051151,00002440,0000002627,'Student',NULL,NULL,'Y'),
    (0000051152,00002526,0000002627,'Student',NULL,NULL,'Y'),
    (0000051160,00002409,0000002754,'Student',NULL,NULL,'Y'),
    (0000051161,00002412,0000002754,'Student',NULL,NULL,'Y'),
    (0000051162,00002423,0000002754,'Student',NULL,NULL,'Y'),
    (0000051163,00002426,0000002754,'Student',NULL,NULL,'Y'),
    (0000051164,00002429,0000002754,'Student',NULL,NULL,'Y'),
    (0000051165,00002437,0000002754,'Student',NULL,NULL,'Y'),
    (0000051166,00002440,0000002754,'Student',NULL,NULL,'Y'),
    (0000051167,00002526,0000002754,'Student',NULL,NULL,'Y'),
    (0000051175,00002409,0000002615,'Student',NULL,NULL,'Y'),
    (0000051176,00002412,0000002615,'Student',NULL,NULL,'Y'),
    (0000051177,00002423,0000002615,'Student',NULL,NULL,'Y'),
    (0000051178,00002426,0000002615,'Student',NULL,NULL,'Y'),
    (0000051179,00002429,0000002615,'Student',NULL,NULL,'Y'),
    (0000051180,00002437,0000002615,'Student',NULL,NULL,'Y'),
    (0000051181,00002440,0000002615,'Student',NULL,NULL,'Y'),
    (0000051182,00002526,0000002615,'Student',NULL,NULL,'Y'),
    (0000051190,00002409,0000002601,'Student',NULL,NULL,'Y'),
    (0000051191,00002412,0000002601,'Student',NULL,NULL,'Y'),
    (0000051192,00002423,0000002601,'Student',NULL,NULL,'Y'),
    (0000051193,00002426,0000002601,'Student',NULL,NULL,'Y'),
    (0000051194,00002429,0000002601,'Student',NULL,NULL,'Y'),
    (0000051195,00002437,0000002601,'Student',NULL,NULL,'Y'),
    (0000051196,00002440,0000002601,'Student',NULL,NULL,'Y'),
    (0000051197,00002526,0000002601,'Student',NULL,NULL,'Y'),
    (0000051205,00002409,0000002746,'Student',NULL,NULL,'Y'),
    (0000051206,00002412,0000002746,'Student',NULL,NULL,'Y'),
    (0000051207,00002423,0000002746,'Student',NULL,NULL,'Y'),
    (0000051208,00002426,0000002746,'Student',NULL,NULL,'Y'),
    (0000051209,00002429,0000002746,'Student',NULL,NULL,'Y'),
    (0000051210,00002437,0000002746,'Student',NULL,NULL,'Y'),
    (0000051211,00002440,0000002746,'Student',NULL,NULL,'Y'),
    (0000051212,00002526,0000002746,'Student',NULL,NULL,'Y'),
    (0000051220,00002409,0000002482,'Student',NULL,NULL,'Y'),
    (0000051221,00002412,0000002482,'Student',NULL,NULL,'Y'),
    (0000051222,00002423,0000002482,'Student',NULL,NULL,'Y'),
    (0000051223,00002426,0000002482,'Student',NULL,NULL,'Y'),
    (0000051224,00002429,0000002482,'Student',NULL,NULL,'Y'),
    (0000051225,00002437,0000002482,'Student',NULL,NULL,'Y'),
    (0000051226,00002440,0000002482,'Student',NULL,NULL,'Y'),
    (0000051227,00002526,0000002482,'Student',NULL,NULL,'Y'),
    (0000051235,00002409,0000002715,'Student',NULL,NULL,'Y'),
    (0000051236,00002412,0000002715,'Student',NULL,NULL,'Y'),
    (0000051237,00002423,0000002715,'Student',NULL,NULL,'Y'),
    (0000051238,00002426,0000002715,'Student',NULL,NULL,'Y'),
    (0000051239,00002429,0000002715,'Student',NULL,NULL,'Y'),
    (0000051240,00002437,0000002715,'Student',NULL,NULL,'Y'),
    (0000051241,00002440,0000002715,'Student',NULL,NULL,'Y'),
    (0000051242,00002526,0000002715,'Student',NULL,NULL,'Y'),
    (0000051250,00002408,0000002430,'Student',NULL,NULL,'Y'),
    (0000051251,00002411,0000002430,'Student',NULL,NULL,'Y'),
    (0000051252,00002422,0000002430,'Student',NULL,NULL,'Y'),
    (0000051253,00002425,0000002430,'Student',NULL,NULL,'Y'),
    (0000051254,00002428,0000002430,'Student',NULL,NULL,'Y'),
    (0000051255,00002436,0000002430,'Student',NULL,NULL,'Y'),
    (0000051256,00002439,0000002430,'Student',NULL,NULL,'Y'),
    (0000051257,00002529,0000002430,'Student',NULL,NULL,'Y'),
    (0000051295,00002408,0000002630,'Student',NULL,NULL,'Y'),
    (0000051296,00002411,0000002630,'Student',NULL,NULL,'Y'),
    (0000051297,00002422,0000002630,'Student',NULL,NULL,'Y'),
    (0000051298,00002425,0000002630,'Student',NULL,NULL,'Y'),
    (0000051299,00002428,0000002630,'Student',NULL,NULL,'Y'),
    (0000051300,00002436,0000002630,'Student',NULL,NULL,'Y'),
    (0000051301,00002439,0000002630,'Student',NULL,NULL,'Y'),
    (0000051302,00002529,0000002630,'Student',NULL,NULL,'Y'),
    (0000051310,00002408,0000002657,'Student',NULL,NULL,'Y'),
    (0000051311,00002411,0000002657,'Student',NULL,NULL,'Y'),
    (0000051312,00002422,0000002657,'Student',NULL,NULL,'Y'),
    (0000051313,00002425,0000002657,'Student',NULL,NULL,'Y'),
    (0000051314,00002428,0000002657,'Student',NULL,NULL,'Y'),
    (0000051315,00002436,0000002657,'Student',NULL,NULL,'Y'),
    (0000051316,00002439,0000002657,'Student',NULL,NULL,'Y'),
    (0000051317,00002529,0000002657,'Student',NULL,NULL,'Y'),
    (0000051325,00002408,0000002460,'Student',NULL,NULL,'Y'),
    (0000051326,00002411,0000002460,'Student',NULL,NULL,'Y'),
    (0000051327,00002422,0000002460,'Student',NULL,NULL,'Y'),
    (0000051328,00002425,0000002460,'Student',NULL,NULL,'Y'),
    (0000051329,00002428,0000002460,'Student',NULL,NULL,'Y'),
    (0000051330,00002436,0000002460,'Student',NULL,NULL,'Y'),
    (0000051331,00002439,0000002460,'Student',NULL,NULL,'Y'),
    (0000051332,00002529,0000002460,'Student',NULL,NULL,'Y'),
    (0000051340,00002408,0000002621,'Student',NULL,NULL,'Y'),
    (0000051341,00002411,0000002621,'Student',NULL,NULL,'Y'),
    (0000051342,00002422,0000002621,'Student',NULL,NULL,'Y'),
    (0000051343,00002425,0000002621,'Student',NULL,NULL,'Y'),
    (0000051344,00002428,0000002621,'Student',NULL,NULL,'Y'),
    (0000051345,00002436,0000002621,'Student',NULL,NULL,'Y'),
    (0000051346,00002439,0000002621,'Student',NULL,NULL,'Y'),
    (0000051347,00002529,0000002621,'Student',NULL,NULL,'Y'),
    (0000051355,00002408,0000002692,'Student',NULL,NULL,'Y'),
    (0000051356,00002411,0000002692,'Student',NULL,NULL,'Y'),
    (0000051357,00002422,0000002692,'Student',NULL,NULL,'Y'),
    (0000051358,00002425,0000002692,'Student',NULL,NULL,'Y'),
    (0000051359,00002428,0000002692,'Student',NULL,NULL,'Y'),
    (0000051360,00002436,0000002692,'Student',NULL,NULL,'Y'),
    (0000051361,00002439,0000002692,'Student',NULL,NULL,'Y'),
    (0000051362,00002529,0000002692,'Student',NULL,NULL,'Y'),
    (0000051370,00002408,0000002607,'Student',NULL,NULL,'Y'),
    (0000051371,00002411,0000002607,'Student',NULL,NULL,'Y'),
    (0000051372,00002422,0000002607,'Student',NULL,NULL,'Y'),
    (0000051373,00002425,0000002607,'Student',NULL,NULL,'Y'),
    (0000051374,00002428,0000002607,'Student',NULL,NULL,'Y'),
    (0000051375,00002436,0000002607,'Student',NULL,NULL,'Y'),
    (0000051376,00002439,0000002607,'Student',NULL,NULL,'Y'),
    (0000051377,00002529,0000002607,'Student',NULL,NULL,'Y'),
    (0000051385,00002408,0000002633,'Student',NULL,NULL,'Y'),
    (0000051386,00002411,0000002633,'Student',NULL,NULL,'Y'),
    (0000051387,00002422,0000002633,'Student',NULL,NULL,'Y'),
    (0000051388,00002425,0000002633,'Student',NULL,NULL,'Y'),
    (0000051389,00002428,0000002633,'Student',NULL,NULL,'Y'),
    (0000051390,00002436,0000002633,'Student',NULL,NULL,'Y'),
    (0000051391,00002439,0000002633,'Student',NULL,NULL,'Y'),
    (0000051392,00002529,0000002633,'Student',NULL,NULL,'Y'),
    (0000051400,00002408,0000002426,'Student',NULL,NULL,'Y'),
    (0000051401,00002411,0000002426,'Student',NULL,NULL,'Y'),
    (0000051402,00002422,0000002426,'Student',NULL,NULL,'Y'),
    (0000051403,00002425,0000002426,'Student',NULL,NULL,'Y'),
    (0000051404,00002428,0000002426,'Student',NULL,NULL,'Y'),
    (0000051405,00002436,0000002426,'Student',NULL,NULL,'Y'),
    (0000051406,00002439,0000002426,'Student',NULL,NULL,'Y'),
    (0000051407,00002529,0000002426,'Student',NULL,NULL,'Y'),
    (0000051415,00002408,0000002652,'Student',NULL,NULL,'Y'),
    (0000051416,00002411,0000002652,'Student',NULL,NULL,'Y'),
    (0000051417,00002422,0000002652,'Student',NULL,NULL,'Y'),
    (0000051418,00002425,0000002652,'Student',NULL,NULL,'Y'),
    (0000051419,00002428,0000002652,'Student',NULL,NULL,'Y'),
    (0000051420,00002436,0000002652,'Student',NULL,NULL,'Y'),
    (0000051421,00002439,0000002652,'Student',NULL,NULL,'Y'),
    (0000051422,00002529,0000002652,'Student',NULL,NULL,'Y'),
    (0000051430,00002408,0000002699,'Student',NULL,NULL,'Y'),
    (0000051431,00002411,0000002699,'Student',NULL,NULL,'Y'),
    (0000051432,00002422,0000002699,'Student',NULL,NULL,'Y'),
    (0000051433,00002425,0000002699,'Student',NULL,NULL,'Y'),
    (0000051434,00002428,0000002699,'Student',NULL,NULL,'Y'),
    (0000051435,00002436,0000002699,'Student',NULL,NULL,'Y'),
    (0000051436,00002439,0000002699,'Student',NULL,NULL,'Y'),
    (0000051437,00002529,0000002699,'Student',NULL,NULL,'Y'),
    (0000051445,00002408,0000002642,'Student',NULL,NULL,'Y'),
    (0000051446,00002411,0000002642,'Student',NULL,NULL,'Y'),
    (0000051447,00002422,0000002642,'Student',NULL,NULL,'Y'),
    (0000051448,00002425,0000002642,'Student',NULL,NULL,'Y'),
    (0000051449,00002428,0000002642,'Student',NULL,NULL,'Y'),
    (0000051450,00002436,0000002642,'Student',NULL,NULL,'Y'),
    (0000051451,00002439,0000002642,'Student',NULL,NULL,'Y'),
    (0000051452,00002529,0000002642,'Student',NULL,NULL,'Y'),
    (0000051460,00002408,0000002453,'Student',NULL,NULL,'Y'),
    (0000051461,00002411,0000002453,'Student',NULL,NULL,'Y'),
    (0000051462,00002422,0000002453,'Student',NULL,NULL,'Y'),
    (0000051463,00002425,0000002453,'Student',NULL,NULL,'Y'),
    (0000051464,00002428,0000002453,'Student',NULL,NULL,'Y'),
    (0000051465,00002436,0000002453,'Student',NULL,NULL,'Y'),
    (0000051466,00002439,0000002453,'Student',NULL,NULL,'Y'),
    (0000051467,00002529,0000002453,'Student',NULL,NULL,'Y'),
    (0000051490,00002408,0000002743,'Student',NULL,NULL,'Y'),
    (0000051491,00002411,0000002743,'Student',NULL,NULL,'Y'),
    (0000051492,00002422,0000002743,'Student',NULL,NULL,'Y'),
    (0000051493,00002425,0000002743,'Student',NULL,NULL,'Y'),
    (0000051494,00002428,0000002743,'Student',NULL,NULL,'Y'),
    (0000051495,00002436,0000002743,'Student',NULL,NULL,'Y'),
    (0000051496,00002439,0000002743,'Student',NULL,NULL,'Y'),
    (0000051497,00002529,0000002743,'Student',NULL,NULL,'Y'),
    (0000051505,00002408,0000002645,'Student',NULL,NULL,'Y'),
    (0000051506,00002411,0000002645,'Student',NULL,NULL,'Y'),
    (0000051507,00002422,0000002645,'Student',NULL,NULL,'Y'),
    (0000051508,00002425,0000002645,'Student',NULL,NULL,'Y'),
    (0000051509,00002428,0000002645,'Student',NULL,NULL,'Y'),
    (0000051510,00002436,0000002645,'Student',NULL,NULL,'Y'),
    (0000051511,00002439,0000002645,'Student',NULL,NULL,'Y'),
    (0000051512,00002529,0000002645,'Student',NULL,NULL,'Y'),
    (0000051520,00002408,0000002476,'Student',NULL,NULL,'Y'),
    (0000051521,00002411,0000002476,'Student',NULL,NULL,'Y'),
    (0000051522,00002422,0000002476,'Student',NULL,NULL,'Y'),
    (0000051523,00002425,0000002476,'Student',NULL,NULL,'Y'),
    (0000051524,00002428,0000002476,'Student',NULL,NULL,'Y'),
    (0000051525,00002436,0000002476,'Student',NULL,NULL,'Y'),
    (0000051526,00002439,0000002476,'Student',NULL,NULL,'Y'),
    (0000051527,00002529,0000002476,'Student',NULL,NULL,'Y'),
    (0000051535,00002408,0000002663,'Student',NULL,NULL,'Y'),
    (0000051536,00002411,0000002663,'Student',NULL,NULL,'Y'),
    (0000051537,00002422,0000002663,'Student',NULL,NULL,'Y'),
    (0000051538,00002425,0000002663,'Student',NULL,NULL,'Y'),
    (0000051539,00002428,0000002663,'Student',NULL,NULL,'Y'),
    (0000051540,00002436,0000002663,'Student',NULL,NULL,'Y'),
    (0000051541,00002439,0000002663,'Student',NULL,NULL,'Y'),
    (0000051542,00002529,0000002663,'Student',NULL,NULL,'Y'),
    (0000051550,00002408,0000002651,'Student',NULL,NULL,'Y'),
    (0000051551,00002411,0000002651,'Student',NULL,NULL,'Y'),
    (0000051552,00002422,0000002651,'Student',NULL,NULL,'Y'),
    (0000051553,00002425,0000002651,'Student',NULL,NULL,'Y'),
    (0000051554,00002428,0000002651,'Student',NULL,NULL,'Y'),
    (0000051555,00002436,0000002651,'Student',NULL,NULL,'Y'),
    (0000051556,00002439,0000002651,'Student',NULL,NULL,'Y'),
    (0000051557,00002529,0000002651,'Student',NULL,NULL,'Y'),
    (0000051565,00002408,0000002563,'Student',NULL,NULL,'Y'),
    (0000051566,00002411,0000002563,'Student',NULL,NULL,'Y'),
    (0000051567,00002422,0000002563,'Student',NULL,NULL,'Y'),
    (0000051568,00002425,0000002563,'Student',NULL,NULL,'Y'),
    (0000051569,00002428,0000002563,'Student',NULL,NULL,'Y'),
    (0000051570,00002436,0000002563,'Student',NULL,NULL,'Y'),
    (0000051571,00002439,0000002563,'Student',NULL,NULL,'Y'),
    (0000051572,00002529,0000002563,'Student',NULL,NULL,'Y'),
    (0000051580,00002408,0000002696,'Student',NULL,NULL,'Y'),
    (0000051581,00002411,0000002696,'Student',NULL,NULL,'Y'),
    (0000051582,00002422,0000002696,'Student',NULL,NULL,'Y'),
    (0000051583,00002425,0000002696,'Student',NULL,NULL,'Y'),
    (0000051584,00002428,0000002696,'Student',NULL,NULL,'Y'),
    (0000051585,00002436,0000002696,'Student',NULL,NULL,'Y'),
    (0000051586,00002439,0000002696,'Student',NULL,NULL,'Y'),
    (0000051587,00002529,0000002696,'Student',NULL,NULL,'Y'),
    (0000051595,00002407,0000002749,'Student',NULL,NULL,'Y'),
    (0000051596,00002410,0000002749,'Student',NULL,NULL,'Y'),
    (0000051597,00002421,0000002749,'Student',NULL,NULL,'Y'),
    (0000051598,00002424,0000002749,'Student',NULL,NULL,'Y'),
    (0000051599,00002427,0000002749,'Student',NULL,NULL,'Y'),
    (0000051600,00002435,0000002749,'Student',NULL,NULL,'Y'),
    (0000051601,00002438,0000002749,'Student',NULL,NULL,'Y'),
    (0000051602,00002527,0000002749,'Student',NULL,NULL,'Y'),
    (0000051610,00002407,0000002580,'Student',NULL,NULL,'Y'),
    (0000051611,00002410,0000002580,'Student',NULL,NULL,'Y'),
    (0000051612,00002421,0000002580,'Student',NULL,NULL,'Y'),
    (0000051613,00002424,0000002580,'Student',NULL,NULL,'Y'),
    (0000051614,00002427,0000002580,'Student',NULL,NULL,'Y'),
    (0000051615,00002435,0000002580,'Student',NULL,NULL,'Y'),
    (0000051616,00002438,0000002580,'Student',NULL,NULL,'Y'),
    (0000051617,00002527,0000002580,'Student',NULL,NULL,'Y'),
    (0000051625,00002407,0000002624,'Student',NULL,NULL,'Y'),
    (0000051626,00002410,0000002624,'Student',NULL,NULL,'Y'),
    (0000051627,00002421,0000002624,'Student',NULL,NULL,'Y'),
    (0000051628,00002424,0000002624,'Student',NULL,NULL,'Y'),
    (0000051629,00002427,0000002624,'Student',NULL,NULL,'Y'),
    (0000051630,00002435,0000002624,'Student',NULL,NULL,'Y'),
    (0000051631,00002438,0000002624,'Student',NULL,NULL,'Y'),
    (0000051632,00002527,0000002624,'Student',NULL,NULL,'Y'),
    (0000051640,00002407,0000002654,'Student',NULL,NULL,'Y'),
    (0000051641,00002410,0000002654,'Student',NULL,NULL,'Y'),
    (0000051642,00002421,0000002654,'Student',NULL,NULL,'Y'),
    (0000051643,00002424,0000002654,'Student',NULL,NULL,'Y'),
    (0000051644,00002427,0000002654,'Student',NULL,NULL,'Y'),
    (0000051645,00002435,0000002654,'Student',NULL,NULL,'Y'),
    (0000051646,00002438,0000002654,'Student',NULL,NULL,'Y'),
    (0000051647,00002527,0000002654,'Student',NULL,NULL,'Y'),
    (0000051655,00002407,0000002666,'Student',NULL,NULL,'Y'),
    (0000051656,00002410,0000002666,'Student',NULL,NULL,'Y'),
    (0000051657,00002421,0000002666,'Student',NULL,NULL,'Y'),
    (0000051658,00002424,0000002666,'Student',NULL,NULL,'Y'),
    (0000051659,00002427,0000002666,'Student',NULL,NULL,'Y'),
    (0000051660,00002435,0000002666,'Student',NULL,NULL,'Y'),
    (0000051661,00002438,0000002666,'Student',NULL,NULL,'Y'),
    (0000051662,00002527,0000002666,'Student',NULL,NULL,'Y'),
    (0000051670,00002407,0000002466,'Student',NULL,NULL,'Y'),
    (0000051671,00002410,0000002466,'Student',NULL,NULL,'Y'),
    (0000051672,00002421,0000002466,'Student',NULL,NULL,'Y'),
    (0000051673,00002424,0000002466,'Student',NULL,NULL,'Y'),
    (0000051674,00002427,0000002466,'Student',NULL,NULL,'Y'),
    (0000051675,00002435,0000002466,'Student',NULL,NULL,'Y'),
    (0000051676,00002438,0000002466,'Student',NULL,NULL,'Y'),
    (0000051677,00002527,0000002466,'Student',NULL,NULL,'Y'),
    (0000051685,00002407,0000002686,'Student',NULL,NULL,'Y'),
    (0000051686,00002410,0000002686,'Student',NULL,NULL,'Y'),
    (0000051687,00002421,0000002686,'Student',NULL,NULL,'Y'),
    (0000051688,00002424,0000002686,'Student',NULL,NULL,'Y'),
    (0000051689,00002427,0000002686,'Student',NULL,NULL,'Y'),
    (0000051690,00002435,0000002686,'Student',NULL,NULL,'Y'),
    (0000051691,00002438,0000002686,'Student',NULL,NULL,'Y'),
    (0000051692,00002527,0000002686,'Student',NULL,NULL,'Y'),
    (0000051700,00002407,0000002726,'Student',NULL,NULL,'Y'),
    (0000051701,00002410,0000002726,'Student',NULL,NULL,'Y'),
    (0000051702,00002421,0000002726,'Student',NULL,NULL,'Y'),
    (0000051703,00002424,0000002726,'Student',NULL,NULL,'Y'),
    (0000051704,00002427,0000002726,'Student',NULL,NULL,'Y'),
    (0000051705,00002435,0000002726,'Student',NULL,NULL,'Y'),
    (0000051706,00002438,0000002726,'Student',NULL,NULL,'Y'),
    (0000051707,00002527,0000002726,'Student',NULL,NULL,'Y'),
    (0000051715,00002407,0000002586,'Student',NULL,NULL,'Y'),
    (0000051716,00002410,0000002586,'Student',NULL,NULL,'Y'),
    (0000051717,00002421,0000002586,'Student',NULL,NULL,'Y'),
    (0000051718,00002424,0000002586,'Student',NULL,NULL,'Y'),
    (0000051719,00002427,0000002586,'Student',NULL,NULL,'Y'),
    (0000051720,00002435,0000002586,'Student',NULL,NULL,'Y'),
    (0000051721,00002438,0000002586,'Student',NULL,NULL,'Y'),
    (0000051722,00002527,0000002586,'Student',NULL,NULL,'Y'),
    (0000051730,00002407,0000002639,'Student',NULL,NULL,'Y'),
    (0000051731,00002410,0000002639,'Student',NULL,NULL,'Y'),
    (0000051732,00002421,0000002639,'Student',NULL,NULL,'Y'),
    (0000051733,00002424,0000002639,'Student',NULL,NULL,'Y'),
    (0000051734,00002427,0000002639,'Student',NULL,NULL,'Y'),
    (0000051735,00002435,0000002639,'Student',NULL,NULL,'Y'),
    (0000051736,00002438,0000002639,'Student',NULL,NULL,'Y'),
    (0000051737,00002527,0000002639,'Student',NULL,NULL,'Y'),
    (0000051745,00002407,0000002473,'Student',NULL,NULL,'Y'),
    (0000051746,00002410,0000002473,'Student',NULL,NULL,'Y'),
    (0000051747,00002421,0000002473,'Student',NULL,NULL,'Y'),
    (0000051748,00002424,0000002473,'Student',NULL,NULL,'Y'),
    (0000051749,00002427,0000002473,'Student',NULL,NULL,'Y'),
    (0000051750,00002435,0000002473,'Student',NULL,NULL,'Y'),
    (0000051751,00002438,0000002473,'Student',NULL,NULL,'Y'),
    (0000051752,00002527,0000002473,'Student',NULL,NULL,'Y'),
    (0000051760,00002407,0000002433,'Student',NULL,NULL,'Y'),
    (0000051761,00002410,0000002433,'Student',NULL,NULL,'Y'),
    (0000051762,00002421,0000002433,'Student',NULL,NULL,'Y'),
    (0000051763,00002424,0000002433,'Student',NULL,NULL,'Y'),
    (0000051764,00002427,0000002433,'Student',NULL,NULL,'Y'),
    (0000051765,00002435,0000002433,'Student',NULL,NULL,'Y'),
    (0000051766,00002438,0000002433,'Student',NULL,NULL,'Y'),
    (0000051767,00002527,0000002433,'Student',NULL,NULL,'Y'),
    (0000051775,00002407,0000002711,'Student',NULL,NULL,'Y'),
    (0000051776,00002410,0000002711,'Student',NULL,NULL,'Y'),
    (0000051777,00002421,0000002711,'Student',NULL,NULL,'Y'),
    (0000051778,00002424,0000002711,'Student',NULL,NULL,'Y'),
    (0000051779,00002427,0000002711,'Student',NULL,NULL,'Y'),
    (0000051780,00002435,0000002711,'Student',NULL,NULL,'Y'),
    (0000051781,00002438,0000002711,'Student',NULL,NULL,'Y'),
    (0000051782,00002527,0000002711,'Student',NULL,NULL,'Y'),
    (0000051790,00002407,0000002436,'Student',NULL,NULL,'Y'),
    (0000051791,00002410,0000002436,'Student',NULL,NULL,'Y'),
    (0000051792,00002421,0000002436,'Student',NULL,NULL,'Y'),
    (0000051793,00002424,0000002436,'Student',NULL,NULL,'Y'),
    (0000051794,00002427,0000002436,'Student',NULL,NULL,'Y'),
    (0000051795,00002435,0000002436,'Student',NULL,NULL,'Y'),
    (0000051796,00002438,0000002436,'Student',NULL,NULL,'Y'),
    (0000051797,00002527,0000002436,'Student',NULL,NULL,'Y'),
    (0000051805,00002407,0000002479,'Student',NULL,NULL,'Y'),
    (0000051806,00002410,0000002479,'Student',NULL,NULL,'Y'),
    (0000051807,00002421,0000002479,'Student',NULL,NULL,'Y'),
    (0000051808,00002424,0000002479,'Student',NULL,NULL,'Y'),
    (0000051809,00002427,0000002479,'Student',NULL,NULL,'Y'),
    (0000051810,00002435,0000002479,'Student',NULL,NULL,'Y'),
    (0000051811,00002438,0000002479,'Student',NULL,NULL,'Y'),
    (0000051812,00002527,0000002479,'Student',NULL,NULL,'Y'),
    (0000051820,00002407,0000002427,'Student',NULL,NULL,'Y'),
    (0000051821,00002410,0000002427,'Student',NULL,NULL,'Y'),
    (0000051822,00002421,0000002427,'Student',NULL,NULL,'Y'),
    (0000051823,00002424,0000002427,'Student',NULL,NULL,'Y'),
    (0000051824,00002427,0000002427,'Student',NULL,NULL,'Y'),
    (0000051825,00002435,0000002427,'Student',NULL,NULL,'Y'),
    (0000051826,00002438,0000002427,'Student',NULL,NULL,'Y'),
    (0000051827,00002527,0000002427,'Student',NULL,NULL,'Y'),
    (0000051835,00002407,0000002689,'Student',NULL,NULL,'Y'),
    (0000051836,00002410,0000002689,'Student',NULL,NULL,'Y'),
    (0000051837,00002421,0000002689,'Student',NULL,NULL,'Y'),
    (0000051838,00002424,0000002689,'Student',NULL,NULL,'Y'),
    (0000051839,00002427,0000002689,'Student',NULL,NULL,'Y'),
    (0000051840,00002435,0000002689,'Student',NULL,NULL,'Y'),
    (0000051841,00002438,0000002689,'Student',NULL,NULL,'Y'),
    (0000051842,00002527,0000002689,'Student',NULL,NULL,'Y'),
    (0000051850,00002407,0000002708,'Student',NULL,NULL,'Y'),
    (0000051851,00002410,0000002708,'Student',NULL,NULL,'Y'),
    (0000051852,00002421,0000002708,'Student',NULL,NULL,'Y'),
    (0000051853,00002424,0000002708,'Student',NULL,NULL,'Y'),
    (0000051854,00002427,0000002708,'Student',NULL,NULL,'Y'),
    (0000051855,00002435,0000002708,'Student',NULL,NULL,'Y'),
    (0000051856,00002438,0000002708,'Student',NULL,NULL,'Y'),
    (0000051857,00002527,0000002708,'Student',NULL,NULL,'Y'),
    (0000051865,00002407,0000002670,'Student',NULL,NULL,'Y'),
    (0000051866,00002410,0000002670,'Student',NULL,NULL,'Y'),
    (0000051867,00002421,0000002670,'Student',NULL,NULL,'Y'),
    (0000051868,00002424,0000002670,'Student',NULL,NULL,'Y'),
    (0000051869,00002427,0000002670,'Student',NULL,NULL,'Y'),
    (0000051870,00002435,0000002670,'Student',NULL,NULL,'Y'),
    (0000051871,00002438,0000002670,'Student',NULL,NULL,'Y'),
    (0000051872,00002527,0000002670,'Student',NULL,NULL,'Y'),
    (0000051880,00002407,0000002576,'Student',NULL,NULL,'Y'),
    (0000051881,00002410,0000002576,'Student',NULL,NULL,'Y'),
    (0000051882,00002421,0000002576,'Student',NULL,NULL,'Y'),
    (0000051883,00002424,0000002576,'Student',NULL,NULL,'Y'),
    (0000051884,00002427,0000002576,'Student',NULL,NULL,'Y'),
    (0000051885,00002435,0000002576,'Student',NULL,NULL,'Y'),
    (0000051886,00002438,0000002576,'Student',NULL,NULL,'Y'),
    (0000051887,00002527,0000002576,'Student',NULL,NULL,'Y'),
    (0000051895,00002407,0000002566,'Student',NULL,NULL,'Y'),
    (0000051896,00002410,0000002566,'Student',NULL,NULL,'Y'),
    (0000051897,00002421,0000002566,'Student',NULL,NULL,'Y'),
    (0000051898,00002424,0000002566,'Student',NULL,NULL,'Y'),
    (0000051899,00002427,0000002566,'Student',NULL,NULL,'Y'),
    (0000051900,00002435,0000002566,'Student',NULL,NULL,'Y'),
    (0000051901,00002438,0000002566,'Student',NULL,NULL,'Y'),
    (0000051902,00002527,0000002566,'Student',NULL,NULL,'Y'),
    (0000051910,00002518,0000002618,'Student',NULL,NULL,'Y'),
    (0000051911,00002519,0000002618,'Student',NULL,NULL,'Y'),
    (0000051912,00002547,0000002618,'Student',NULL,NULL,'Y'),
    (0000051913,00002548,0000002618,'Student',NULL,NULL,'Y'),
    (0000051914,00002554,0000002618,'Student',NULL,NULL,'Y'),
    (0000051915,00002580,0000002618,'Student',NULL,NULL,'Y'),
    (0000051916,00002583,0000002618,'Student',NULL,NULL,'Y'),
    (0000051917,00002530,0000002618,'Student',NULL,NULL,'Y'),
    (0000051925,00002518,0000002573,'Student',NULL,NULL,'Y'),
    (0000051926,00002519,0000002573,'Student',NULL,NULL,'Y'),
    (0000051927,00002547,0000002573,'Student',NULL,NULL,'Y'),
    (0000051928,00002548,0000002573,'Student',NULL,NULL,'Y'),
    (0000051929,00002554,0000002573,'Student',NULL,NULL,'Y'),
    (0000051930,00002580,0000002573,'Student',NULL,NULL,'Y'),
    (0000051931,00002583,0000002573,'Student',NULL,NULL,'Y'),
    (0000051932,00002530,0000002573,'Student',NULL,NULL,'Y'),
    (0000051940,00002518,0000002592,'Student',NULL,NULL,'Y'),
    (0000051941,00002519,0000002592,'Student',NULL,NULL,'Y'),
    (0000051942,00002547,0000002592,'Student',NULL,NULL,'Y'),
    (0000051943,00002548,0000002592,'Student',NULL,NULL,'Y'),
    (0000051944,00002554,0000002592,'Student',NULL,NULL,'Y'),
    (0000051945,00002580,0000002592,'Student',NULL,NULL,'Y'),
    (0000051946,00002583,0000002592,'Student',NULL,NULL,'Y'),
    (0000051947,00002530,0000002592,'Student',NULL,NULL,'Y'),
    (0000051955,00002518,0000002583,'Student',NULL,NULL,'Y'),
    (0000051956,00002519,0000002583,'Student',NULL,NULL,'Y'),
    (0000051957,00002547,0000002583,'Student',NULL,NULL,'Y'),
    (0000051958,00002548,0000002583,'Student',NULL,NULL,'Y'),
    (0000051959,00002554,0000002583,'Student',NULL,NULL,'Y'),
    (0000051960,00002580,0000002583,'Student',NULL,NULL,'Y'),
    (0000051961,00002583,0000002583,'Student',NULL,NULL,'Y'),
    (0000051962,00002530,0000002583,'Student',NULL,NULL,'Y'),
    (0000051970,00002518,0000002705,'Student',NULL,NULL,'Y'),
    (0000051971,00002519,0000002705,'Student',NULL,NULL,'Y'),
    (0000051972,00002547,0000002705,'Student',NULL,NULL,'Y'),
    (0000051973,00002548,0000002705,'Student',NULL,NULL,'Y'),
    (0000051974,00002554,0000002705,'Student',NULL,NULL,'Y'),
    (0000051975,00002580,0000002705,'Student',NULL,NULL,'Y'),
    (0000051976,00002583,0000002705,'Student',NULL,NULL,'Y'),
    (0000051977,00002530,0000002705,'Student',NULL,NULL,'Y'),
    (0000051985,00002518,0000002660,'Student',NULL,NULL,'Y'),
    (0000051986,00002519,0000002660,'Student',NULL,NULL,'Y'),
    (0000051987,00002547,0000002660,'Student',NULL,NULL,'Y'),
    (0000051988,00002548,0000002660,'Student',NULL,NULL,'Y'),
    (0000051989,00002554,0000002660,'Student',NULL,NULL,'Y'),
    (0000051990,00002580,0000002660,'Student',NULL,NULL,'Y'),
    (0000051991,00002583,0000002660,'Student',NULL,NULL,'Y'),
    (0000051992,00002530,0000002660,'Student',NULL,NULL,'Y'),
    (0000052000,00002518,0000002598,'Student',NULL,NULL,'Y'),
    (0000052001,00002519,0000002598,'Student',NULL,NULL,'Y'),
    (0000052002,00002547,0000002598,'Student',NULL,NULL,'Y'),
    (0000052003,00002548,0000002598,'Student',NULL,NULL,'Y'),
    (0000052004,00002554,0000002598,'Student',NULL,NULL,'Y'),
    (0000052005,00002580,0000002598,'Student',NULL,NULL,'Y'),
    (0000052006,00002583,0000002598,'Student',NULL,NULL,'Y'),
    (0000052007,00002530,0000002598,'Student',NULL,NULL,'Y'),
    (0000052015,00002518,0000002589,'Student',NULL,NULL,'Y'),
    (0000052016,00002519,0000002589,'Student',NULL,NULL,'Y'),
    (0000052017,00002547,0000002589,'Student',NULL,NULL,'Y'),
    (0000052018,00002548,0000002589,'Student',NULL,NULL,'Y'),
    (0000052019,00002554,0000002589,'Student',NULL,NULL,'Y'),
    (0000052020,00002580,0000002589,'Student',NULL,NULL,'Y'),
    (0000052021,00002583,0000002589,'Student',NULL,NULL,'Y'),
    (0000052022,00002530,0000002589,'Student',NULL,NULL,'Y'),
    (0000052030,00002518,0000002604,'Student',NULL,NULL,'Y'),
    (0000052031,00002519,0000002604,'Student',NULL,NULL,'Y'),
    (0000052032,00002547,0000002604,'Student',NULL,NULL,'Y'),
    (0000052033,00002548,0000002604,'Student',NULL,NULL,'Y'),
    (0000052034,00002554,0000002604,'Student',NULL,NULL,'Y'),
    (0000052035,00002580,0000002604,'Student',NULL,NULL,'Y'),
    (0000052036,00002583,0000002604,'Student',NULL,NULL,'Y'),
    (0000052037,00002530,0000002604,'Student',NULL,NULL,'Y'),
    (0000052045,00002518,0000002425,'Student',NULL,NULL,'Y'),
    (0000052046,00002519,0000002425,'Student',NULL,NULL,'Y'),
    (0000052047,00002547,0000002425,'Student',NULL,NULL,'Y'),
    (0000052048,00002548,0000002425,'Student',NULL,NULL,'Y'),
    (0000052049,00002554,0000002425,'Student',NULL,NULL,'Y'),
    (0000052050,00002580,0000002425,'Student',NULL,NULL,'Y'),
    (0000052051,00002583,0000002425,'Student',NULL,NULL,'Y'),
    (0000052052,00002530,0000002425,'Student',NULL,NULL,'Y'),
    (0000052060,00002518,0000002676,'Student',NULL,NULL,'Y'),
    (0000052061,00002519,0000002676,'Student',NULL,NULL,'Y'),
    (0000052062,00002547,0000002676,'Student',NULL,NULL,'Y'),
    (0000052063,00002548,0000002676,'Student',NULL,NULL,'Y'),
    (0000052064,00002554,0000002676,'Student',NULL,NULL,'Y'),
    (0000052065,00002580,0000002676,'Student',NULL,NULL,'Y'),
    (0000052066,00002583,0000002676,'Student',NULL,NULL,'Y'),
    (0000052067,00002530,0000002676,'Student',NULL,NULL,'Y'),
    (0000052075,00002518,0000002595,'Student',NULL,NULL,'Y'),
    (0000052076,00002519,0000002595,'Student',NULL,NULL,'Y'),
    (0000052077,00002547,0000002595,'Student',NULL,NULL,'Y'),
    (0000052078,00002548,0000002595,'Student',NULL,NULL,'Y'),
    (0000052079,00002554,0000002595,'Student',NULL,NULL,'Y'),
    (0000052080,00002580,0000002595,'Student',NULL,NULL,'Y'),
    (0000052081,00002583,0000002595,'Student',NULL,NULL,'Y'),
    (0000052082,00002530,0000002595,'Student',NULL,NULL,'Y'),
    (0000052090,00002518,0000002700,'Student',NULL,NULL,'Y'),
    (0000052091,00002519,0000002700,'Student',NULL,NULL,'Y'),
    (0000052092,00002547,0000002700,'Student',NULL,NULL,'Y'),
    (0000052093,00002548,0000002700,'Student',NULL,NULL,'Y'),
    (0000052094,00002554,0000002700,'Student',NULL,NULL,'Y'),
    (0000052095,00002580,0000002700,'Student',NULL,NULL,'Y'),
    (0000052096,00002583,0000002700,'Student',NULL,NULL,'Y'),
    (0000052097,00002530,0000002700,'Student',NULL,NULL,'Y'),
    (0000052105,00002518,0000002463,'Student',NULL,NULL,'Y'),
    (0000052106,00002519,0000002463,'Student',NULL,NULL,'Y'),
    (0000052107,00002547,0000002463,'Student',NULL,NULL,'Y'),
    (0000052108,00002548,0000002463,'Student',NULL,NULL,'Y'),
    (0000052109,00002554,0000002463,'Student',NULL,NULL,'Y'),
    (0000052110,00002580,0000002463,'Student',NULL,NULL,'Y'),
    (0000052111,00002583,0000002463,'Student',NULL,NULL,'Y'),
    (0000052112,00002530,0000002463,'Student',NULL,NULL,'Y'),
    (0000052120,00002518,0000002648,'Student',NULL,NULL,'Y'),
    (0000052121,00002519,0000002648,'Student',NULL,NULL,'Y'),
    (0000052122,00002547,0000002648,'Student',NULL,NULL,'Y'),
    (0000052123,00002548,0000002648,'Student',NULL,NULL,'Y'),
    (0000052124,00002554,0000002648,'Student',NULL,NULL,'Y'),
    (0000052125,00002580,0000002648,'Student',NULL,NULL,'Y'),
    (0000052126,00002583,0000002648,'Student',NULL,NULL,'Y'),
    (0000052127,00002530,0000002648,'Student',NULL,NULL,'Y'),
    (0000052135,00002518,0000002761,'Student',NULL,NULL,'Y'),
    (0000052136,00002519,0000002761,'Student',NULL,NULL,'Y'),
    (0000052137,00002547,0000002761,'Student',NULL,NULL,'Y'),
    (0000052138,00002548,0000002761,'Student',NULL,NULL,'Y'),
    (0000052139,00002554,0000002761,'Student',NULL,NULL,'Y'),
    (0000052140,00002580,0000002761,'Student',NULL,NULL,'Y'),
    (0000052141,00002583,0000002761,'Student',NULL,NULL,'Y'),
    (0000052142,00002530,0000002761,'Student',NULL,NULL,'Y'),
    (0000052150,00002518,0000002714,'Student',NULL,NULL,'Y'),
    (0000052151,00002519,0000002714,'Student',NULL,NULL,'Y'),
    (0000052152,00002547,0000002714,'Student',NULL,NULL,'Y'),
    (0000052153,00002548,0000002714,'Student',NULL,NULL,'Y'),
    (0000052154,00002554,0000002714,'Student',NULL,NULL,'Y'),
    (0000052155,00002580,0000002714,'Student',NULL,NULL,'Y'),
    (0000052156,00002583,0000002714,'Student',NULL,NULL,'Y'),
    (0000052157,00002530,0000002714,'Student',NULL,NULL,'Y'),
    (0000052165,00002518,0000002680,'Student',NULL,NULL,'Y'),
    (0000052166,00002519,0000002680,'Student',NULL,NULL,'Y'),
    (0000052167,00002547,0000002680,'Student',NULL,NULL,'Y'),
    (0000052168,00002548,0000002680,'Student',NULL,NULL,'Y'),
    (0000052169,00002554,0000002680,'Student',NULL,NULL,'Y'),
    (0000052170,00002580,0000002680,'Student',NULL,NULL,'Y'),
    (0000052171,00002583,0000002680,'Student',NULL,NULL,'Y'),
    (0000052172,00002530,0000002680,'Student',NULL,NULL,'Y'),
    (0000052180,00002407,0000002570,'Student',NULL,NULL,'Y'),
    (0000052181,00002410,0000002570,'Student',NULL,NULL,'Y'),
    (0000052182,00002421,0000002570,'Student',NULL,NULL,'Y'),
    (0000052183,00002424,0000002570,'Student',NULL,NULL,'Y'),
    (0000052184,00002427,0000002570,'Student',NULL,NULL,'Y'),
    (0000052185,00002435,0000002570,'Student',NULL,NULL,'Y'),
    (0000052186,00002438,0000002570,'Student',NULL,NULL,'Y'),
    (0000052187,00002527,0000002570,'Student',NULL,NULL,'Y'),
    (0000052195,00002408,0000002702,'Student',NULL,NULL,'Y'),
    (0000052196,00002411,0000002702,'Student',NULL,NULL,'Y'),
    (0000052197,00002422,0000002702,'Student',NULL,NULL,'Y'),
    (0000052198,00002425,0000002702,'Student',NULL,NULL,'Y'),
    (0000052199,00002428,0000002702,'Student',NULL,NULL,'Y'),
    (0000052200,00002436,0000002702,'Student',NULL,NULL,'Y'),
    (0000052201,00002439,0000002702,'Student',NULL,NULL,'Y'),
    (0000052202,00002529,0000002702,'Student',NULL,NULL,'Y'),
    (0000052213,00002484,0000002113,'Student',NULL,NULL,'Y'),
    (0000052214,00002484,0000001992,'Student',NULL,NULL,'Y'),
    (0000052215,00002484,0000001970,'Student',NULL,NULL,'Y'),
    (0000052216,00002484,0000002012,'Student',NULL,NULL,'Y'),
    (0000052217,00002484,0000001986,'Student',NULL,NULL,'Y'),
    (0000052218,00002484,0000002116,'Student',NULL,NULL,'Y'),
    (0000052219,00002484,0000002135,'Student',NULL,NULL,'Y'),
    (0000052220,00002484,0000002532,'Student',NULL,NULL,'Y'),
    (0000052221,00002484,0000002495,'Student',NULL,NULL,'Y'),
    (0000052222,00002507,0000001925,'Student',NULL,NULL,'Y'),
    (0000052223,00002507,0000001955,'Student',NULL,NULL,'Y'),
    (0000052224,00002507,0000001878,'Student',NULL,NULL,'Y'),
    (0000052225,00002507,0000001924,'Student',NULL,NULL,'Y'),
    (0000052226,00002507,0000001891,'Student',NULL,NULL,'Y'),
    (0000052227,00002507,0000001983,'Student',NULL,NULL,'Y'),
    (0000052228,00002507,0000002056,'Student',NULL,NULL,'Y'),
    (0000052229,00002507,0000001995,'Student',NULL,NULL,'Y'),
    (0000052230,00002507,0000001870,'Student',NULL,NULL,'Y'),
    (0000052231,00002507,0000001879,'Student',NULL,NULL,'Y'),
    (0000052232,00002507,0000002006,'Student',NULL,NULL,'Y'),
    (0000052233,00002507,0000001864,'Student',NULL,NULL,'Y'),
    (0000052234,00002507,0000002040,'Student',NULL,NULL,'Y'),
    (0000052235,00002507,0000002037,'Student',NULL,NULL,'Y'),
    (0000052236,00002507,0000001977,'Student',NULL,NULL,'Y'),
    (0000052237,00002507,0000001905,'Student',NULL,NULL,'Y'),
    (0000052238,00002507,0000001894,'Student',NULL,NULL,'Y'),
    (0000052239,00002507,0000001918,'Student',NULL,NULL,'Y'),
    (0000052240,00002507,0000001934,'Student',NULL,NULL,'Y'),
    (0000052241,00002507,0000001897,'Student',NULL,NULL,'Y'),
    (0000052242,00002507,0000002389,'Student',NULL,NULL,'Y'),
    (0000052243,00002507,0000002022,'Student',NULL,NULL,'Y'),
    (0000052244,00002507,0000002404,'Student',NULL,NULL,'Y'),
    (0000052245,00002507,0000002029,'Student',NULL,NULL,'Y'),
    (0000052246,00002507,0000001980,'Student',NULL,NULL,'Y'),
    (0000052247,00002507,0000001928,'Student',NULL,NULL,'Y'),
    (0000052248,00002507,0000001989,'Student',NULL,NULL,'Y'),
    (0000052249,00002507,0000002123,'Student',NULL,NULL,'Y'),
    (0000052250,00002507,0000001974,'Student',NULL,NULL,'Y'),
    (0000052251,00002507,0000001901,'Student',NULL,NULL,'Y'),
    (0000052252,00002507,0000001911,'Student',NULL,NULL,'Y'),
    (0000052253,00002493,0000001946,'Student',NULL,NULL,'Y'),
    (0000052254,00002493,0000002079,'Student',NULL,NULL,'Y'),
    (0000052255,00002493,0000001915,'Student',NULL,NULL,'Y'),
    (0000052256,00002493,0000001921,'Student',NULL,NULL,'Y'),
    (0000052257,00002493,0000001914,'Student',NULL,NULL,'Y'),
    (0000052258,00002493,0000001960,'Student',NULL,NULL,'Y'),
    (0000052259,00002493,0000002555,'Student',NULL,NULL,'Y'),
    (0000052260,00002493,0000001882,'Student',NULL,NULL,'Y'),
    (0000052261,00002493,0000001913,'Student',NULL,NULL,'Y'),
    (0000052262,00002493,0000002491,'Student',NULL,NULL,'Y'),
    (0000052263,00002493,0000001964,'Student',NULL,NULL,'Y'),
    (0000052264,00002493,0000001937,'Student',NULL,NULL,'Y'),
    (0000052265,00002493,0000002009,'Student',NULL,NULL,'Y'),
    (0000052266,00002493,0000002076,'Student',NULL,NULL,'Y'),
    (0000052267,00002493,0000002129,'Student',NULL,NULL,'Y'),
    (0000052268,00002493,0000002000,'Student',NULL,NULL,'Y'),
    (0000052269,00002493,0000001904,'Student',NULL,NULL,'Y'),
    (0000052270,00002493,0000002093,'Student',NULL,NULL,'Y'),
    (0000052271,00002493,0000002280,'Student',NULL,NULL,'Y'),
    (0000052272,00002493,0000001898,'Student',NULL,NULL,'Y'),
    (0000052273,00002493,0000002327,'Student',NULL,NULL,'Y'),
    (0000052274,00002493,0000002019,'Student',NULL,NULL,'Y'),
    (0000052275,00002493,0000001931,'Student',NULL,NULL,'Y'),
    (0000052276,00002280,0000001639,'Student',NULL,NULL,'Y'),
    (0000052277,00002280,0000001744,'Student',NULL,NULL,'Y'),
    (0000052278,00002280,0000001700,'Student',NULL,NULL,'Y'),
    (0000052279,00002280,0000001730,'Student',NULL,NULL,'Y'),
    (0000052280,00002280,0000002033,'Student',NULL,NULL,'Y'),
    (0000052281,00002280,0000002764,'Student',NULL,NULL,'Y'),
    (0000052282,00002286,0000001642,'Student',NULL,NULL,'Y'),
    (0000052283,00002286,0000001753,'Student',NULL,NULL,'Y'),
    (0000052284,00002286,0000001609,'Student',NULL,NULL,'Y'),
    (0000052285,00002286,0000001621,'Student',NULL,NULL,'Y'),
    (0000052286,00002286,0000002401,'Student',NULL,NULL,'Y'),
    (0000052287,00002286,0000001645,'Student',NULL,NULL,'Y'),
    (0000052288,00002286,0000001628,'Student',NULL,NULL,'Y'),
    (0000052289,00002286,0000001686,'Student',NULL,NULL,'Y'),
    (0000052290,00002286,0000001831,'Student',NULL,NULL,'Y'),
    (0000052291,00002286,0000001773,'Student',NULL,NULL,'Y'),
    (0000052292,00002286,0000002066,'Student',NULL,NULL,'Y'),
    (0000052293,00002286,0000001612,'Student',NULL,NULL,'Y'),
    (0000052294,00002286,0000001616,'Student',NULL,NULL,'Y'),
    (0000052295,00002286,0000002309,'Student',NULL,NULL,'Y'),
    (0000052296,00002286,0000001761,'Student',NULL,NULL,'Y'),
    (0000052297,00002286,0000001848,'Student',NULL,NULL,'Y'),
    (0000052298,00002286,0000002313,'Student',NULL,NULL,'Y'),
    (0000052299,00002286,0000002386,'Student',NULL,NULL,'Y'),
    (0000052300,00002286,0000001801,'Student',NULL,NULL,'Y'),
    (0000052301,00002286,0000001667,'Student',NULL,NULL,'Y'),
    (0000052302,00002286,0000001735,'Student',NULL,NULL,'Y'),
    (0000052303,00002286,0000001796,'Student',NULL,NULL,'Y'),
    (0000052304,00002286,0000002719,'Student',NULL,NULL,'Y'),
    (0000052305,00002287,0000001753,'Student',NULL,NULL,'Y'),
    (0000052306,00002524,0000001654,'Student',NULL,NULL,'Y'),
    (0000052307,00002287,0000001739,'Student',NULL,NULL,'Y'),
    (0000052308,00002524,0000002401,'Student',NULL,NULL,'Y'),
    (0000052309,00002287,0000001645,'Student',NULL,NULL,'Y'),
    (0000052310,00002524,0000001593,'Student',NULL,NULL,'Y'),
    (0000052311,00002287,0000002063,'Student',NULL,NULL,'Y'),
    (0000052312,00002524,0000001831,'Student',NULL,NULL,'Y'),
    (0000052313,00002287,0000001858,'Student',NULL,NULL,'Y'),
    (0000052314,00002524,0000001591,'Student',NULL,NULL,'Y'),
    (0000052315,00002287,0000001773,'Student',NULL,NULL,'Y'),
    (0000052316,00002524,0000002066,'Student',NULL,NULL,'Y'),
    (0000052317,00002287,0000001677,'Student',NULL,NULL,'Y'),
    (0000052318,00002524,0000001612,'Student',NULL,NULL,'Y'),
    (0000052319,00002287,0000001616,'Student',NULL,NULL,'Y'),
    (0000052320,00002524,0000001779,'Student',NULL,NULL,'Y'),
    (0000052321,00002287,0000001761,'Student',NULL,NULL,'Y'),
    (0000052322,00002524,0000001600,'Student',NULL,NULL,'Y'),
    (0000052323,00002287,0000001828,'Student',NULL,NULL,'Y'),
    (0000052324,00002524,0000002033,'Student',NULL,NULL,'Y'),
    (0000052325,00002287,0000002156,'Student',NULL,NULL,'Y'),
    (0000052326,00002524,0000001657,'Student',NULL,NULL,'Y'),
    (0000052327,00002287,0000001791,'Student',NULL,NULL,'Y'),
    (0000052328,00002524,0000002097,'Student',NULL,NULL,'Y'),
    (0000052329,00002287,0000002035,'Student',NULL,NULL,'Y'),
    (0000052330,00002524,0000001794,'Student',NULL,NULL,'Y'),
    (0000052331,00002287,0000001603,'Student',NULL,NULL,'Y'),
    (0000052332,00002524,0000002386,'Student',NULL,NULL,'Y'),
    (0000052333,00002287,0000001667,'Student',NULL,NULL,'Y'),
    (0000052334,00002524,0000001713,'Student',NULL,NULL,'Y'),
    (0000052335,00002287,0000002441,'Student',NULL,NULL,'Y'),
    (0000052336,00002524,0000001735,'Student',NULL,NULL,'Y'),
    (0000052337,00002287,0000001796,'Student',NULL,NULL,'Y'),
    (0000052338,00002524,0000002548,'Student',NULL,NULL,'Y'),
    (0000052339,00002287,0000002060,'Student',NULL,NULL,'Y'),
    (0000052340,00002293,0000001642,'Student',NULL,NULL,'Y'),
    (0000052341,00002293,0000001721,'Student',NULL,NULL,'Y'),
    (0000052342,00002293,0000001639,'Student',NULL,NULL,'Y'),
    (0000052343,00002293,0000001627,'Student',NULL,NULL,'Y'),
    (0000052344,00002293,0000001628,'Student',NULL,NULL,'Y'),
    (0000052345,00002293,0000001686,'Student',NULL,NULL,'Y'),
    (0000052346,00002293,0000001730,'Student',NULL,NULL,'Y'),
    (0000052347,00002293,0000002309,'Student',NULL,NULL,'Y'),
    (0000052348,00002293,0000001848,'Student',NULL,NULL,'Y'),
    (0000052349,00002294,0000001609,'Student',NULL,NULL,'Y'),
    (0000052350,00002294,0000001621,'Student',NULL,NULL,'Y'),
    (0000052351,00002294,0000002087,'Student',NULL,NULL,'Y'),
    (0000052352,00002294,0000001744,'Student',NULL,NULL,'Y'),
    (0000052353,00002294,0000001700,'Student',NULL,NULL,'Y'),
    (0000052354,00002294,0000002081,'Student',NULL,NULL,'Y'),
    (0000052355,00002294,0000002313,'Student',NULL,NULL,'Y'),
    (0000052356,00002294,0000001801,'Student',NULL,NULL,'Y'),
    (0000052357,00002294,0000002764,'Student',NULL,NULL,'Y'),
    (0000052358,00002301,0000001721,'Student',NULL,NULL,'Y'),
    (0000052359,00002301,0000001654,'Student',NULL,NULL,'Y'),
    (0000052360,00002301,0000001739,'Student',NULL,NULL,'Y'),
    (0000052361,00002301,0000002087,'Student',NULL,NULL,'Y'),
    (0000052362,00002301,0000001627,'Student',NULL,NULL,'Y'),
    (0000052363,00002301,0000001593,'Student',NULL,NULL,'Y'),
    (0000052364,00002301,0000002063,'Student',NULL,NULL,'Y'),
    (0000052365,00002301,0000002081,'Student',NULL,NULL,'Y'),
    (0000052366,00002301,0000001858,'Student',NULL,NULL,'Y'),
    (0000052367,00002301,0000001591,'Student',NULL,NULL,'Y'),
    (0000052368,00002301,0000001677,'Student',NULL,NULL,'Y'),
    (0000052369,00002301,0000001779,'Student',NULL,NULL,'Y'),
    (0000052370,00002301,0000001600,'Student',NULL,NULL,'Y'),
    (0000052371,00002301,0000001828,'Student',NULL,NULL,'Y'),
    (0000052372,00002301,0000002156,'Student',NULL,NULL,'Y'),
    (0000052373,00002301,0000001657,'Student',NULL,NULL,'Y'),
    (0000052374,00002301,0000001791,'Student',NULL,NULL,'Y'),
    (0000052375,00002301,0000002097,'Student',NULL,NULL,'Y'),
    (0000052376,00002301,0000002035,'Student',NULL,NULL,'Y'),
    (0000052377,00002301,0000001794,'Student',NULL,NULL,'Y'),
    (0000052378,00002301,0000001603,'Student',NULL,NULL,'Y'),
    (0000052379,00002301,0000001713,'Student',NULL,NULL,'Y'),
    (0000052380,00002301,0000002441,'Student',NULL,NULL,'Y'),
    (0000052381,00002301,0000002548,'Student',NULL,NULL,'Y'),
    (0000052382,00002365,0000000934,'Student',NULL,NULL,'Y'),
    (0000052383,00002366,0000000934,'Student',NULL,NULL,'Y'),
    (0000052384,00002336,0000001233,'Student',NULL,NULL,'Y'),
    (0000052385,00002336,0000001275,'Student',NULL,NULL,'Y'),
    (0000052386,00002336,0000001160,'Student',NULL,NULL,'Y'),
    (0000052387,00002336,0000002411,'Student',NULL,NULL,'Y'),
    (0000052388,00002336,0000001276,'Student',NULL,NULL,'Y'),
    (0000052389,00002336,0000001157,'Student',NULL,NULL,'Y'),
    (0000052390,00002336,0000001528,'Student',NULL,NULL,'Y'),
    (0000052391,00002336,0000001548,'Student',NULL,NULL,'Y'),
    (0000052392,00002336,0000001201,'Student',NULL,NULL,'Y'),
    (0000052393,00002336,0000001814,'Student',NULL,NULL,'Y'),
    (0000052394,00002336,0000001193,'Student',NULL,NULL,'Y'),
    (0000052395,00002336,0000001178,'Student',NULL,NULL,'Y'),
    (0000052396,00002336,0000001254,'Student',NULL,NULL,'Y'),
    (0000052397,00002336,0000002120,'Student',NULL,NULL,'Y'),
    (0000052398,00002336,0000001154,'Student',NULL,NULL,'Y'),
    (0000052399,00002336,0000001163,'Student',NULL,NULL,'Y'),
    (0000052400,00002336,0000001214,'Student',NULL,NULL,'Y'),
    (0000052401,00002336,0000001251,'Student',NULL,NULL,'Y'),
    (0000052402,00002336,0000001257,'Student',NULL,NULL,'Y'),
    (0000052403,00002336,0000001204,'Student',NULL,NULL,'Y'),
    (0000052404,00002336,0000001242,'Student',NULL,NULL,'Y'),
    (0000052405,00002337,0000002138,'Student',NULL,NULL,'Y'),
    (0000052406,00002337,0000001191,'Student',NULL,NULL,'Y'),
    (0000052407,00002337,0000002145,'Student',NULL,NULL,'Y'),
    (0000052408,00002337,0000001680,'Student',NULL,NULL,'Y'),
    (0000052409,00002339,0000001154,'Student',NULL,NULL,'Y'),
    (0000052410,00002339,0000001214,'Student',NULL,NULL,'Y'),
    (0000052411,00002339,0000001233,'Student',NULL,NULL,'Y'),
    (0000052412,00002339,0000001160,'Student',NULL,NULL,'Y'),
    (0000052413,00002339,0000002090,'Student',NULL,NULL,'Y'),
    (0000052414,00002339,0000001276,'Student',NULL,NULL,'Y'),
    (0000052415,00002339,0000001201,'Student',NULL,NULL,'Y'),
    (0000052416,00002339,0000001814,'Student',NULL,NULL,'Y'),
    (0000052417,00002339,0000002120,'Student',NULL,NULL,'Y'),
    (0000052418,00002339,0000001179,'Student',NULL,NULL,'Y'),
    (0000052419,00002339,0000001251,'Student',NULL,NULL,'Y'),
    (0000052420,00002340,0000001154,'Student',NULL,NULL,'N'),
    (0000052421,00002340,0000001214,'Student',NULL,NULL,'N'),
    (0000052422,00002340,0000001233,'Student',NULL,NULL,'N'),
    (0000052423,00002340,0000001160,'Student',NULL,NULL,'N'),
    (0000052424,00002340,0000002090,'Student',NULL,NULL,'N'),
    (0000052425,00002340,0000001276,'Student',NULL,NULL,'N'),
    (0000052426,00002340,0000001201,'Student',NULL,NULL,'N'),
    (0000052427,00002340,0000001814,'Student',NULL,NULL,'N'),
    (0000052428,00002340,0000002120,'Student',NULL,NULL,'N'),
    (0000052429,00002340,0000001179,'Student',NULL,NULL,'N'),
    (0000052430,00002340,0000001251,'Student',NULL,NULL,'N'),
    (0000052431,00002341,0000002090,'Student',NULL,NULL,'Y'),
    (0000052432,00002341,0000002411,'Student',NULL,NULL,'Y'),
    (0000052433,00002341,0000002353,'Student',NULL,NULL,'Y'),
    (0000052434,00002341,0000002145,'Student',NULL,NULL,'Y'),
    (0000052435,00002341,0000001214,'Student',NULL,NULL,'Y'),
    (0000052436,00002341,0000001201,'Student',NULL,NULL,'Y'),
    (0000052437,00002341,0000001814,'Student',NULL,NULL,'Y'),
    (0000052438,00002342,0000001236,'Student',NULL,NULL,'Y'),
    (0000052439,00002523,0000001233,'Student',NULL,NULL,'Y'),
    (0000052440,00002342,0000001257,'Student',NULL,NULL,'Y'),
    (0000052441,00002523,0000001204,'Student',NULL,NULL,'Y'),
    (0000052442,00002342,0000001245,'Student',NULL,NULL,'Y'),
    (0000052443,00002523,0000001200,'Student',NULL,NULL,'Y'),
    (0000052444,00002342,0000002103,'Student',NULL,NULL,'Y'),
    (0000052445,00002523,0000001163,'Student',NULL,NULL,'Y'),
    (0000052446,00002342,0000001548,'Student',NULL,NULL,'Y'),
    (0000052447,00002523,0000001254,'Student',NULL,NULL,'Y'),
    (0000052448,00002342,0000001275,'Student',NULL,NULL,'Y'),
    (0000052449,00002523,0000001191,'Student',NULL,NULL,'Y'),
    (0000052450,00002342,0000001157,'Student',NULL,NULL,'Y'),
    (0000052451,00002523,0000001226,'Student',NULL,NULL,'Y'),
    (0000052452,00002342,0000001259,'Student',NULL,NULL,'Y'),
    (0000052453,00002523,0000001179,'Student',NULL,NULL,'Y'),
    (0000052454,00002342,0000001178,'Student',NULL,NULL,'Y'),
    (0000052455,00002523,0000002120,'Student',NULL,NULL,'Y'),
    (0000052456,00002342,0000001154,'Student',NULL,NULL,'Y'),
    (0000052457,00002523,0000001160,'Student',NULL,NULL,'Y'),
    (0000052458,00002342,0000001276,'Student',NULL,NULL,'Y'),
    (0000052459,00002523,0000001528,'Student',NULL,NULL,'Y'),
    (0000052460,00002342,0000001251,'Student',NULL,NULL,'Y'),
    (0000052461,00002343,0000001191,'Student',NULL,NULL,'Y'),
    (0000052462,00002343,0000001179,'Student',NULL,NULL,'Y'),
    (0000052463,00002343,0000002103,'Student',NULL,NULL,'Y'),
    (0000052464,00002525,0000001191,'Student',NULL,NULL,'N'),
    (0000052465,00002525,0000001179,'Student',NULL,NULL,'N'),
    (0000052466,00002525,0000002103,'Student',NULL,NULL,'N'),
    (0000052467,00002525,0000001226,'Student',NULL,NULL,'Y'),
    (0000052468,00002525,0000001814,'Student',NULL,NULL,'Y'),
    (0000052469,00002525,0000001236,'Student',NULL,NULL,'Y'),
    (0000052470,00002525,0000002353,'Student',NULL,NULL,'Y'),
    (0000052471,00002525,0000001259,'Student',NULL,NULL,'Y'),
    (0000052472,00002344,0000001254,'Student',NULL,NULL,'Y'),
    (0000052474,00002344,0000001257,'Student',NULL,NULL,'Y'),
    (0000052475,00002546,0000001680,'Student',NULL,NULL,'Y'),
    (0000052476,00002344,0000001163,'Student',NULL,NULL,'Y'),
    (0000052477,00002546,0000002353,'Student',NULL,NULL,'Y'),
    (0000052478,00002344,0000001275,'Student',NULL,NULL,'Y'),
    (0000052479,00002546,0000001204,'Student',NULL,NULL,'Y'),
    (0000052480,00002344,0000001191,'Student',NULL,NULL,'Y'),
    (0000052481,00002546,0000001242,'Student',NULL,NULL,'Y'),
    (0000052482,00002344,0000001179,'Student',NULL,NULL,'Y'),
    (0000052483,00002546,0000001233,'Student',NULL,NULL,'Y'),
    (0000052485,00002546,0000001160,'Student',NULL,NULL,'Y'),
    (0000052486,00002344,0000001276,'Student',NULL,NULL,'Y'),
    (0000052487,00002546,0000001157,'Student',NULL,NULL,'Y'),
    (0000052488,00002344,0000001245,'Student',NULL,NULL,'Y'),
    (0000052489,00002546,0000001528,'Student',NULL,NULL,'Y'),
    (0000052490,00002344,0000001548,'Student',NULL,NULL,'Y'),
    (0000052491,00002546,0000001193,'Student',NULL,NULL,'Y'),
    (0000052492,00002345,0000001259,'Student',NULL,NULL,'Y'),
    (0000052493,00002345,0000001201,'Student',NULL,NULL,'Y'),
    (0000052494,00002345,0000002100,'Student',NULL,NULL,'Y'),
    (0000052495,00002345,0000002145,'Student',NULL,NULL,'Y'),
    (0000052496,00002345,0000001200,'Student',NULL,NULL,'Y'),
    (0000052497,00002345,0000002103,'Student',NULL,NULL,'Y'),
    (0000052498,00002345,0000001814,'Student',NULL,NULL,'Y'),
    (0000052499,00002345,0000001251,'Student',NULL,NULL,'Y'),
    (0000052500,00002345,0000001236,'Student',NULL,NULL,'Y'),
    (0000052501,00002345,0000002411,'Student',NULL,NULL,'Y'),
    (0000052502,00002345,0000002090,'Student',NULL,NULL,'Y'),
    (0000052503,00002345,0000001226,'Student',NULL,NULL,'Y'),
    (0000052504,00002345,0000001214,'Student',NULL,NULL,'Y'),
    (0000052505,00002345,0000001178,'Student',NULL,NULL,'Y'),
    (0000052506,00002346,0000001160,'Student',NULL,NULL,'Y'),
    (0000052507,00002346,0000001276,'Student',NULL,NULL,'Y'),
    (0000052508,00002346,0000001680,'Student',NULL,NULL,'Y'),
    (0000052509,00002346,0000001214,'Student',NULL,NULL,'Y'),
    (0000052510,00002346,0000001251,'Student',NULL,NULL,'Y'),
    (0000052511,00002346,0000002120,'Student',NULL,NULL,'Y'),
    (0000052512,00002346,0000001528,'Student',NULL,NULL,'Y'),
    (0000052513,00002346,0000001201,'Student',NULL,NULL,'Y'),
    (0000052514,00002346,0000001193,'Student',NULL,NULL,'Y'),
    (0000052515,00002346,0000001233,'Student',NULL,NULL,'Y'),
    (0000052516,00002346,0000001257,'Student',NULL,NULL,'Y'),
    (0000052517,00002346,0000001179,'Student',NULL,NULL,'Y'),
    (0000052518,00002346,0000001163,'Student',NULL,NULL,'Y'),
    (0000052519,00002346,0000001548,'Student',NULL,NULL,'Y'),
    (0000052520,00002348,0000001204,'Student',NULL,NULL,'Y'),
    (0000052521,00002348,0000001245,'Student',NULL,NULL,'Y'),
    (0000052522,00002348,0000001226,'Student',NULL,NULL,'Y'),
    (0000052523,00002348,0000001528,'Student',NULL,NULL,'Y'),
    (0000052524,00002348,0000001193,'Student',NULL,NULL,'Y'),
    (0000052525,00002348,0000001236,'Student',NULL,NULL,'Y'),
    (0000052526,00002348,0000001680,'Student',NULL,NULL,'Y'),
    (0000052527,00002348,0000001259,'Student',NULL,NULL,'Y'),
    (0000052528,00002349,0000001204,'Student',NULL,NULL,'N'),
    (0000052529,00002349,0000001245,'Student',NULL,NULL,'N'),
    (0000052530,00002349,0000001226,'Student',NULL,NULL,'N'),
    (0000052531,00002349,0000001528,'Student',NULL,NULL,'N'),
    (0000052532,00002349,0000001193,'Student',NULL,NULL,'N'),
    (0000052533,00002349,0000001236,'Student',NULL,NULL,'N'),
    (0000052534,00002349,0000001680,'Student',NULL,NULL,'N'),
    (0000052535,00002349,0000001259,'Student',NULL,NULL,'N'),
    (0000052536,00002551,0000001245,'Student',NULL,NULL,'Y'),
    (0000052537,00002350,0000001245,'Student',NULL,NULL,'N'),
    (0000052538,00002350,0000001154,'Student',NULL,NULL,'Y'),
    (0000052539,00002350,0000001254,'Student',NULL,NULL,'Y'),
    (0000052540,00002577,0000001200,'Student',NULL,NULL,'Y'),
    (0000052541,00002577,0000001226,'Student',NULL,NULL,'Y'),
    (0000052542,00002577,0000001259,'Student',NULL,NULL,'Y'),
    (0000052543,00002577,0000001251,'Student',NULL,NULL,'Y'),
    (0000052544,00002577,0000001236,'Student',NULL,NULL,'Y'),
    (0000052545,00002577,0000002103,'Student',NULL,NULL,'Y'),
    (0000052546,00002578,0000002120,'Student',NULL,NULL,'Y'),
    (0000052547,00002578,0000002090,'Student',NULL,NULL,'Y'),
    (0000052548,00002578,0000001157,'Student',NULL,NULL,'Y'),
    (0000052549,00002578,0000001242,'Student',NULL,NULL,'Y'),
    (0000052550,00002578,0000001179,'Student',NULL,NULL,'Y'),
    (0000052551,00002578,0000001233,'Student',NULL,NULL,'Y'),
    (0000052552,00002578,0000001257,'Student',NULL,NULL,'Y'),
    (0000052553,00002578,0000001154,'Student',NULL,NULL,'Y'),
    (0000052554,00002578,0000001160,'Student',NULL,NULL,'Y'),
    (0000052555,00002578,0000001276,'Student',NULL,NULL,'Y'),
    (0000052556,00002578,0000001245,'Student',NULL,NULL,'Y'),
    (0000052557,00002578,0000001163,'Student',NULL,NULL,'Y'),
    (0000052558,00002578,0000001214,'Student',NULL,NULL,'Y'),
    (0000052559,00002578,0000001275,'Student',NULL,NULL,'Y'),
    (0000052560,00002578,0000001204,'Student',NULL,NULL,'Y'),
    (0000052561,00002578,0000001201,'Student',NULL,NULL,'Y'),
    (0000052562,00002578,0000001814,'Student',NULL,NULL,'Y'),
    (0000052563,00002579,0000001254,'Student',NULL,NULL,'Y'),
    (0000052564,00002579,0000001191,'Student',NULL,NULL,'Y'),
    (0000052565,00002579,0000002411,'Student',NULL,NULL,'Y'),
    (0000052566,00002579,0000002145,'Student',NULL,NULL,'Y'),
    (0000052567,00002579,0000001528,'Student',NULL,NULL,'Y'),
    (0000052568,00002579,0000001193,'Student',NULL,NULL,'Y'),
    (0000052569,00002579,0000001178,'Student',NULL,NULL,'Y'),
    (0000052570,00002579,0000001680,'Student',NULL,NULL,'Y'),
    (0000052571,00002579,0000001548,'Student',NULL,NULL,'Y'),
    (0000052572,00002579,0000002100,'Student',NULL,NULL,'Y'),
    (0000052573,00002579,0000002138,'Student',NULL,NULL,'Y'),
    (0000052574,00002359,0000001236,'Student',NULL,NULL,'Y'),
    (0000052575,00002359,0000002103,'Student',NULL,NULL,'Y'),
    (0000052576,00002359,0000001200,'Student',NULL,NULL,'Y'),
    (0000052577,00002359,0000001259,'Student',NULL,NULL,'Y'),
    (0000052578,00002359,0000001226,'Student',NULL,NULL,'Y'),
    (0000052579,00002360,0000001236,'Student',NULL,NULL,'N'),
    (0000052580,00002360,0000002103,'Student',NULL,NULL,'N'),
    (0000052581,00002360,0000001200,'Student',NULL,NULL,'N'),
    (0000052582,00002360,0000001259,'Student',NULL,NULL,'N'),
    (0000052583,00002360,0000001226,'Student',NULL,NULL,'N'),
    (0000052584,00002360,0000001275,'Student',NULL,NULL,'Y'),
    (0000052585,00002360,0000001157,'Student',NULL,NULL,'Y'),
    (0000052586,00002360,0000001245,'Student',NULL,NULL,'Y'),
    (0000052587,00002360,0000001242,'Student',NULL,NULL,'Y'),
    (0000052588,00002360,0000002138,'Student',NULL,NULL,'Y'),
    (0000052589,00002361,0000002145,'Student',NULL,NULL,'Y'),
    (0000052590,00002361,0000001257,'Student',NULL,NULL,'Y'),
    (0000052591,00002361,0000001157,'Student',NULL,NULL,'Y'),
    (0000052592,00002361,0000001548,'Student',NULL,NULL,'Y'),
    (0000052593,00002361,0000001178,'Student',NULL,NULL,'Y'),
    (0000052594,00002361,0000001275,'Student',NULL,NULL,'Y'),
    (0000052595,00002361,0000002411,'Student',NULL,NULL,'Y'),
    (0000052596,00002361,0000001200,'Student',NULL,NULL,'Y'),
    (0000052597,00002361,0000001163,'Student',NULL,NULL,'Y'),
    (0000052598,00002582,0000002145,'Student',NULL,NULL,'N'),
    (0000052599,00002582,0000001257,'Student',NULL,NULL,'N'),
    (0000052600,00002582,0000001157,'Student',NULL,NULL,'N'),
    (0000052601,00002582,0000001548,'Student',NULL,NULL,'N'),
    (0000052602,00002582,0000001178,'Student',NULL,NULL,'N'),
    (0000052603,00002582,0000001275,'Student',NULL,NULL,'N'),
    (0000052604,00002582,0000002411,'Student',NULL,NULL,'N'),
    (0000052605,00002582,0000001200,'Student',NULL,NULL,'N'),
    (0000052606,00002582,0000001163,'Student',NULL,NULL,'N'),
    (0000052607,00002582,0000002353,'Student',NULL,NULL,'Y'),
    (0000052608,00002582,0000001204,'Student',NULL,NULL,'Y'),
    (0000052609,00002582,0000002090,'Student',NULL,NULL,'Y'),
    (0000052610,00002582,0000001242,'Student',NULL,NULL,'Y'),
    (0000052611,00002582,0000002103,'Student',NULL,NULL,'Y'),
    (0000052612,00002582,0000002100,'Student',NULL,NULL,'Y'),
    (0000052613,00002363,0000001242,'Student',NULL,NULL,'Y'),
    (0000052614,00002363,0000001680,'Student',NULL,NULL,'Y'),
    (0000052615,00002364,0000001242,'Student',NULL,NULL,'N'),
    (0000052616,00002364,0000001680,'Student',NULL,NULL,'N'),
    (0000052617,00002364,0000001193,'Student',NULL,NULL,'Y'),
    (0000052618,00002365,0000001254,'Student',NULL,NULL,'Y'),
    (0000052619,00002365,0000001191,'Student',NULL,NULL,'Y'),
    (0000052620,00002366,0000001254,'Student',NULL,NULL,'N'),
    (0000052621,00002366,0000001191,'Student',NULL,NULL,'N'),
    (0000052622,00002587,0000002145,'Student',NULL,NULL,'Y'),
    (0000052623,00002587,0000002090,'Student',NULL,NULL,'Y'),
    (0000052624,00002587,0000001178,'Student',NULL,NULL,'Y'),
    (0000052625,00002588,0000002145,'Student',NULL,NULL,'N'),
    (0000052626,00002588,0000002090,'Student',NULL,NULL,'N'),
    (0000052627,00002588,0000001178,'Student',NULL,NULL,'N'),
    (0000052628,00002588,0000002411,'Student',NULL,NULL,'Y'),
    (0000052629,00002588,0000001200,'Student',NULL,NULL,'Y'),
    (0000052630,00002414,0000002472,'Student',NULL,NULL,'Y'),
    (0000052631,00002414,0000002615,'Student',NULL,NULL,'Y'),
    (0000052632,00002414,0000002683,'Student',NULL,NULL,'Y'),
    (0000052633,00002414,0000002636,'Student',NULL,NULL,'Y'),
    (0000052634,00002414,0000002450,'Student',NULL,NULL,'Y'),
    (0000052635,00002414,0000002485,'Student',NULL,NULL,'Y'),
    (0000052636,00002414,0000002754,'Student',NULL,NULL,'Y'),
    (0000052637,00002414,0000002695,'Student',NULL,NULL,'Y'),
    (0000052638,00002414,0000002614,'Student',NULL,NULL,'Y'),
    (0000052639,00002414,0000002459,'Student',NULL,NULL,'Y'),
    (0000052640,00002414,0000002482,'Student',NULL,NULL,'Y'),
    (0000052641,00002414,0000002447,'Student',NULL,NULL,'Y'),
    (0000052642,00002414,0000002611,'Student',NULL,NULL,'Y'),
    (0000052643,00002414,0000002679,'Student',NULL,NULL,'Y'),
    (0000052644,00002414,0000002760,'Student',NULL,NULL,'Y'),
    (0000052645,00002414,0000002746,'Student',NULL,NULL,'Y'),
    (0000052646,00002414,0000002601,'Student',NULL,NULL,'Y'),
    (0000052647,00002414,0000002627,'Student',NULL,NULL,'Y'),
    (0000052648,00002414,0000002715,'Student',NULL,NULL,'Y'),
    (0000052649,00002414,0000002610,'Student',NULL,NULL,'Y'),
    (0000052650,00002414,0000002469,'Student',NULL,NULL,'Y'),
    (0000052651,00002414,0000002645,'Student',NULL,NULL,'Y'),
    (0000052652,00002414,0000002453,'Student',NULL,NULL,'Y'),
    (0000052653,00002414,0000002460,'Student',NULL,NULL,'Y'),
    (0000052654,00002414,0000002633,'Student',NULL,NULL,'Y'),
    (0000052655,00002414,0000002607,'Student',NULL,NULL,'Y'),
    (0000052656,00002414,0000002430,'Student',NULL,NULL,'Y'),
    (0000052657,00002414,0000002696,'Student',NULL,NULL,'Y'),
    (0000052658,00002414,0000002692,'Student',NULL,NULL,'Y'),
    (0000052659,00002414,0000002563,'Student',NULL,NULL,'Y'),
    (0000052660,00002414,0000002652,'Student',NULL,NULL,'Y'),
    (0000052661,00002414,0000002743,'Student',NULL,NULL,'Y'),
    (0000052662,00002414,0000002476,'Student',NULL,NULL,'Y'),
    (0000052663,00002414,0000002699,'Student',NULL,NULL,'Y'),
    (0000052664,00002414,0000002426,'Student',NULL,NULL,'Y'),
    (0000052665,00002414,0000002630,'Student',NULL,NULL,'Y'),
    (0000052666,00002414,0000002642,'Student',NULL,NULL,'Y'),
    (0000052667,00002414,0000002702,'Student',NULL,NULL,'Y'),
    (0000052668,00002414,0000002651,'Student',NULL,NULL,'Y'),
    (0000052669,00002414,0000002657,'Student',NULL,NULL,'Y'),
    (0000052670,00002414,0000002663,'Student',NULL,NULL,'Y'),
    (0000052671,00002414,0000002621,'Student',NULL,NULL,'Y'),
    (0000052672,00002414,0000002566,'Student',NULL,NULL,'Y'),
    (0000052673,00002414,0000002427,'Student',NULL,NULL,'Y'),
    (0000052674,00002414,0000002726,'Student',NULL,NULL,'Y'),
    (0000052675,00002414,0000002639,'Student',NULL,NULL,'Y'),
    (0000052676,00002414,0000002666,'Student',NULL,NULL,'Y'),
    (0000052677,00002414,0000002479,'Student',NULL,NULL,'Y'),
    (0000052678,00002414,0000002708,'Student',NULL,NULL,'Y'),
    (0000052679,00002414,0000002576,'Student',NULL,NULL,'Y'),
    (0000052680,00002414,0000002686,'Student',NULL,NULL,'Y'),
    (0000052681,00002414,0000002433,'Student',NULL,NULL,'Y'),
    (0000052682,00002414,0000002689,'Student',NULL,NULL,'Y'),
    (0000052683,00002414,0000002436,'Student',NULL,NULL,'Y'),
    (0000052684,00002414,0000002570,'Student',NULL,NULL,'Y'),
    (0000052685,00002414,0000002580,'Student',NULL,NULL,'Y'),
    (0000052686,00002414,0000002654,'Student',NULL,NULL,'Y'),
    (0000052687,00002414,0000002586,'Student',NULL,NULL,'Y'),
    (0000052688,00002414,0000002466,'Student',NULL,NULL,'Y'),
    (0000052689,00002414,0000002670,'Student',NULL,NULL,'Y'),
    (0000052690,00002414,0000002749,'Student',NULL,NULL,'Y'),
    (0000052691,00002414,0000002711,'Student',NULL,NULL,'Y'),
    (0000052692,00002414,0000002473,'Student',NULL,NULL,'Y'),
    (0000052693,00002414,0000002624,'Student',NULL,NULL,'Y'),
    (0000052694,00002414,0000002714,'Student',NULL,NULL,'Y'),
    (0000052695,00002414,0000002705,'Student',NULL,NULL,'Y'),
    (0000052696,00002414,0000002700,'Student',NULL,NULL,'Y'),
    (0000052697,00002414,0000002604,'Student',NULL,NULL,'Y'),
    (0000052698,00002414,0000002648,'Student',NULL,NULL,'Y'),
    (0000052699,00002414,0000002660,'Student',NULL,NULL,'Y'),
    (0000052700,00002414,0000002425,'Student',NULL,NULL,'Y'),
    (0000052701,00002414,0000002598,'Student',NULL,NULL,'Y'),
    (0000052702,00002414,0000002573,'Student',NULL,NULL,'Y'),
    (0000052703,00002414,0000002592,'Student',NULL,NULL,'Y'),
    (0000052704,00002414,0000002676,'Student',NULL,NULL,'Y'),
    (0000052705,00002414,0000002463,'Student',NULL,NULL,'Y'),
    (0000052706,00002414,0000002680,'Student',NULL,NULL,'Y'),
    (0000052707,00002414,0000002589,'Student',NULL,NULL,'Y'),
    (0000052708,00002414,0000002595,'Student',NULL,NULL,'Y'),
    (0000052709,00002414,0000002583,'Student',NULL,NULL,'Y'),
    (0000052710,00002414,0000002761,'Student',NULL,NULL,'Y'),
    (0000052711,00002414,0000002618,'Student',NULL,NULL,'Y'),
    (0000052712,00002292,0000001642,'Student',NULL,NULL,'Y'),
    (0000052713,00002292,0000001639,'Student',NULL,NULL,'Y'),
    (0000052714,00002292,0000001744,'Student',NULL,NULL,'Y'),
    (0000052715,00002292,0000001721,'Student',NULL,NULL,'Y'),
    (0000052716,00002292,0000002719,'Student',NULL,NULL,'Y'),
    (0000052717,00002292,0000001686,'Student',NULL,NULL,'Y'),
    (0000052718,00002292,0000001591,'Student',NULL,NULL,'Y'),
    (0000052719,00002292,0000002033,'Student',NULL,NULL,'Y'),
    (0000052720,00002292,0000002309,'Student',NULL,NULL,'Y'),
    (0000052721,00002292,0000001600,'Student',NULL,NULL,'Y'),
    (0000052722,00002292,0000001791,'Student',NULL,NULL,'Y'),
    (0000052723,00002292,0000001730,'Student',NULL,NULL,'Y'),
    (0000052724,00002292,0000002156,'Student',NULL,NULL,'Y'),
    (0000052725,00002292,0000002737,'Student',NULL,NULL,'Y'),
    (0000052726,00002292,0000001801,'Student',NULL,NULL,'Y'),
    (0000052727,00002292,0000001761,'Student',NULL,NULL,'Y'),
    (0000052728,00002292,0000002097,'Student',NULL,NULL,'Y'),
    (0000052729,00002292,0000001779,'Student',NULL,NULL,'Y'),
    (0000052730,00002291,0000001645,'Student',NULL,NULL,'Y'),
    (0000052731,00002291,0000002081,'Student',NULL,NULL,'Y'),
    (0000052732,00002291,0000002060,'Student',NULL,NULL,'Y'),
    (0000052733,00002291,0000001848,'Student',NULL,NULL,'Y'),
    (0000052734,00002291,0000002035,'Student',NULL,NULL,'Y'),
    (0000052735,00002291,0000001700,'Student',NULL,NULL,'Y'),
    (0000052736,00002291,0000001617,'Student',NULL,NULL,'Y'),
    (0000052737,00002291,0000002673,'Student',NULL,NULL,'Y'),
    (0000052738,00002291,0000001735,'Student',NULL,NULL,'Y'),
    (0000052739,00002291,0000001612,'Student',NULL,NULL,'Y'),
    (0000052740,00002291,0000001706,'Student',NULL,NULL,'Y'),
    (0000052741,00002291,0000002488,'Student',NULL,NULL,'Y'),
    (0000052742,00002291,0000002087,'Student',NULL,NULL,'Y'),
    (0000052743,00002291,0000001627,'Student',NULL,NULL,'Y'),
    (0000052744,00002291,0000002401,'Student',NULL,NULL,'Y'),
    (0000052745,00002291,0000001773,'Student',NULL,NULL,'Y'),
    (0000052746,00002291,0000001739,'Student',NULL,NULL,'Y'),
    (0000052747,00002291,0000002066,'Student',NULL,NULL,'Y'),
    (0000052748,00002291,0000001828,'Student',NULL,NULL,'Y'),
    (0000052749,00002291,0000001677,'Student',NULL,NULL,'Y'),
    (0000052750,00002545,0000002386,'Student',NULL,NULL,'Y'),
    (0000052751,00002545,0000002063,'Student',NULL,NULL,'Y'),
    (0000052752,00002545,0000001753,'Student',NULL,NULL,'Y'),
    (0000052753,00002545,0000001713,'Student',NULL,NULL,'Y'),
    (0000052754,00002545,0000002441,'Student',NULL,NULL,'Y'),
    (0000052755,00002545,0000001654,'Student',NULL,NULL,'Y'),
    (0000052756,00002545,0000001858,'Student',NULL,NULL,'Y'),
    (0000052757,00002545,0000002548,'Student',NULL,NULL,'Y'),
    (0000052758,00002545,0000001831,'Student',NULL,NULL,'Y'),
    (0000052759,00002545,0000001796,'Student',NULL,NULL,'Y'),
    (0000052760,00002545,0000001667,'Student',NULL,NULL,'Y'),
    (0000052761,00002545,0000001616,'Student',NULL,NULL,'Y'),
    (0000052762,00002545,0000001609,'Student',NULL,NULL,'Y'),
    (0000052763,00002545,0000001657,'Student',NULL,NULL,'Y'),
    (0000052764,00002545,0000001621,'Student',NULL,NULL,'Y'),
    (0000052765,00002545,0000001628,'Student',NULL,NULL,'Y'),
    (0000052766,00002545,0000001603,'Student',NULL,NULL,'Y'),
    (0000052767,00002545,0000002723,'Student',NULL,NULL,'Y'),
    (0000052768,00002347,0000001276,'Student',NULL,NULL,'Y'),
    (0000052769,00002347,0000001157,'Student',NULL,NULL,'Y'),
    (0000052770,00002347,0000001275,'Student',NULL,NULL,'Y'),
    (0000052771,00002347,0000002100,'Student',NULL,NULL,'Y'),
    (0000052772,00002347,0000001251,'Student',NULL,NULL,'Y'),
    (0000052773,00002347,0000001236,'Student',NULL,NULL,'Y'),
    (0000052774,00002347,0000001257,'Student',NULL,NULL,'Y'),
    (0000052775,00002347,0000001163,'Student',NULL,NULL,'Y'),
    (0000052776,00002347,0000001191,'Student',NULL,NULL,'Y'),
    (0000052777,00002347,0000001226,'Student',NULL,NULL,'Y'),
    (0000052778,00002347,0000002138,'Student',NULL,NULL,'Y'),
    (0000052779,00002347,0000001160,'Student',NULL,NULL,'Y'),
    (0000052780,00002347,0000002145,'Student',NULL,NULL,'Y'),
    (0000052781,00002347,0000001178,'Student',NULL,NULL,'Y'),
    (0000052782,00002347,0000002411,'Student',NULL,NULL,'Y'),
    (0000052783,00002347,0000001214,'Student',NULL,NULL,'Y'),
    (0000052784,00002347,0000001204,'Student',NULL,NULL,'Y'),
    (0000052785,00002347,0000001245,'Student',NULL,NULL,'Y'),
    (0000052786,00002347,0000002120,'Student',NULL,NULL,'Y'),
    (0000052787,00002347,0000001200,'Student',NULL,NULL,'Y'),
    (0000052788,00002347,0000001680,'Student',NULL,NULL,'Y'),
    (0000052789,00002347,0000001193,'Student',NULL,NULL,'Y'),
    (0000052790,00002347,0000001154,'Student',NULL,NULL,'Y'),
    (0000052791,00002347,0000001259,'Student',NULL,NULL,'Y'),
    (0000052792,00002347,0000001233,'Student',NULL,NULL,'Y'),
    (0000052793,00002347,0000001548,'Student',NULL,NULL,'Y'),
    (0000052794,00002347,0000001814,'Student',NULL,NULL,'Y'),
    (0000052795,00002347,0000001254,'Student',NULL,NULL,'Y'),
    (0000052796,00002347,0000001242,'Student',NULL,NULL,'Y'),
    (0000052797,00002347,0000001528,'Student',NULL,NULL,'Y'),
    (0000052798,00002347,0000001201,'Student',NULL,NULL,'Y'),
    (0000052799,00002347,0000002103,'Student',NULL,NULL,'Y'),
    (0000052800,00002347,0000002090,'Student',NULL,NULL,'Y'),
    (0000052801,00002347,0000001179,'Student',NULL,NULL,'Y'),
    (0000052802,00002338,0000001276,'Student',NULL,NULL,'Y'),
    (0000052803,00002338,0000001157,'Student',NULL,NULL,'Y'),
    (0000052804,00002338,0000001275,'Student',NULL,NULL,'Y'),
    (0000052805,00002338,0000002100,'Student',NULL,NULL,'Y'),
    (0000052806,00002338,0000001251,'Student',NULL,NULL,'Y'),
    (0000052807,00002338,0000001236,'Student',NULL,NULL,'Y'),
    (0000052808,00002338,0000001257,'Student',NULL,NULL,'Y'),
    (0000052809,00002338,0000001163,'Student',NULL,NULL,'Y'),
    (0000052810,00002338,0000001191,'Student',NULL,NULL,'Y'),
    (0000052811,00002338,0000001226,'Student',NULL,NULL,'Y'),
    (0000052812,00002338,0000002138,'Student',NULL,NULL,'Y'),
    (0000052813,00002338,0000001160,'Student',NULL,NULL,'Y'),
    (0000052814,00002338,0000002145,'Student',NULL,NULL,'Y'),
    (0000052815,00002338,0000001178,'Student',NULL,NULL,'Y'),
    (0000052816,00002338,0000002411,'Student',NULL,NULL,'Y'),
    (0000052817,00002338,0000001214,'Student',NULL,NULL,'Y'),
    (0000052818,00002338,0000001204,'Student',NULL,NULL,'Y'),
    (0000052819,00002338,0000001245,'Student',NULL,NULL,'Y'),
    (0000052820,00002338,0000002120,'Student',NULL,NULL,'Y'),
    (0000052821,00002338,0000001200,'Student',NULL,NULL,'Y'),
    (0000052822,00002338,0000001680,'Student',NULL,NULL,'Y'),
    (0000052823,00002338,0000001193,'Student',NULL,NULL,'Y'),
    (0000052824,00002338,0000001154,'Student',NULL,NULL,'Y'),
    (0000052825,00002338,0000001259,'Student',NULL,NULL,'Y'),
    (0000052826,00002338,0000001233,'Student',NULL,NULL,'Y'),
    (0000052827,00002338,0000001548,'Student',NULL,NULL,'Y'),
    (0000052828,00002338,0000001814,'Student',NULL,NULL,'Y'),
    (0000052829,00002338,0000001254,'Student',NULL,NULL,'Y'),
    (0000052830,00002338,0000001242,'Student',NULL,NULL,'Y'),
    (0000052831,00002338,0000001528,'Student',NULL,NULL,'Y'),
    (0000052832,00002338,0000001201,'Student',NULL,NULL,'Y'),
    (0000052833,00002338,0000002103,'Student',NULL,NULL,'Y'),
    (0000052834,00002338,0000002090,'Student',NULL,NULL,'Y'),
    (0000052835,00002338,0000001179,'Student',NULL,NULL,'Y'),
    (0000052836,00002557,0000002472,'Student',NULL,NULL,'Y'),
    (0000052837,00002557,0000002615,'Student',NULL,NULL,'Y'),
    (0000052838,00002557,0000002683,'Student',NULL,NULL,'Y'),
    (0000052839,00002557,0000002636,'Student',NULL,NULL,'Y'),
    (0000052840,00002557,0000002450,'Student',NULL,NULL,'Y'),
    (0000052841,00002557,0000002485,'Student',NULL,NULL,'Y'),
    (0000052842,00002557,0000002754,'Student',NULL,NULL,'Y'),
    (0000052843,00002557,0000002695,'Student',NULL,NULL,'Y'),
    (0000052844,00002557,0000002614,'Student',NULL,NULL,'Y'),
    (0000052845,00002557,0000002459,'Student',NULL,NULL,'Y'),
    (0000052846,00002557,0000002482,'Student',NULL,NULL,'Y'),
    (0000052847,00002557,0000002447,'Student',NULL,NULL,'Y'),
    (0000052848,00002557,0000002611,'Student',NULL,NULL,'Y'),
    (0000052849,00002557,0000002679,'Student',NULL,NULL,'Y'),
    (0000052850,00002557,0000002760,'Student',NULL,NULL,'Y'),
    (0000052851,00002557,0000002746,'Student',NULL,NULL,'Y'),
    (0000052852,00002557,0000002601,'Student',NULL,NULL,'Y'),
    (0000052853,00002557,0000002627,'Student',NULL,NULL,'Y'),
    (0000052854,00002557,0000002715,'Student',NULL,NULL,'Y'),
    (0000052855,00002557,0000002610,'Student',NULL,NULL,'Y'),
    (0000052856,00002557,0000002469,'Student',NULL,NULL,'Y'),
    (0000052857,00002559,0000002645,'Student',NULL,NULL,'Y'),
    (0000052858,00002559,0000002453,'Student',NULL,NULL,'Y'),
    (0000052859,00002559,0000002460,'Student',NULL,NULL,'Y'),
    (0000052860,00002559,0000002633,'Student',NULL,NULL,'Y'),
    (0000052861,00002559,0000002607,'Student',NULL,NULL,'Y'),
    (0000052862,00002559,0000002430,'Student',NULL,NULL,'Y'),
    (0000052863,00002559,0000002696,'Student',NULL,NULL,'Y'),
    (0000052864,00002559,0000002692,'Student',NULL,NULL,'Y'),
    (0000052865,00002559,0000002563,'Student',NULL,NULL,'Y'),
    (0000052866,00002559,0000002652,'Student',NULL,NULL,'Y'),
    (0000052867,00002559,0000002743,'Student',NULL,NULL,'Y'),
    (0000052868,00002559,0000002476,'Student',NULL,NULL,'Y'),
    (0000052869,00002559,0000002699,'Student',NULL,NULL,'Y'),
    (0000052870,00002559,0000002426,'Student',NULL,NULL,'Y'),
    (0000052871,00002559,0000002630,'Student',NULL,NULL,'Y'),
    (0000052872,00002559,0000002642,'Student',NULL,NULL,'Y'),
    (0000052873,00002559,0000002702,'Student',NULL,NULL,'Y'),
    (0000052874,00002559,0000002651,'Student',NULL,NULL,'Y'),
    (0000052875,00002559,0000002657,'Student',NULL,NULL,'Y'),
    (0000052876,00002559,0000002663,'Student',NULL,NULL,'Y'),
    (0000052877,00002559,0000002621,'Student',NULL,NULL,'Y'),
    (0000052878,00002558,0000002566,'Student',NULL,NULL,'Y'),
    (0000052879,00002558,0000002427,'Student',NULL,NULL,'Y'),
    (0000052880,00002558,0000002726,'Student',NULL,NULL,'Y'),
    (0000052881,00002558,0000002639,'Student',NULL,NULL,'Y'),
    (0000052882,00002558,0000002666,'Student',NULL,NULL,'Y'),
    (0000052883,00002558,0000002479,'Student',NULL,NULL,'Y'),
    (0000052884,00002558,0000002708,'Student',NULL,NULL,'Y'),
    (0000052885,00002558,0000002576,'Student',NULL,NULL,'Y'),
    (0000052886,00002558,0000002686,'Student',NULL,NULL,'Y'),
    (0000052887,00002558,0000002433,'Student',NULL,NULL,'Y'),
    (0000052888,00002558,0000002689,'Student',NULL,NULL,'Y'),
    (0000052889,00002558,0000002436,'Student',NULL,NULL,'Y'),
    (0000052890,00002558,0000002570,'Student',NULL,NULL,'Y'),
    (0000052891,00002558,0000002580,'Student',NULL,NULL,'Y'),
    (0000052892,00002558,0000002654,'Student',NULL,NULL,'Y'),
    (0000052893,00002558,0000002586,'Student',NULL,NULL,'Y'),
    (0000052894,00002558,0000002466,'Student',NULL,NULL,'Y'),
    (0000052895,00002558,0000002670,'Student',NULL,NULL,'Y'),
    (0000052896,00002558,0000002749,'Student',NULL,NULL,'Y'),
    (0000052897,00002558,0000002711,'Student',NULL,NULL,'Y'),
    (0000052898,00002558,0000002473,'Student',NULL,NULL,'Y'),
    (0000052899,00002558,0000002624,'Student',NULL,NULL,'Y'),
    (0000052900,00002560,0000002714,'Student',NULL,NULL,'Y'),
    (0000052901,00002560,0000002705,'Student',NULL,NULL,'Y'),
    (0000052902,00002560,0000002700,'Student',NULL,NULL,'Y'),
    (0000052903,00002560,0000002604,'Student',NULL,NULL,'Y'),
    (0000052904,00002560,0000002648,'Student',NULL,NULL,'Y'),
    (0000052905,00002560,0000002660,'Student',NULL,NULL,'Y'),
    (0000052906,00002560,0000002425,'Student',NULL,NULL,'Y'),
    (0000052907,00002560,0000002598,'Student',NULL,NULL,'Y'),
    (0000052908,00002560,0000002573,'Student',NULL,NULL,'Y'),
    (0000052909,00002560,0000002592,'Student',NULL,NULL,'Y'),
    (0000052910,00002560,0000002676,'Student',NULL,NULL,'Y'),
    (0000052911,00002560,0000002463,'Student',NULL,NULL,'Y'),
    (0000052912,00002560,0000002680,'Student',NULL,NULL,'Y'),
    (0000052913,00002560,0000002589,'Student',NULL,NULL,'Y'),
    (0000052914,00002560,0000002595,'Student',NULL,NULL,'Y'),
    (0000052915,00002560,0000002583,'Student',NULL,NULL,'Y'),
    (0000052916,00002560,0000002761,'Student',NULL,NULL,'Y'),
    (0000052917,00002560,0000002618,'Student',NULL,NULL,'Y'),
    (0000052918,00002328,0000001396,'Student',NULL,NULL,'Y'),
    (0000052919,00002328,0000001571,'Student',NULL,NULL,'Y'),
    (0000052920,00002328,0000001403,'Student',NULL,NULL,'Y'),
    (0000052921,00002328,0000001399,'Student',NULL,NULL,'Y'),
    (0000052922,00002328,0000001400,'Student',NULL,NULL,'Y'),
    (0000052923,00002328,0000001483,'Student',NULL,NULL,'Y'),
    (0000052924,00002328,0000001507,'Student',NULL,NULL,'Y'),
    (0000052925,00002328,0000001867,'Student',NULL,NULL,'Y'),
    (0000052926,00002328,0000001631,'Student',NULL,NULL,'Y'),
    (0000052927,00002328,0000001710,'Student',NULL,NULL,'Y'),
    (0000052928,00002329,0000001445,'Student',NULL,NULL,'Y'),
    (0000052929,00002329,0000002729,'Student',NULL,NULL,'Y'),
    (0000052930,00002329,0000002380,'Student',NULL,NULL,'Y'),
    (0000052931,00002329,0000001388,'Student',NULL,NULL,'Y'),
    (0000052932,00002329,0000002398,'Student',NULL,NULL,'Y'),
    (0000052933,00002329,0000001364,'Student',NULL,NULL,'Y'),
    (0000052934,00002331,0000001396,'Student',NULL,NULL,'Y'),
    (0000052935,00002331,0000001571,'Student',NULL,NULL,'Y'),
    (0000052936,00002331,0000001403,'Student',NULL,NULL,'Y'),
    (0000052937,00002331,0000001399,'Student',NULL,NULL,'Y'),
    (0000052938,00002331,0000001400,'Student',NULL,NULL,'Y'),
    (0000052939,00002331,0000001483,'Student',NULL,NULL,'Y'),
    (0000052940,00002331,0000001507,'Student',NULL,NULL,'Y'),
    (0000052941,00002331,0000001867,'Student',NULL,NULL,'Y'),
    (0000052942,00002331,0000001631,'Student',NULL,NULL,'Y'),
    (0000052943,00002331,0000001710,'Student',NULL,NULL,'Y'),
    (0000052944,00002330,0000001445,'Student',NULL,NULL,'Y'),
    (0000052945,00002330,0000002729,'Student',NULL,NULL,'Y'),
    (0000052946,00002330,0000002380,'Student',NULL,NULL,'Y'),
    (0000052947,00002330,0000001388,'Student',NULL,NULL,'Y'),
    (0000052948,00002330,0000002398,'Student',NULL,NULL,'Y'),
    (0000052949,00002330,0000001364,'Student',NULL,NULL,'Y'),
    (0000052950,00002319,0000001396,'Student',NULL,NULL,'Y'),
    (0000052951,00002319,0000001571,'Student',NULL,NULL,'Y'),
    (0000052952,00002319,0000001403,'Student',NULL,NULL,'Y'),
    (0000052953,00002319,0000001399,'Student',NULL,NULL,'Y'),
    (0000052954,00002319,0000001400,'Student',NULL,NULL,'Y'),
    (0000052955,00002319,0000001483,'Student',NULL,NULL,'Y'),
    (0000052956,00002319,0000001507,'Student',NULL,NULL,'Y'),
    (0000052957,00002319,0000001867,'Student',NULL,NULL,'Y'),
    (0000052958,00002319,0000001631,'Student',NULL,NULL,'Y'),
    (0000052959,00002319,0000001710,'Student',NULL,NULL,'Y'),
    (0000052960,00002320,0000001445,'Student',NULL,NULL,'Y'),
    (0000052961,00002320,0000002729,'Student',NULL,NULL,'Y'),
    (0000052962,00002320,0000002380,'Student',NULL,NULL,'Y'),
    (0000052963,00002320,0000001388,'Student',NULL,NULL,'Y'),
    (0000052964,00002320,0000002398,'Student',NULL,NULL,'Y'),
    (0000052965,00002320,0000001364,'Student',NULL,NULL,'Y'),
    (0000052966,00002587,0000001200,'Student',NULL,NULL,'N'),
    (0000052967,00002546,0000001154,'Student',NULL,NULL,'Y'),
    (0000052968,00002344,0000002120,'Student',NULL,NULL,'Y');

--
