-- Dumping data for table `gibbonDepartment`
--
INSERT INTO `gibbonDepartment` (`gibbonDepartmentID`, `type`, `name`, `nameShort`, `subjectListing`, `blurb`, `logo`, `sequenceNumber`, `fields`)
VALUES
    (0004,'Learning Area','Science','SCI','Sciences','','',NULL,NULL),
    (0005,'Learning Area','The Arts','TA','Art, Dance, Drama, Media, Music','','',NULL,NULL),
    (0006,'Learning Area','Humanities','HUM','Humanities, Economics, Religious Studies, Environmental Management','','',NULL,NULL),
    (0007,'Learning Area','English','ENG','English, English as an Additional Language','','',NULL,NULL),
    (0008,'Learning Area','Languages','LNG','Chinese First Language, Chinese Second Language, Japanese, Spanish','','',NULL,NULL),
    (0010,'Learning Area','Physical Education','PE','Physical Education','','',NULL,NULL),
    (0011,'Administration','Finance','FIN','','','',NULL,NULL),
    (0012,'Administration','Library','LIB','','','',NULL,NULL),
    (0014,'Administration','IT Services','ITS','','','',NULL,NULL),
    (0015,'Learning Area','Pastoral','PAST','','','',NULL,NULL),
    (0016,'Learning Area','Mathematics','MA','Maths','','',NULL,NULL),
    (0018,'Learning Area','Human Technologies','HT','HT, PSHE, DCVT, ENF','','',NULL,NULL),
    (0022,'Learning Area','Individual Needs','IN','','','',NULL,NULL);

--
-- Dumping data for table `gibbonDepartmentStaff`
--
INSERT INTO `gibbonDepartmentStaff` (`gibbonDepartmentStaffID`, `gibbonDepartmentID`, `gibbonPersonID`, `role`)
VALUES
    (000001,0001,0000000001,'Coordinator'),
    (000002,0002,0000000001,'Coordinator'),
    (000006,0005,0000000117,'Coordinator'),
    (000007,0005,0000000143,'Teacher'),
    (000008,0005,0000000141,'Teacher'),
    (000012,0004,0000000139,'Other'),
    (000015,0008,0000000122,'Coordinator'),
    (000026,0010,0000000119,'Coordinator'),
    (000030,0004,0000000377,'Teacher'),
    (000036,0008,0000000198,'Teacher (Curriculum)'),
    (000037,0008,0000000140,'Teacher (Curriculum)'),
    (000038,0008,0000000378,'Teacher (Curriculum)'),
    (000041,0005,0000000374,'Teacher (Curriculum)'),
    (000044,0008,0000000144,'Coordinator'),
    (000045,0007,0000000151,'Teacher (Curriculum)'),
    (000046,0007,0000000145,'Teacher (Curriculum)'),
    (000047,0010,0000000373,'Teacher (Curriculum)'),
    (000048,0004,0000000146,'Teacher (Curriculum)'),
    (000050,0006,0000000770,'Teacher (Curriculum)'),
    (000051,0005,0000000771,'Teacher (Curriculum)'),
    (000052,0008,0000000771,'Teacher (Curriculum)'),
    (000053,0004,0000000622,'Teacher (Curriculum)'),
    (000054,0008,0000000772,'Teacher (Curriculum)'),
    (000056,0006,0000000774,'Teacher (Curriculum)'),
    (000057,0004,0000000775,'Teacher (Curriculum)'),
    (000061,0011,0000000385,'Director'),
    (000062,0012,0000000824,'Director'),
    (000064,0014,0000000001,'Director'),
    (000066,0006,0000000771,'Teacher (Curriculum)'),
    (000068,0015,0000000774,'Coordinator'),
    (000069,0015,0000000142,'Coordinator'),
    (000070,0007,0000000769,'Coordinator'),
    (000071,0007,0000000142,'Teacher (Curriculum)'),
    (000072,0006,0000000137,'Teacher (Curriculum)'),
    (000077,0015,0000000117,'Teacher (Curriculum)'),
    (000081,0015,0000000123,'Teacher (Curriculum)'),
    (000082,0015,0000000769,'Teacher (Curriculum)'),
    (000085,0015,0000000622,'Teacher (Curriculum)'),
    (000088,0015,0000000773,'Teacher (Curriculum)'),
    (000090,0015,0000000771,'Teacher (Curriculum)'),
    (000093,0008,0000001057,'Teacher (Curriculum)'),
    (000094,0015,0000000772,'Teacher (Curriculum)'),
    (000096,0004,0000000868,'Coordinator'),
    (000098,0004,0000001055,'Teacher (Curriculum)'),
    (000106,0015,0000001055,'Teacher (Curriculum)'),
    (000108,0005,0000001053,'Teacher (Curriculum)'),
    (000111,0006,0000001110,'Teacher (Curriculum)'),
    (000114,0004,0000001112,'Teacher (Curriculum)'),
    (000115,0016,0000000773,'Coordinator'),
    (000118,0016,0000000866,'Teacher (Curriculum)'),
    (000119,0016,0000001104,'Teacher (Curriculum)'),
    (000125,0006,0000000151,'Teacher (Curriculum)'),
    (000126,0005,0000000770,'Teacher (Curriculum)'),
    (000127,0007,0000001123,'Teacher (Curriculum)'),
    (000128,0007,0000001118,'Teacher (Curriculum)'),
    (000129,0007,0000001053,'Teacher (Curriculum)'),
    (000130,0007,0000000867,'Coordinator'),
    (000131,0006,0000001118,'Teacher (Curriculum)'),
    (000132,0006,0000001120,'Teacher (Curriculum)'),
    (000133,0006,0000001121,'Teacher (Curriculum)'),
    (000134,0008,0000001119,'Teacher (Curriculum)'),
    (000135,0008,0000001122,'Teacher (Curriculum)'),
    (000136,0008,0000001116,'Teacher (Curriculum)'),
    (000137,0016,0000001117,'Teacher (Curriculum)'),
    (000138,0004,0000001121,'Teacher (Curriculum)'),
    (000139,0004,0000001117,'Teacher (Curriculum)'),
    (000141,0006,0000000589,'Teacher (Curriculum)'),
    (000142,0005,0000000375,'Coordinator'),
    (000143,0004,0000001120,'Teacher (Curriculum)'),
    (000144,0005,0000000871,'Teacher (Curriculum)'),
    (000145,0015,0000000869,'Teacher (Curriculum)'),
    (000146,0015,0000001121,'Coordinator'),
    (000147,0015,0000001123,'Teacher (Curriculum)'),
    (000148,0015,0000000124,'Teacher (Curriculum)'),
    (000149,0015,0000000868,'Teacher (Curriculum)'),
    (000150,0015,0000000375,'Teacher (Curriculum)'),
    (000151,0015,0000000866,'Teacher (Curriculum)'),
    (000152,0015,0000001104,'Teacher (Curriculum)'),
    (000153,0015,0000001053,'Teacher (Curriculum)'),
    (000154,0015,0000001117,'Teacher (Curriculum)'),
    (000155,0015,0000000870,'Teacher (Curriculum)'),
    (000156,0015,0000000120,'Teacher (Curriculum)'),
    (000157,0015,0000000867,'Teacher (Curriculum)'),
    (000158,0015,0000000140,'Teacher (Curriculum)'),
    (000159,0015,0000000151,'Teacher (Curriculum)'),
    (000160,0015,0000001120,'Teacher (Curriculum)'),
    (000161,0015,0000000871,'Teacher (Curriculum)'),
    (000162,0015,0000000198,'Teacher (Curriculum)'),
    (000163,0015,0000001119,'Teacher (Curriculum)'),
    (000166,0018,0000000373,'Teacher (Curriculum)'),
    (000168,0010,0000001489,'Teacher (Curriculum)'),
    (000169,0007,0000001502,'Teacher (Curriculum)'),
    (000173,0016,0000001501,'Teacher (Curriculum)'),
    (000174,0004,0000001505,'Teacher (Curriculum)'),
    (000175,0004,0000001501,'Teacher (Curriculum)'),
    (000177,0016,0000000868,'Coordinator'),
    (000183,0007,0000001778,'Teacher (Curriculum)'),
    (000185,0007,0000001776,'Teacher (Curriculum)'),
    (000186,0008,0000001776,'Teacher (Curriculum)'),
    (000187,0005,0000001776,'Teacher (Curriculum)'),
    (000189,0018,0000001777,'Teacher (Curriculum)'),
    (000190,0007,0000001777,'Teacher (Curriculum)'),
    (000191,0018,0000001506,'Teacher (Curriculum)'),
    (000192,0005,0000001506,'Teacher (Curriculum)'),
    (000200,0018,0000001119,'Teacher (Curriculum)'),
    (000201,0018,0000001110,'Teacher (Curriculum)'),
    (000204,0007,0000000871,'Teacher (Curriculum)'),
    (000205,0008,0000001873,'Teacher (Curriculum)'),
    (000207,0016,0000000120,'Coordinator'),
    (000209,0018,0000002027,'Teacher (Curriculum)'),
    (000222,0006,0000002028,'Teacher (Curriculum)'),
    (000223,0004,0000002026,'Teacher (Curriculum)'),
    (000224,0004,0000002025,'Teacher (Curriculum)'),
    (000225,0018,0000000124,'Teacher (Curriculum)'),
    (000227,0018,0000001502,'Teacher (Curriculum)'),
    (000230,0018,0000002028,'Teacher (Curriculum)'),
    (000231,0015,0000000144,'Teacher (Curriculum)'),
    (000232,0015,0000000373,'Teacher (Curriculum)'),
    (000233,0015,0000000119,'Teacher (Curriculum)'),
    (000234,0015,0000002096,'Teacher (Curriculum)'),
    (000235,0015,0000002075,'Teacher (Curriculum)'),
    (000236,0015,0000000374,'Teacher (Curriculum)'),
    (000237,0015,0000001122,'Teacher (Curriculum)'),
    (000238,0015,0000001506,'Teacher (Curriculum)'),
    (000239,0015,0000002027,'Teacher (Curriculum)'),
    (000240,0015,0000001776,'Teacher (Curriculum)'),
    (000241,0015,0000001110,'Teacher (Curriculum)'),
    (000242,0015,0000000589,'Teacher (Curriculum)'),
    (000243,0015,0000001502,'Teacher (Curriculum)'),
    (000244,0015,0000001778,'Teacher (Curriculum)'),
    (000245,0015,0000000770,'Teacher (Curriculum)'),
    (000246,0015,0000000001,'Teacher (Curriculum)'),
    (000247,0015,0000001777,'Teacher (Curriculum)'),
    (000248,0015,0000002026,'Teacher (Curriculum)'),
    (000249,0015,0000002025,'Teacher (Curriculum)'),
    (000250,0015,0000001799,'Teacher (Curriculum)'),
    (000251,0015,0000002028,'Teacher (Curriculum)'),
    (000252,0010,0000001104,'Teacher (Curriculum)'),
    (000253,0010,0000001776,'Teacher (Curriculum)'),
    (000254,0010,0000002134,'Teacher (Curriculum)'),
    (000255,0022,0000001110,'Coordinator'),
    (000256,0022,0000002096,'Teacher (Curriculum)'),
    (000257,0016,0000002312,'Teacher (Curriculum)'),
    (000258,0007,0000002312,'Teacher (Curriculum)'),
    (000259,0018,0000001778,'Coordinator'),
    (000260,0018,0000000001,'Teacher (Curriculum)'),
    (000261,0018,0000001122,'Teacher (Curriculum)'),
    (000262,0018,0000002134,'Teacher (Curriculum)'),
    (000263,0018,0000001123,'Teacher (Curriculum)'),
    (000264,0018,0000001104,'Teacher (Curriculum)'),
    (000265,0018,0000000119,'Teacher (Curriculum)'),
    (000266,0006,0000000124,'Teacher (Curriculum)'),
    (000267,0006,0000002027,'Coordinator'),
    (000268,0004,0000000589,'Teacher (Curriculum)'),
    (000269,0004,0000000870,'Coordinator'),
    (000270,0005,0000000001,'Teacher (Curriculum)'),
    (000273,0004,0000002326,'Teacher (Curriculum)'),
    (000275,0015,0000002326,'Teacher (Curriculum)'),
    (000276,0015,0000002134,'Teacher (Curriculum)'),
    (000277,0008,0000002347,'Teacher (Curriculum)'),
    (000278,0005,0000002363,'Teacher (Curriculum)'),
    (000279,0008,0000000869,'Assistant Coordinator'),
    (000280,0004,0000002134,'Teacher (Curriculum)'),
    (000281,0016,0000001601,'Teacher (Curriculum)'),
    (000282,0008,0000002551,'Teacher (Curriculum)'),
    (000283,0008,0000002552,'Teacher (Curriculum)'),
    (000284,0007,0000002562,'Teacher (Curriculum)');

--
-- Dumping data for table `gibbonFamily`
--
INSERT INTO `gibbonFamily` (`gibbonFamilyID`, `name`, `nameAddress`, `homeAddress`, `homeAddressDistrict`, `homeAddressCountry`, `status`, `languageHomePrimary`, `languageHomeSecondary`, `familySync`, `fields`)
VALUES
    (0000001,'1','','','','','Married','','','',NULL),
    (0000003,'3','','','','','Married','','','',NULL),
    (0000004,'4','','','','','Married','','','',NULL),
    (0000005,'5','','','','','Married','','','',NULL),
    (0000006,'6','','','','','Married','','','',NULL),
    (0000007,'7','','','','','Married','','','',NULL),
    (0000008,'8','','','','','Married','','','',NULL),
    (0000009,'9','','','','','Married','','','',NULL),
    (0000010,'10','','','','','Married','','','',NULL),
    (0000011,'11','','','','','Married','','','',NULL),
    (0000012,'12','','','','','Married','','','',NULL),
    (0000013,'13','','','','','Married','','','',NULL),
    (0000014,'14','','','','','Married','','','',NULL),
    (0000015,'15','','','','','Married','','','',NULL),
    (0000016,'16','','','','','Married','','','',NULL),
    (0000017,'17','','','','','Married','','','',NULL),
    (0000018,'18','','','','','Married','','','',NULL),
    (0000019,'19','','','','','Married','','','',NULL),
    (0000020,'20','','','','','Married','','','',NULL),
    (0000021,'21','','','','','Married','','','',NULL),
    (0000022,'22','','','','','Married','','','',NULL),
    (0000023,'23','','','','','Married','','','',NULL),
    (0000024,'24','','','','','Married','','','',NULL),
    (0000025,'25','','','','','Married','','','',NULL),
    (0000026,'26','','','','','Married','','','',NULL),
    (0000027,'27','','','','','Married','','','',NULL),
    (0000028,'28','','','','','Married','','','',NULL),
    (0000030,'30','','','','','Married','','','',NULL),
    (0000032,'32','','','','','Married','','','',NULL),
    (0000033,'33','','','','','Married','','','',NULL),
    (0000034,'34','','','','','Married','','','',NULL),
    (0000035,'35','','','','','Married','','','',NULL),
    (0000036,'36','','','','','Married','','','',NULL),
    (0000037,'37','','','','','Married','','','',NULL),
    (0000038,'38','','','','','Married','','','',NULL),
    (0000039,'39','','','','','Married','','','',NULL),
    (0000041,'41','','','','','Married','','','',NULL),
    (0000042,'42','','','','','Married','','','',NULL),
    (0000043,'43','','','','','Married','','','',NULL),
    (0000044,'44','','','','','Married','','','',NULL),
    (0000045,'45','','','','','Married','','','',NULL),
    (0000046,'46','','','','','Married','','','',NULL),
    (0000047,'47','','','','','Married','','','',NULL),
    (0000050,'50','','','','','Married','','','',NULL),
    (0000051,'51','','','','','Married','','','',NULL),
    (0000052,'52','','','','','Married','','','',NULL),
    (0000053,'53','','','','','Married','','','',NULL),
    (0000054,'54','','','','','Married','','','',NULL),
    (0000055,'55','','','','','Married','','','',NULL),
    (0000056,'56','','','','','Married','','','',NULL),
    (0000057,'57','','','','','Married','','','',NULL),
    (0000058,'58','','','','','Married','','','',NULL),
    (0000059,'59','','','','','Married','','','',NULL),
    (0000060,'60','','','','','Married','','','',NULL),
    (0000061,'61','','','','','Married','','','',NULL),
    (0000062,'62','','','','','Married','','','',NULL),
    (0000063,'63','','','','','Married','','','',NULL),
    (0000065,'65','','','','','Married','','','',NULL),
    (0000067,'67','','','','','Married','','','',NULL),
    (0000071,'71','','','','','Married','','','',NULL),
    (0000072,'72','','','','','Married','','','',NULL),
    (0000073,'73','','','','','Married','','','',NULL),
    (0000074,'74','','','','','Married','','','',NULL),
    (0000075,'75','','','','','Married','','','',NULL),
    (0000076,'76','','','','','Married','','','',NULL),
    (0000077,'77','','','','','Married','','','',NULL),
    (0000078,'78','','','','','Married','','','',NULL),
    (0000079,'79','','','','','Married','','','',NULL),
    (0000080,'80','','','','','Married','','','',NULL),
    (0000081,'81','','','','','Married','','','',NULL),
    (0000082,'82','','','','','Married','','','',NULL),
    (0000083,'83','','','','','Married','','','',NULL),
    (0000084,'84','','','','','Married','','','',NULL),
    (0000085,'85','','','','','Married','','','',NULL),
    (0000087,'87','','','','','Married','','','',NULL),
    (0000088,'88','','','','','Married','','','',NULL),
    (0000089,'89','','','','','Married','','','',NULL),
    (0000090,'90','','','','','Married','','','',NULL),
    (0000091,'91','','','','','Married','','','',NULL),
    (0000092,'92','','','','','Married','','','',NULL),
    (0000093,'93','','','','','Married','','','',NULL),
    (0000095,'95','','','','','Married','','','',NULL),
    (0000096,'96','','','','','Married','','','',NULL),
    (0000097,'97','','','','','Married','','','',NULL),
    (0000098,'98','','','','','Married','','','',NULL),
    (0000099,'99','','','','','Married','','','',NULL),
    (0000101,'101','','','','','Married','','','',NULL),
    (0000102,'102','','','','','Married','','','',NULL),
    (0000103,'103','','','','','Married','','','',NULL),
    (0000105,'105','','','','','Married','','','',NULL),
    (0000106,'106','','','','','Married','','','',NULL),
    (0000107,'107','','','','','Married','','','',NULL),
    (0000108,'108','','','','','Married','','','',NULL),
    (0000109,'109','','','','','Married','','','',NULL),
    (0000110,'110','','','','','Married','','','',NULL),
    (0000111,'111','','','','','Married','','','',NULL),
    (0000112,'112','','','','','Married','','','',NULL),
    (0000114,'114','','','','','Married','','','',NULL),
    (0000116,'116','','','','','Married','','','',NULL),
    (0000117,'117','','','','','Married','','','',NULL),
    (0000118,'118','','','','','Married','','','',NULL),
    (0000121,'121','','','','','Married','','','',NULL),
    (0000123,'123','','','','','Married','','','',NULL),
    (0000124,'124','','','','','Married','','','',NULL),
    (0000125,'125','','','','','Married','','','',NULL),
    (0000126,'126','','','','','Married','','','',NULL),
    (0000128,'128','','','','','Married','','','',NULL),
    (0000129,'129','','','','','Married','','','',NULL),
    (0000130,'130','','','','','Married','','','',NULL),
    (0000131,'131','','','','','Married','','','',NULL),
    (0000132,'132','','','','','Married','','','',NULL),
    (0000134,'134','','','','','Married','','','',NULL),
    (0000135,'135','','','','','Married','','','',NULL),
    (0000137,'137','','','','','Married','','','',NULL),
    (0000138,'138','','','','','Married','','','',NULL),
    (0000139,'139','','','','','Married','','','',NULL),
    (0000140,'140','','','','','Married','','','',NULL),
    (0000141,'141','','','','','Married','','','',NULL),
    (0000142,'142','','','','','Married','','','',NULL),
    (0000143,'143','','','','','Married','','','',NULL),
    (0000145,'145','','','','','Married','','','',NULL),
    (0000146,'146','','','','','Married','','','',NULL),
    (0000147,'147','','','','','Married','','','',NULL),
    (0000148,'148','','','','','Married','','','',NULL),
    (0000149,'149','','','','','Married','','','',NULL),
    (0000150,'150','','','','','Married','','','',NULL),
    (0000151,'151','','','','','Married','','','',NULL),
    (0000152,'152','','','','','Married','','','',NULL),
    (0000153,'153','','','','','Married','','','',NULL),
    (0000154,'154','','','','','Married','','','',NULL),
    (0000155,'155','','','','','Married','','','',NULL),
    (0000156,'156','','','','','Married','','','',NULL),
    (0000157,'157','','','','','Married','','','',NULL),
    (0000158,'158','','','','','Married','','','',NULL),
    (0000159,'159','','','','','Married','','','',NULL),
    (0000160,'160','','','','','Married','','','',NULL),
    (0000161,'161','','','','','Married','','','',NULL),
    (0000162,'162','','','','','Married','','','',NULL),
    (0000163,'163','','','','','Married','','','',NULL),
    (0000164,'164','','','','','Married','','','',NULL),
    (0000165,'165','','','','','Married','','','',NULL),
    (0000166,'166','','','','','Married','','','',NULL),
    (0000167,'167','','','','','Married','','','',NULL),
    (0000168,'168','','','','','Married','','','',NULL),
    (0000169,'169','','','','','Married','','','',NULL),
    (0000170,'170','','','','','Married','','','',NULL),
    (0000171,'171','','','','','Married','','','',NULL),
    (0000172,'172','','','','','Married','','','',NULL),
    (0000173,'173','','','','','Married','','','',NULL),
    (0000174,'174','','','','','Married','','','',NULL),
    (0000175,'175','','','','','Married','','','',NULL),
    (0000176,'176','','','','','Married','','','',NULL),
    (0000177,'177','','','','','Married','','','',NULL),
    (0000178,'178','','','','','Married','','','',NULL),
    (0000179,'179','','','','','Married','','','',NULL),
    (0000180,'180','','','','','Married','','','',NULL),
    (0000181,'181','','','','','Married','','','',NULL),
    (0000182,'182','','','','','Married','','','',NULL),
    (0000185,'185','','','','','Married','','','',NULL),
    (0000187,'187','','','','','Married','','','',NULL),
    (0000188,'188','','','','','Married','','','',NULL),
    (0000189,'189','','','','','Married','','','',NULL),
    (0000190,'190','','','','','Married','','','',NULL),
    (0000191,'191','','','','','Married','','','',NULL),
    (0000193,'193','','','','','Married','','','',NULL),
    (0000194,'194','','','','','Married','','','',NULL),
    (0000195,'195','','','','','Married','','','',NULL),
    (0000196,'196','','','','','Married','','','',NULL),
    (0000197,'197','','','','','Married','','','',NULL),
    (0000198,'198','','','','','Married','','','',NULL),
    (0000199,'199','','','','','Married','','','',NULL),
    (0000200,'200','','','','','Married','','','',NULL),
    (0000201,'201','','','','','Married','','','',NULL),
    (0000202,'202','','','','','Married','','','',NULL),
    (0000204,'204','','','','','Married','','','',NULL),
    (0000205,'205','','','','','Married','','','',NULL),
    (0000206,'206','','','','','Married','','','',NULL),
    (0000207,'207','','','','','Married','','','',NULL),
    (0000208,'208','','','','','Married','','','',NULL),
    (0000210,'210','','','','','Married','','','',NULL),
    (0000211,'211','','','','','Married','','','',NULL),
    (0000212,'212','','','','','Married','','','',NULL),
    (0000213,'213','','','','','Married','','','',NULL),
    (0000214,'214','','','','','Married','','','',NULL),
    (0000215,'215','','','','','Married','','','',NULL),
    (0000216,'216','','','','','Married','','','',NULL),
    (0000221,'221','','','','','Married','','','',NULL),
    (0000222,'222','','','','','Married','','','',NULL),
    (0000223,'223','','','','','Married','','','',NULL),
    (0000224,'224','','','','','Married','','','',NULL),
    (0000225,'225','','','','','Married','','','',NULL),
    (0000227,'227','','','','','Married','','','',NULL),
    (0000228,'228','','','','','Married','','','',NULL),
    (0000229,'229','','','','','Married','','','',NULL),
    (0000230,'230','','','','','Married','','','',NULL),
    (0000231,'231','','','','','Married','','','',NULL),
    (0000232,'232','','','','','Married','','','',NULL),
    (0000234,'234','','','','','Married','','','',NULL),
    (0000235,'235','','','','','Married','','','',NULL),
    (0000236,'236','','','','','Married','','','',NULL),
    (0000237,'237','','','','','Married','','','',NULL),
    (0000238,'238','','','','','Married','','','',NULL),
    (0000239,'239','','','','','Married','','','',NULL),
    (0000240,'240','','','','','Married','','','',NULL),
    (0000241,'241','','','','','Married','','','',NULL),
    (0000244,'244','','','','','Married','','','',NULL),
    (0000246,'246','','','','','Married','','','',NULL),
    (0000247,'247','','','','','Married','','','',NULL),
    (0000248,'248','','','','','Married','','','',NULL),
    (0000249,'249','','','','','Married','','','',NULL),
    (0000250,'250','','','','','Married','','','',NULL),
    (0000251,'251','','','','','Married','','','',NULL),
    (0000252,'252','','','','','Married','','','',NULL),
    (0000253,'253','','','','','Married','','','',NULL),
    (0000254,'254','','','','','Married','','','',NULL),
    (0000256,'256','','','','','Married','','','',NULL),
    (0000257,'257','','','','','Married','','','',NULL),
    (0000258,'258','','','','','Married','','','',NULL),
    (0000259,'259','','','','','Married','','','',NULL),
    (0000260,'260','','','','','Married','','','',NULL),
    (0000261,'261','','','','','Married','','','',NULL),
    (0000262,'262','','','','','Married','','','',NULL),
    (0000263,'263','','','','','Married','','','',NULL),
    (0000264,'264','','','','','Married','','','',NULL),
    (0000265,'265','','','','','Married','','','',NULL),
    (0000267,'267','','','','','Married','','','',NULL),
    (0000268,'268','','','','','Married','','','',NULL),
    (0000269,'269','','','','','Married','','','',NULL),
    (0000270,'270','','','','','Married','','','',NULL),
    (0000271,'271','','','','','Married','','','',NULL),
    (0000272,'272','','','','','Married','','','',NULL),
    (0000273,'273','','','','','Married','','','',NULL),
    (0000274,'274','','','','','Married','','','',NULL),
    (0000275,'275','','','','','Married','','','',NULL),
    (0000276,'276','','','','','Married','','','',NULL),
    (0000279,'279','','','','','Married','','','',NULL),
    (0000282,'282','','','','','Married','','','',NULL),
    (0000283,'283','','','','','Married','','','',NULL),
    (0000284,'284','','','','','Married','','','',NULL),
    (0000285,'285','','','','','Married','','','',NULL),
    (0000287,'287','','','','','Married','','','',NULL),
    (0000288,'288','','','','','Married','','','',NULL),
    (0000289,'289','','','','','Married','','','',NULL),
    (0000292,'292','','','','','Married','','','',NULL),
    (0000293,'293','','','','','Married','','','',NULL),
    (0000294,'294','','','','','Married','','','',NULL),
    (0000295,'295','','','','','Married','','','',NULL),
    (0000296,'296','','','','','Married','','','',NULL),
    (0000297,'297','','','','','Married','','','',NULL),
    (0000298,'298','','','','','Married','','','',NULL),
    (0000299,'299','','','','','Married','','','',NULL),
    (0000300,'300','','','','','Married','','','',NULL),
    (0000303,'303','','','','','Married','','','',NULL),
    (0000304,'304','','','','','Married','','','',NULL),
    (0000305,'305','','','','','Married','','','',NULL),
    (0000307,'307','','','','','Married','','','',NULL),
    (0000308,'308','','','','','Married','','','',NULL),
    (0000309,'309','','','','','Married','','','',NULL),
    (0000310,'310','','','','','Married','','','',NULL),
    (0000312,'312','','','','','Married','','','',NULL),
    (0000313,'313','','','','','Married','','','',NULL),
    (0000314,'314','','','','','Married','','','',NULL),
    (0000315,'315','','','','','Married','','','',NULL),
    (0000316,'316','','','','','Married','','','',NULL),
    (0000317,'317','','','','','Married','','','',NULL),
    (0000318,'318','','','','','Married','','','',NULL),
    (0000320,'320','','','','','Married','','','',NULL),
    (0000321,'321','','','','','Married','','','',NULL),
    (0000322,'322','','','','','Married','','','',NULL),
    (0000325,'325','','','','','Married','','','',NULL),
    (0000326,'326','','','','','Married','','','',NULL),
    (0000327,'327','','','','','Married','','','',NULL),
    (0000328,'328','','','','','Married','','','',NULL),
    (0000329,'329','','','','','Married','','','',NULL),
    (0000330,'330','','','','','Married','','','',NULL),
    (0000331,'331','','','','','Married','','','',NULL),
    (0000332,'332','','','','','Married','','','',NULL),
    (0000333,'333','','','','','Married','','','',NULL),
    (0000334,'334','','','','','Married','','','',NULL),
    (0000335,'335','','','','','Married','','','',NULL),
    (0000336,'336','','','','','Married','','','',NULL),
    (0000337,'337','','','','','Married','','','',NULL),
    (0000338,'338','','','','','Married','','','',NULL),
    (0000339,'339','','','','','Married','','','',NULL),
    (0000340,'340','','','','','Married','','','',NULL),
    (0000341,'341','','','','','Married','','','',NULL),
    (0000342,'342','','','','','Married','','','',NULL),
    (0000344,'344','','','','','Married','','','',NULL),
    (0000345,'345','','','','','Married','','','',NULL),
    (0000346,'346','','','','','Married','','','',NULL),
    (0000347,'347','','','','','Married','','','',NULL),
    (0000348,'348','','','','','Married','','','',NULL),
    (0000349,'349','','','','','Married','','','',NULL),
    (0000350,'350','','','','','Married','','','',NULL),
    (0000351,'351','','','','','Married','','','',NULL),
    (0000352,'352','','','','','Married','','','',NULL),
    (0000353,'353','','','','','Married','','','',NULL),
    (0000354,'354','','','','','Married','','','',NULL),
    (0000355,'355','','','','','Married','','','',NULL),
    (0000356,'356','','','','','Married','','','',NULL),
    (0000357,'357','','','','','Married','','','',NULL),
    (0000358,'358','','','','','Married','','','',NULL),
    (0000360,'360','','','','','Married','','','',NULL),
    (0000361,'361','','','','','Married','','','',NULL),
    (0000363,'363','','','','','Married','','','',NULL),
    (0000364,'364','','','','','Married','','','',NULL),
    (0000365,'365','','','','','Married','','','',NULL),
    (0000366,'366','','','','','Married','','','',NULL),
    (0000367,'367','','','','','Married','','','',NULL),
    (0000368,'368','','','','','Married','','','',NULL),
    (0000369,'369','','','','','Married','','','',NULL),
    (0000370,'370','','','','','Married','','','',NULL),
    (0000371,'371','','','','','Married','','','',NULL),
    (0000372,'372','','','','','Married','','','',NULL),
    (0000373,'373','','','','','Married','','','',NULL),
    (0000374,'374','','','','','Married','','','',NULL),
    (0000376,'376','','','','','Married','','','',NULL),
    (0000377,'377','','','','','Married','','','',NULL),
    (0000378,'378','','','','','Married','','','',NULL),
    (0000379,'379','','','','','Married','','','',NULL),
    (0000380,'380','','','','','Married','','','',NULL),
    (0000381,'381','','','','','Married','','','',NULL),
    (0000382,'382','','','','','Married','','','',NULL),
    (0000383,'383','','','','','Married','','','',NULL),
    (0000384,'384','','','','','Married','','','',NULL),
    (0000385,'385','','','','','Married','','','',NULL),
    (0000386,'386','','','','','Married','','','',NULL),
    (0000387,'387','','','','','Married','','','',NULL),
    (0000389,'389','','','','','Married','','','',NULL),
    (0000390,'390','','','','','Married','','','',NULL),
    (0000391,'391','','','','','Married','','','',NULL),
    (0000392,'392','','','','','Married','','','',NULL),
    (0000393,'393','','','','','Married','','','',NULL),
    (0000394,'394','','','','','Married','','','',NULL),
    (0000395,'395','','','','','Married','','','',NULL),
    (0000396,'396','','','','','Married','','','',NULL),
    (0000398,'398','','','','','Married','','','',NULL),
    (0000399,'399','','','','','Married','','','',NULL),
    (0000400,'400','','','','','Married','','','',NULL),
    (0000403,'403','','','','','Married','','','',NULL),
    (0000404,'404','','','','','Married','','','',NULL),
    (0000405,'405','','','','','Married','','','',NULL),
    (0000406,'406','','','','','Married','','','',NULL),
    (0000407,'407','','','','','Married','','','',NULL),
    (0000408,'408','','','','','Married','','','',NULL),
    (0000409,'409','','','','','Married','','','',NULL),
    (0000410,'410','','','','','Married','','','',NULL),
    (0000411,'411','','','','','Married','','','',NULL),
    (0000412,'412','','','','','Married','','','',NULL),
    (0000413,'413','','','','','Married','','','',NULL),
    (0000414,'414','','','','','Married','','','',NULL),
    (0000415,'415','','','','','Married','','','',NULL),
    (0000416,'416','','','','','Married','','','',NULL),
    (0000418,'418','','','','','Married','','','',NULL),
    (0000419,'419','','','','','Married','','','',NULL),
    (0000422,'422','','','','','Married','','','',NULL),
    (0000425,'425','','','','','Married','','','',NULL),
    (0000426,'426','','','','','Married','','','',NULL),
    (0000427,'427','','','','','Married','','','',NULL),
    (0000429,'429','','','','','Married','','','',NULL),
    (0000430,'430','','','','','Married','','','',NULL),
    (0000431,'431','','','','','Married','','','',NULL),
    (0000432,'432','','','','','Married','','','',NULL),
    (0000433,'433','','','','','Married','','','',NULL),
    (0000434,'434','','','','','Married','','','',NULL),
    (0000435,'435','','','','','Married','','','',NULL),
    (0000436,'436','','','','','Married','','','',NULL),
    (0000437,'437','','','','','Married','','','',NULL),
    (0000438,'438','','','','','Married','','','',NULL),
    (0000439,'439','','','','','Married','','','',NULL),
    (0000440,'440','','','','','Married','','','',NULL),
    (0000441,'441','','','','','Married','','','',NULL),
    (0000444,'444','','','','','Married','','','',NULL),
    (0000445,'445','','','','','Married','','','',NULL),
    (0000446,'446','','','','','Married','','','',NULL),
    (0000447,'447','','','','','Married','','','',NULL),
    (0000448,'448','','','','','Married','','','',NULL),
    (0000449,'449','','','','','Married','','','',NULL),
    (0000450,'450','','','','','Married','','','',NULL),
    (0000451,'451','','','','','Married','','','',NULL),
    (0000452,'452','','','','','Married','','','',NULL),
    (0000453,'453','','','','','Married','','','',NULL),
    (0000454,'454','','','','','Married','','','',NULL),
    (0000456,'456','','','','','Married','','','',NULL),
    (0000457,'457','','','','','Married','','','',NULL),
    (0000460,'460','','','','','Married','','','',NULL),
    (0000461,'461','','','','','Married','','','',NULL),
    (0000462,'462','','','','','Married','','','',NULL),
    (0000463,'463','','','','','Married','','','',NULL),
    (0000464,'464','','','','','Married','','','',NULL),
    (0000466,'466','','','','','Married','','','',NULL),
    (0000467,'467','','','','','Married','','','',NULL),
    (0000468,'468','','','','','Married','','','',NULL),
    (0000469,'469','','','','','Married','','','',NULL),
    (0000470,'470','','','','','Married','','','',NULL),
    (0000471,'471','','','','','Married','','','',NULL),
    (0000472,'472','','','','','Married','','','',NULL),
    (0000473,'473','','','','','Married','','','',NULL),
    (0000475,'475','','','','','Married','','','',NULL),
    (0000476,'476','','','','','Married','','','',NULL),
    (0000477,'477','','','','','Married','','','',NULL),
    (0000479,'479','','','','','Married','','','',NULL),
    (0000480,'480','','','','','Married','','','',NULL),
    (0000482,'482','','','','','Married','','','',NULL),
    (0000484,'484','','','','','Married','','','',NULL),
    (0000486,'486','','','','','Married','','','',NULL),
    (0000489,'489','','','','','Married','','','',NULL),
    (0000490,'490','','','','','Married','','','',NULL),
    (0000491,'491','','','','','Married','','','',NULL),
    (0000492,'492','','','','','Married','','','',NULL),
    (0000494,'494','','','','','Married','','','',NULL),
    (0000495,'495','','','','','Married','','','',NULL),
    (0000496,'496','','','','','Married','','','',NULL),
    (0000497,'497','','','','','Married','','','',NULL),
    (0000498,'498','','','','','Married','','','',NULL),
    (0000499,'499','','','','','Married','','','',NULL),
    (0000500,'500','','','','','Married','','','',NULL),
    (0000501,'501','','','','','Married','','','',NULL),
    (0000502,'502','','','','','Married','','','',NULL),
    (0000504,'504','','','','','Married','','','',NULL),
    (0000505,'505','','','','','Married','','','',NULL),
    (0000506,'506','','','','','Married','','','',NULL),
    (0000507,'507','','','','','Married','','','',NULL),
    (0000508,'508','','','','','Married','','','',NULL),
    (0000509,'509','','','','','Married','','','',NULL),
    (0000511,'511','','','','','Married','','','',NULL),
    (0000513,'513','','','','','Married','','','',NULL),
    (0000514,'514','','','','','Married','','','',NULL),
    (0000515,'515','','','','','Married','','','',NULL),
    (0000516,'516','','','','','Married','','','',NULL),
    (0000517,'517','','','','','Married','','','',NULL),
    (0000518,'518','','','','','Married','','','',NULL),
    (0000519,'519','','','','','Married','','','',NULL),
    (0000520,'520','','','','','Married','','','',NULL),
    (0000521,'521','','','','','Married','','','',NULL),
    (0000524,'524','','','','','Married','','','',NULL),
    (0000525,'525','','','','','Married','','','',NULL),
    (0000526,'526','','','','','Married','','','',NULL),
    (0000527,'527','','','','','Married','','','',NULL),
    (0000528,'528','','','','','Married','','','',NULL),
    (0000529,'529','','','','','Married','','','',NULL),
    (0000532,'532','','','','','Married','','','',NULL),
    (0000533,'533','','','','','Married','','','',NULL),
    (0000534,'534','','','','','Married','','','',NULL),
    (0000535,'535','','','','','Married','','','',NULL),
    (0000536,'536','','','','','Married','','','',NULL),
    (0000537,'537','','','','','Married','','','',NULL),
    (0000538,'538','','','','','Married','','','',NULL),
    (0000539,'539','','','','','Married','','','',NULL),
    (0000541,'541','','','','','Married','','','',NULL),
    (0000542,'542','','','','','Married','','','',NULL),
    (0000543,'543','','','','','Married','','','',NULL),
    (0000544,'544','','','','','Married','','','',NULL),
    (0000545,'545','','','','','Married','','','',NULL),
    (0000546,'546','','','','','Married','','','',NULL),
    (0000547,'547','','','','','Married','','','',NULL),
    (0000548,'548','','','','','Married','','','',NULL),
    (0000549,'549','','','','','Married','','','',NULL),
    (0000550,'550','','','','','Married','','','',NULL),
    (0000551,'551','','','','','Married','','','',NULL),
    (0000552,'552','','','','','Married','','','',NULL),
    (0000553,'553','','','','','Married','','','',NULL),
    (0000554,'554','','','','','Married','','','',NULL),
    (0000555,'555','','','','','Married','','','',NULL),
    (0000556,'556','','','','','Married','','','',NULL),
    (0000557,'557','','','','','Married','','','',NULL),
    (0000558,'558','','','','','Married','','','',NULL),
    (0000559,'559','','','','','Married','','','',NULL),
    (0000561,'561','','','','','Married','','','',NULL),
    (0000562,'562','','','','','Married','','','',NULL),
    (0000563,'563','','','','','Married','','','',NULL),
    (0000564,'564','','','','','Married','','','',NULL),
    (0000565,'565','','','','','Married','','','',NULL),
    (0000566,'566','','','','','Married','','','',NULL),
    (0000568,'568','','','','','Married','','','',NULL),
    (0000569,'569','','','','','Married','','','',NULL),
    (0000571,'571','','','','','Married','','','',NULL),
    (0000573,'573','','','','','Married','','','',NULL),
    (0000574,'574','','','','','Married','','','',NULL),
    (0000575,'575','','','','','Married','','','',NULL),
    (0000577,'577','','','','','Married','','','',NULL),
    (0000578,'578','','','','','Married','','','',NULL),
    (0000580,'580','','','','','Married','','','',NULL),
    (0000582,'582','','','','','Married','','','',NULL),
    (0000583,'583','','','','','Married','','','',NULL),
    (0000584,'584','','','','','Married','','','',NULL),
    (0000586,'586','','','','','Married','','','',NULL),
    (0000587,'587','','','','','Married','','','',NULL),
    (0000588,'588','','','','','Married','','','',NULL),
    (0000589,'589','','','','','Married','','','',NULL),
    (0000590,'590','','','','','Married','','','',NULL),
    (0000591,'591','','','','','Married','','','',NULL),
    (0000592,'592','','','','','Married','','','',NULL),
    (0000593,'593','','','','','Married','','','',NULL),
    (0000594,'594','','','','','Married','','','',NULL),
    (0000595,'595','','','','','Married','','','',NULL),
    (0000596,'596','','','','','Married','','','',NULL),
    (0000598,'598','','','','','Married','','','',NULL),
    (0000599,'599','','','','','Married','','','',NULL),
    (0000600,'600','','','','','Married','','','',NULL),
    (0000601,'601','','','','','Married','','','',NULL),
    (0000602,'602','','','','','Married','','','',NULL),
    (0000603,'603','','','','','Married','','','',NULL),
    (0000604,'604','','','','','Married','','','',NULL),
    (0000606,'606','','','','','Married','','','',NULL),
    (0000607,'607','','','','','Married','','','',NULL),
    (0000608,'608','','','','','Married','','','',NULL),
    (0000609,'609','','','','','Married','','','',NULL),
    (0000610,'610','','','','','Married','','','',NULL),
    (0000612,'612','','','','','Married','','','',NULL),
    (0000613,'613','','','','','Married','','','',NULL),
    (0000614,'614','','','','','Married','','','',NULL),
    (0000615,'615','','','','','Married','','','',NULL),
    (0000616,'616','','','','','Married','','','',NULL),
    (0000617,'617','','','','','Married','','','',NULL),
    (0000618,'618','','','','','Married','','','',NULL),
    (0000619,'619','','','','','Married','','','',NULL),
    (0000620,'620','','','','','Married','','','',NULL),
    (0000621,'621','','','','','Married','','','',NULL),
    (0000622,'622','','','','','Married','','','',NULL),
    (0000623,'623','','','','','Married','','','',NULL),
    (0000625,'625','','','','','Married','','','',NULL),
    (0000626,'626','','','','','Married','','','',NULL),
    (0000627,'627','','','','','Married','','','',NULL),
    (0000628,'628','','','','','Married','','','',NULL),
    (0000629,'629','','','','','Married','','','',NULL),
    (0000630,'630','','','','','Married','','','',NULL),
    (0000631,'631','','','','','Married','','','',NULL),
    (0000632,'632','','','','','Married','','','',NULL),
    (0000633,'633','','','','','Married','','','',NULL),
    (0000634,'634','','','','','Married','','','',NULL),
    (0000635,'635','','','','','Married','','','',NULL),
    (0000637,'637','','','','','Married','','','',NULL),
    (0000638,'638','','','','','Married','','','',NULL),
    (0000639,'639','','','','','Married','','','',NULL),
    (0000641,'641','','','','','Married','','','',NULL),
    (0000642,'642','','','','','Married','','','',NULL),
    (0000643,'643','','','','','Married','','','',NULL),
    (0000644,'644','','','','','Married','','','',NULL),
    (0000645,'645','','','','','Married','','','',NULL),
    (0000646,'646','','','','','Married','','','',NULL),
    (0000647,'647','','','','','Married','','','',NULL),
    (0000648,'648','','','','','Married','','','',NULL),
    (0000649,'649','','','','','Married','','','',NULL),
    (0000650,'650','','','','','Married','','','',NULL),
    (0000651,'651','','','','','Married','','','',NULL),
    (0000652,'652','','','','','Married','','','',NULL),
    (0000654,'654','','','','','Married','','','',NULL),
    (0000655,'655','','','','','Married','','','',NULL),
    (0000656,'656','','','','','Married','','','',NULL),
    (0000657,'657','','','','','Married','','','',NULL),
    (0000658,'658','','','','','Married','','','',NULL),
    (0000659,'659','','','','','Married','','','',NULL),
    (0000660,'660','','','','','Married','','','',NULL),
    (0000661,'661','','','','','Married','','','',NULL),
    (0000662,'662','','','','','Married','','','',NULL),
    (0000663,'663','','','','','Married','','','',NULL),
    (0000664,'664','','','','','Married','','','',NULL),
    (0000669,'669','','','','','Married','','','',NULL),
    (0000670,'670','','','','','Married','','','',NULL),
    (0000671,'671','','','','','Married','','','',NULL),
    (0000672,'672','','','','','Married','','','',NULL),
    (0000673,'673','','','','','Married','','','',NULL),
    (0000674,'674','','','','','Married','','','',NULL),
    (0000675,'675','','','','','Married','','','',NULL),
    (0000676,'676','','','','','Married','','','',NULL),
    (0000677,'677','','','','','Married','','','',NULL),
    (0000678,'678','','','','','Married','','','',NULL),
    (0000679,'679','','','','','Married','','','',NULL),
    (0000680,'680','','','','','Married','','','',NULL),
    (0000681,'681','','','','','Married','','','',NULL),
    (0000682,'682','','','','','Married','','','',NULL),
    (0000683,'683','','','','','Married','','','',NULL),
    (0000684,'684','','','','','Married','','','',NULL),
    (0000685,'685','','','','','Married','','','',NULL),
    (0000686,'686','','','','','Married','','','',NULL),
    (0000687,'687','','','','','Married','','','',NULL),
    (0000688,'688','','','','','Married','','','',NULL),
    (0000689,'689','','','','','Married','','','',NULL),
    (0000690,'690','','','','','Married','','','',NULL),
    (0000691,'691','','','','','Married','','','',NULL),
    (0000692,'692','','','','','Married','','','',NULL),
    (0000693,'693','','','','','Married','','','',NULL),
    (0000694,'694','','','','','Married','','','',NULL),
    (0000695,'695','','','','','Married','','','',NULL),
    (0000696,'696','','','','','Married','','','',NULL),
    (0000698,'698','','','','','Married','','','',NULL),
    (0000699,'699','','','','','Married','','','',NULL),
    (0000700,'700','','','','','Married','','','',NULL),
    (0000701,'701','','','','','Married','','','',NULL),
    (0000702,'702','','','','','Married','','','',NULL),
    (0000704,'704','','','','','Married','','','',NULL),
    (0000705,'705','','','','','Married','','','',NULL),
    (0000706,'706','','','','','Married','','','',NULL),
    (0000707,'707','','','','','Married','','','',NULL),
    (0000708,'708','','','','','Married','','','',NULL),
    (0000709,'709','','','','','Married','','','',NULL),
    (0000710,'710','','','','','Married','','','',NULL),
    (0000711,'711','','','','','Married','','','',NULL),
    (0000712,'712','','','','','Married','','','',NULL),
    (0000713,'713','','','','','Married','','','',NULL),
    (0000714,'714','','','','','Married','','','',NULL),
    (0000715,'715','','','','','Married','','','',NULL),
    (0000716,'716','','','','','Married','','','',NULL),
    (0000717,'717','','','','','Married','','','',NULL),
    (0000718,'718','','','','','Married','','','',NULL),
    (0000719,'719','','','','','Married','','','',NULL),
    (0000720,'720','','','','','Married','','','',NULL),
    (0000721,'721','','','','','Married','','','',NULL),
    (0000722,'722','','','','','Married','','','',NULL),
    (0000723,'723','','','','','Married','','','',NULL),
    (0000724,'724','','','','','Married','','','',NULL),
    (0000725,'725','','','','','Married','','','',NULL),
    (0000726,'726','','','','','Married','','','',NULL),
    (0000727,'727','','','','','Married','','','',NULL),
    (0000728,'728','','','','','Married','','','',NULL),
    (0000729,'729','','','','','Married','','','',NULL),
    (0000730,'730','','','','','Married','','','',NULL),
    (0000731,'731','','','','','Married','','','',NULL),
    (0000732,'732','','','','','Married','','','',NULL),
    (0000733,'733','','','','','Married','','','',NULL),
    (0000734,'734','','','','','Married','','','',NULL),
    (0000735,'735','','','','','Married','','','',NULL),
    (0000736,'736','','','','','Married','','','',NULL),
    (0000737,'737','','','','','Married','','','',NULL),
    (0000738,'738','','','','','Married','','','',NULL),
    (0000739,'739','','','','','Married','','','',NULL),
    (0000740,'740','','','','','Married','','','',NULL),
    (0000741,'741','','','','','Married','','','',NULL),
    (0000742,'742','','','','','Married','','','',NULL),
    (0000743,'743','','','','','Married','','','',NULL),
    (0000744,'744','','','','','Married','','','',NULL),
    (0000746,'746','','','','','Married','','','',NULL),
    (0000747,'747','','','','','Married','','','',NULL),
    (0000748,'748','','','','','Married','','','',NULL),
    (0000749,'749','','','','','Married','','','',NULL),
    (0000750,'750','','','','','Married','','','',NULL),
    (0000751,'751','','','','','Married','','','',NULL),
    (0000752,'752','','','','','Married','','','',NULL),
    (0000753,'753','','','','','Married','','','',NULL),
    (0000754,'754','','','','','Married','','','',NULL),
    (0000755,'755','','','','','Married','','','',NULL),
    (0000756,'756','','','','','Married','','','',NULL),
    (0000757,'757','','','','','Married','','','',NULL),
    (0000759,'759','','','','','Married','','','',NULL),
    (0000760,'760','','','','','Married','','','',NULL),
    (0000761,'761','','','','','Married','','','',NULL),
    (0000762,'762','','','','','Married','','','',NULL),
    (0000763,'763','','','','','Married','','','',NULL),
    (0000764,'764','','','','','Married','','','',NULL),
    (0000765,'765','','','','','Married','','','',NULL),
    (0000767,'767','','','','','Married','','','',NULL),
    (0000768,'768','','','','','Married','','','',NULL),
    (0000769,'769','','','','','Married','','','',NULL),
    (0000770,'770','','','','','Married','','','',NULL),
    (0000771,'771','','','','','Married','','','',NULL),
    (0000772,'772','','','','','Married','','','',NULL),
    (0000773,'773','','','','','Married','','','',NULL),
    (0000774,'774','','','','','Married','','','',NULL),
    (0000775,'775','','','','','Married','','','',NULL),
    (0000776,'776','','','','','Married','','','',NULL),
    (0000777,'777','','','','','Married','','','',NULL),
    (0000778,'778','','','','','Married','','','',NULL),
    (0000779,'779','','','','','Married','','','',NULL),
    (0000780,'780','','','','','Married','','','',NULL),
    (0000781,'781','','','','','Married','','','',NULL),
    (0000782,'782','','','','','Married','','','',NULL),
    (0000783,'783','','','','','Married','','','',NULL),
    (0000784,'784','','','','','Married','','','',NULL),
    (0000785,'785','','','','','Married','','','',NULL),
    (0000786,'786','','','','','Married','','','',NULL),
    (0000787,'787','','','','','Married','','','',NULL),
    (0000788,'788','','','','','Married','','','',NULL),
    (0000789,'789','','','','','Married','','','',NULL),
    (0000790,'790','','','','','Married','','','',NULL),
    (0000791,'791','','','','','Married','','','',NULL),
    (0000792,'792','','','','','Married','','','',NULL),
    (0000793,'793','','','','','Married','','','',NULL),
    (0000794,'794','','','','','Married','','','',NULL),
    (0000795,'795','','','','','Married','','','',NULL),
    (0000796,'796','','','','','Married','','','',NULL),
    (0000797,'797','','','','','Married','','','',NULL),
    (0000798,'798','','','','','Married','','','',NULL),
    (0000799,'799','','','','','Married','','','',NULL),
    (0000800,'800','','','','','Married','','','',NULL),
    (0000801,'801','','','','','Married','','','',NULL),
    (0000802,'802','','','','','Married','','','',NULL),
    (0000803,'803','','','','','Married','','','',NULL),
    (0000804,'804','','','','','Married','','','',NULL),
    (0000805,'805','','','','','Married','','','',NULL),
    (0000806,'806','','','','','Married','','','',NULL),
    (0000807,'807','','','','','Married','','','',NULL),
    (0000808,'808','','','','','Married','','','',NULL),
    (0000809,'809','','','','','Married','','','',NULL),
    (0000810,'810','','','','','Married','','','',NULL),
    (0000811,'811','','','','','Married','','','',NULL),
    (0000812,'812','','','','','Married','','','',NULL),
    (0000813,'813','','','','','Married','','','',NULL),
    (0000814,'814','','','','','Married','','','',NULL),
    (0000815,'815','','','','','Married','','','',NULL),
    (0000816,'816','','','','','Married','','','',NULL),
    (0000817,'817','','','','','Married','','','',NULL),
    (0000818,'818','','','','','Married','','','',NULL),
    (0000819,'819','','','','','Married','','','',NULL),
    (0000820,'820','','','','','Married','','','',NULL),
    (0000821,'821','','','','','Married','','','',NULL),
    (0000822,'822','','','','','Married','','','',NULL),
    (0000823,'823','','','','','Married','','','',NULL),
    (0000824,'824','','','','','Married','','','',NULL),
    (0000825,'825','','','','','Married','','','',NULL),
    (0000826,'826','','','','','Married','','','',NULL),
    (0000827,'827','','','','','Married','','','',NULL),
    (0000828,'828','','','','','Married','','','',NULL),
    (0000829,'829','','','','','Married','','','',NULL),
    (0000830,'830','','','','','Married','','','',NULL),
    (0000831,'831','','','','','Married','','','',NULL),
    (0000832,'832','','','','','Married','','','',NULL),
    (0000833,'833','','','','','Married','','','',NULL),
    (0000834,'834','','','','','Married','','','',NULL),
    (0000835,'835','','','','','Married','','','',NULL),
    (0000836,'836','','','','','Married','','','',NULL),
    (0000837,'837','','','','','Married','','','',NULL),
    (0000838,'838','','','','','Married','','','',NULL),
    (0000839,'839','','','','','Married','','','',NULL),
    (0000840,'840','','','','','Married','','','',NULL),
    (0000841,'841','','','','','Married','','','',NULL),
    (0000842,'842','','','','','Married','','','',NULL),
    (0000843,'843','','','','','Married','','','',NULL),
    (0000844,'844','','','','','Married','','','',NULL),
    (0000845,'845','','','','','Married','','','',NULL),
    (0000846,'846','','','','','Married','','','',NULL),
    (0000847,'847','','','','','Married','','','',NULL),
    (0000848,'848','','','','','Married','','','',NULL),
    (0000849,'849','','','','','Married','','','',NULL),
    (0000850,'850','','','','','Married','','','',NULL),
    (0000851,'851','','','','','Married','','','',NULL),
    (0000852,'852','','','','','Married','','','',NULL),
    (0000853,'853','','','','','Married','','','',NULL);

--
-- Dumping data for table `gibbonFamilyAdult`
--
INSERT INTO `gibbonFamilyAdult` (`gibbonFamilyAdultID`, `gibbonFamilyID`, `gibbonPersonID`, `comment`, `childDataAccess`, `contactPriority`, `contactCall`, `contactSMS`, `contactEmail`, `contactMail`)
VALUES
    (00000010,0000001,0000000148,'','Y',2,'Y','Y','Y','Y'),
    (00000011,0000001,0000000149,'','Y',1,'Y','Y','Y','Y'),
    (00000012,0000003,0000000152,'','Y',2,'Y','Y','Y','Y'),
    (00000013,0000003,0000000153,'','Y',1,'Y','Y','Y','Y'),
    (00000014,0000004,0000000154,'','Y',2,'Y','Y','Y','Y'),
    (00000015,0000004,0000000155,'','Y',1,'Y','Y','Y','Y'),
    (00000016,0000005,0000000157,'','Y',2,'Y','Y','Y','Y'),
    (00000017,0000005,0000000158,'','Y',1,'Y','Y','Y','Y'),
    (00000018,0000006,0000000159,'','Y',2,'Y','Y','Y','Y'),
    (00000019,0000006,0000000160,'','Y',1,'Y','Y','Y','Y'),
    (00000020,0000007,0000000161,'','Y',2,'Y','Y','Y','Y'),
    (00000021,0000007,0000000162,'','Y',1,'Y','Y','Y','Y'),
    (00000022,0000008,0000000163,'','Y',2,'Y','Y','Y','Y'),
    (00000023,0000008,0000000164,'','Y',1,'Y','Y','Y','Y'),
    (00000024,0000009,0000000165,'','Y',2,'Y','Y','Y','Y'),
    (00000025,0000009,0000000166,'','Y',1,'Y','Y','Y','Y'),
    (00000026,0000010,0000000167,'','Y',2,'Y','Y','Y','Y'),
    (00000027,0000010,0000000168,'','Y',1,'Y','Y','Y','Y'),
    (00000028,0000012,0000000172,'','Y',2,'Y','Y','Y','Y'),
    (00000029,0000012,0000000173,'','Y',1,'Y','Y','Y','Y'),
    (00000030,0000013,0000000175,'','Y',1,'Y','Y','Y','Y'),
    (00000031,0000013,0000000174,'','Y',2,'Y','Y','Y','Y'),
    (00000032,0000014,0000000176,'','Y',2,'Y','Y','Y','Y'),
    (00000033,0000014,0000000177,'','Y',1,'Y','Y','Y','Y'),
    (00000034,0000015,0000000178,'','Y',2,'Y','Y','Y','Y'),
    (00000035,0000015,0000000179,'','Y',1,'Y','Y','Y','Y'),
    (00000036,0000016,0000000180,'','Y',2,'Y','Y','Y','Y'),
    (00000037,0000016,0000000181,'','Y',1,'Y','Y','Y','Y'),
    (00000038,0000017,0000000182,'','Y',2,'Y','Y','Y','Y'),
    (00000039,0000017,0000000183,'','Y',1,'Y','Y','Y','Y'),
    (00000040,0000018,0000000184,'','Y',1,'Y','Y','Y','Y'),
    (00000041,0000019,0000000185,'','Y',2,'Y','Y','Y','Y'),
    (00000042,0000019,0000000186,'','Y',1,'Y','Y','Y','Y'),
    (00000043,0000020,0000000187,'','Y',2,'Y','Y','Y','Y'),
    (00000044,0000020,0000000188,'','Y',1,'Y','Y','Y','Y'),
    (00000045,0000021,0000000189,'','Y',2,'Y','Y','Y','Y'),
    (00000046,0000021,0000000190,'','Y',1,'Y','Y','Y','Y'),
    (00000047,0000022,0000000191,'','Y',2,'Y','Y','Y','Y'),
    (00000048,0000022,0000000192,'','Y',1,'Y','Y','Y','Y'),
    (00000049,0000023,0000000193,'','Y',2,'Y','Y','Y','Y'),
    (00000050,0000023,0000000194,'','Y',1,'Y','Y','Y','Y'),
    (00000051,0000024,0000000195,'','Y',2,'Y','Y','Y','Y'),
    (00000052,0000024,0000000196,'','Y',1,'Y','Y','Y','Y'),
    (00000053,0000025,0000000197,'','Y',2,'Y','Y','Y','Y'),
    (00000054,0000025,0000000198,'','Y',1,'Y','Y','Y','Y'),
    (00000055,0000026,0000000199,'','Y',2,'Y','Y','Y','Y'),
    (00000056,0000026,0000000200,'','Y',1,'Y','Y','Y','Y'),
    (00000057,0000027,0000000201,'','Y',2,'Y','Y','Y','Y'),
    (00000058,0000027,0000000202,'','Y',1,'Y','Y','Y','Y'),
    (00000059,0000028,0000000203,'','Y',2,'Y','Y','Y','Y'),
    (00000060,0000028,0000000204,'','Y',1,'Y','Y','Y','Y'),
    (00000063,0000030,0000000207,'','Y',2,'Y','Y','Y','Y'),
    (00000064,0000030,0000000208,'','Y',1,'Y','Y','Y','Y'),
    (00000067,0000032,0000000211,'','Y',2,'Y','Y','Y','Y'),
    (00000068,0000032,0000000212,'','Y',1,'Y','Y','Y','Y'),
    (00000069,0000033,0000000213,'','Y',2,'Y','Y','Y','Y'),
    (00000070,0000033,0000000214,'','Y',1,'Y','Y','Y','Y'),
    (00000071,0000034,0000000215,'','Y',2,'Y','Y','Y','Y'),
    (00000072,0000034,0000000216,'','Y',1,'Y','Y','Y','Y'),
    (00000073,0000035,0000000217,'','Y',2,'Y','Y','Y','Y'),
    (00000074,0000035,0000000218,'','Y',1,'Y','Y','Y','Y'),
    (00000075,0000036,0000000219,'','Y',2,'Y','Y','Y','Y'),
    (00000076,0000036,0000000220,'','Y',1,'Y','Y','Y','Y'),
    (00000077,0000037,0000000221,'','Y',2,'Y','Y','Y','Y'),
    (00000078,0000037,0000000222,'','Y',1,'Y','Y','Y','Y'),
    (00000079,0000038,0000000226,'','Y',2,'Y','Y','Y','Y'),
    (00000080,0000038,0000000227,'','Y',1,'Y','Y','Y','Y'),
    (00000081,0000039,0000000228,'','Y',2,'Y','Y','Y','Y'),
    (00000082,0000039,0000000229,'','Y',1,'Y','Y','Y','Y'),
    (00000083,0000041,0000000230,'','Y',2,'Y','Y','Y','Y'),
    (00000084,0000041,0000000231,'','Y',1,'Y','Y','Y','Y'),
    (00000085,0000042,0000000232,'','Y',2,'Y','Y','Y','Y'),
    (00000086,0000042,0000000233,'','Y',1,'Y','Y','Y','Y'),
    (00000087,0000043,0000000234,'','Y',2,'Y','Y','Y','Y'),
    (00000088,0000043,0000000235,'','Y',1,'Y','Y','Y','Y'),
    (00000089,0000044,0000000236,'','Y',2,'Y','Y','Y','Y'),
    (00000090,0000044,0000000237,'','Y',1,'Y','Y','Y','Y'),
    (00000091,0000045,0000000238,'','Y',2,'Y','Y','Y','Y'),
    (00000092,0000045,0000000239,'','Y',1,'Y','Y','Y','Y'),
    (00000093,0000046,0000000240,'','Y',2,'Y','Y','Y','Y'),
    (00000094,0000046,0000000241,'','Y',1,'Y','Y','Y','Y'),
    (00000095,0000047,0000000242,'','Y',2,'Y','Y','Y','Y'),
    (00000096,0000047,0000000243,'','Y',1,'Y','Y','Y','Y'),
    (00000099,0000050,0000000244,'','Y',2,'Y','Y','Y','Y'),
    (00000100,0000050,0000000245,'','Y',1,'Y','Y','Y','Y'),
    (00000101,0000051,0000000246,'','Y',2,'Y','Y','Y','Y'),
    (00000102,0000051,0000000247,'','Y',1,'Y','Y','Y','Y'),
    (00000103,0000052,0000000248,'','Y',2,'Y','Y','Y','Y'),
    (00000104,0000052,0000000249,'','Y',1,'Y','Y','Y','Y'),
    (00000105,0000053,0000000250,'','Y',2,'Y','Y','Y','Y'),
    (00000106,0000053,0000000251,'','Y',1,'Y','Y','Y','Y'),
    (00000107,0000054,0000000252,'','Y',1,'Y','Y','Y','Y'),
    (00000108,0000054,0000000253,'','Y',1,'Y','Y','Y','Y'),
    (00000109,0000055,0000000254,'','Y',2,'Y','Y','Y','Y'),
    (00000110,0000055,0000000255,'','Y',1,'Y','Y','Y','Y'),
    (00000111,0000056,0000000256,'','Y',1,'Y','Y','Y','Y'),
    (00000112,0000056,0000000257,'','Y',2,'Y','Y','Y','Y'),
    (00000115,0000058,0000000261,'','Y',2,'Y','Y','Y','Y'),
    (00000116,0000058,0000000262,'','Y',1,'Y','Y','Y','Y'),
    (00000117,0000059,0000000263,'','Y',2,'Y','Y','Y','Y'),
    (00000118,0000059,0000000264,'','Y',1,'Y','Y','Y','Y'),
    (00000119,0000060,0000000265,'','Y',2,'Y','Y','Y','Y'),
    (00000120,0000060,0000000266,'','Y',1,'Y','Y','Y','Y'),
    (00000121,0000061,0000000268,'','Y',1,'Y','Y','Y','Y'),
    (00000122,0000061,0000000267,'','Y',2,'Y','Y','Y','Y'),
    (00000123,0000062,0000000269,'','Y',2,'Y','Y','Y','Y'),
    (00000124,0000062,0000000146,'','Y',1,'Y','Y','Y','Y'),
    (00000125,0000063,0000000270,'','Y',2,'Y','Y','Y','Y'),
    (00000126,0000063,0000000271,'','Y',1,'Y','Y','Y','Y'),
    (00000127,0000065,0000000272,'','Y',2,'Y','Y','Y','Y'),
    (00000128,0000065,0000000273,'','Y',1,'Y','Y','Y','Y'),
    (00000129,0000067,0000000274,'','Y',2,'Y','Y','Y','Y'),
    (00000130,0000067,0000000275,'','Y',1,'Y','Y','Y','Y'),
    (00000131,0000071,0000000276,'','Y',2,'Y','Y','Y','Y'),
    (00000132,0000071,0000000277,'','Y',1,'Y','Y','Y','Y'),
    (00000133,0000072,0000000278,'','Y',2,'Y','Y','Y','Y'),
    (00000134,0000072,0000000279,'','Y',1,'Y','Y','Y','Y'),
    (00000135,0000073,0000000280,'','Y',2,'Y','Y','Y','Y'),
    (00000136,0000073,0000000281,'','Y',1,'Y','Y','Y','Y'),
    (00000137,0000074,0000000282,'','Y',2,'Y','Y','Y','Y'),
    (00000138,0000074,0000000283,'','Y',1,'Y','Y','Y','Y'),
    (00000139,0000075,0000000284,'','Y',2,'Y','Y','Y','Y'),
    (00000140,0000075,0000000285,'','Y',1,'Y','Y','Y','Y'),
    (00000141,0000076,0000000287,'','Y',1,'Y','Y','Y','Y'),
    (00000142,0000076,0000000286,'','Y',2,'Y','Y','Y','Y'),
    (00000143,0000078,0000000288,'','Y',2,'Y','Y','Y','Y'),
    (00000144,0000078,0000000289,'','Y',1,'Y','Y','Y','Y'),
    (00000145,0000079,0000000290,'','Y',2,'Y','Y','Y','Y'),
    (00000146,0000079,0000000291,'','Y',1,'Y','Y','Y','Y'),
    (00000147,0000080,0000000292,'','Y',2,'Y','Y','Y','Y'),
    (00000148,0000080,0000000293,'','Y',1,'Y','Y','Y','Y'),
    (00000149,0000081,0000000294,'','Y',2,'Y','Y','Y','Y'),
    (00000150,0000081,0000000295,'','Y',1,'Y','Y','Y','Y'),
    (00000151,0000082,0000000296,'','Y',2,'Y','Y','Y','Y'),
    (00000152,0000082,0000000297,'','Y',1,'Y','Y','Y','Y'),
    (00000153,0000083,0000000298,'','Y',1,'Y','Y','Y','Y'),
    (00000154,0000083,0000000299,'','Y',1,'Y','Y','Y','Y'),
    (00000155,0000084,0000000300,'','Y',2,'Y','Y','Y','Y'),
    (00000156,0000084,0000000301,'','Y',1,'Y','Y','Y','Y'),
    (00000157,0000085,0000000303,'','Y',1,'Y','Y','Y','Y'),
    (00000158,0000085,0000000302,'','Y',2,'Y','Y','Y','Y'),
    (00000161,0000087,0000000306,'','Y',2,'Y','Y','Y','Y'),
    (00000162,0000087,0000000307,'','Y',1,'Y','Y','Y','Y'),
    (00000163,0000088,0000000124,'','Y',1,'Y','Y','Y','Y'),
    (00000164,0000089,0000000308,'','Y',2,'Y','Y','Y','Y'),
    (00000165,0000089,0000000309,'','Y',1,'Y','Y','Y','Y'),
    (00000166,0000090,0000000310,'','Y',2,'Y','Y','Y','Y'),
    (00000167,0000090,0000000311,'','Y',1,'Y','Y','Y','Y'),
    (00000168,0000091,0000000312,'','Y',1,'Y','Y','Y','Y'),
    (00000169,0000092,0000000313,'','Y',2,'Y','Y','Y','Y'),
    (00000170,0000092,0000000314,'','Y',1,'Y','Y','Y','Y'),
    (00000171,0000077,0000000315,'','Y',2,'Y','Y','Y','Y'),
    (00000172,0000077,0000000316,'','Y',1,'Y','Y','Y','Y'),
    (00000173,0000093,0000000317,'','Y',2,'Y','Y','Y','Y'),
    (00000174,0000093,0000000318,'','Y',1,'Y','Y','Y','Y'),
    (00000177,0000095,0000000321,'','Y',2,'Y','Y','Y','Y'),
    (00000178,0000095,0000000322,'','Y',1,'Y','Y','Y','Y'),
    (00000179,0000096,0000000323,'','Y',2,'Y','Y','Y','Y'),
    (00000180,0000096,0000000324,'','Y',1,'Y','Y','Y','Y'),
    (00000181,0000097,0000000325,'','Y',2,'Y','Y','Y','Y'),
    (00000182,0000097,0000000326,'','Y',1,'Y','Y','Y','Y'),
    (00000183,0000098,0000000328,'','Y',1,'Y','Y','Y','Y'),
    (00000184,0000098,0000000327,'','Y',2,'Y','Y','Y','Y'),
    (00000185,0000099,0000000330,'','Y',1,'Y','Y','Y','Y'),
    (00000186,0000099,0000000329,'','Y',2,'Y','Y','Y','Y'),
    (00000189,0000101,0000000333,'','Y',2,'Y','Y','Y','Y'),
    (00000190,0000101,0000000334,'','Y',1,'Y','Y','Y','Y'),
    (00000191,0000102,0000000335,'','Y',2,'Y','Y','Y','Y'),
    (00000192,0000102,0000000336,'','Y',1,'Y','Y','Y','Y'),
    (00000193,0000103,0000000337,'','Y',2,'Y','Y','Y','Y'),
    (00000194,0000103,0000000338,'','Y',1,'Y','Y','Y','Y'),
    (00000195,0000105,0000000339,'','Y',2,'Y','Y','Y','Y'),
    (00000196,0000105,0000000340,'','Y',1,'Y','Y','Y','Y'),
    (00000197,0000106,0000000341,'','Y',2,'Y','Y','Y','Y'),
    (00000198,0000106,0000000342,'','Y',1,'Y','Y','Y','Y'),
    (00000199,0000107,0000000343,'','Y',2,'Y','Y','Y','Y'),
    (00000200,0000107,0000000344,'','Y',1,'Y','Y','Y','Y'),
    (00000201,0000108,0000000346,'','Y',2,'Y','Y','Y','Y'),
    (00000202,0000108,0000000347,'','Y',1,'Y','Y','Y','Y'),
    (00000203,0000011,0000000170,'','Y',2,'Y','Y','Y','Y'),
    (00000204,0000011,0000000171,'','Y',1,'Y','Y','Y','Y'),
    (00000205,0000109,0000000331,'','Y',2,'Y','Y','Y','Y'),
    (00000206,0000109,0000000332,'','Y',1,'Y','Y','Y','Y'),
    (00000207,0000110,0000000355,'','Y',2,'Y','Y','Y','Y'),
    (00000208,0000110,0000000356,'','Y',1,'Y','Y','Y','Y'),
    (00000209,0000111,0000000224,'','Y',1,'Y','Y','Y','Y'),
    (00000210,0000111,0000000225,'','Y',1,'Y','Y','Y','Y'),
    (00000211,0000112,0000000357,'','Y',2,'Y','Y','Y','Y'),
    (00000212,0000112,0000000358,'','Y',1,'Y','Y','Y','Y'),
    (00000213,0000114,0000000359,'','Y',2,'Y','Y','Y','Y'),
    (00000214,0000114,0000000360,'','Y',1,'Y','Y','Y','Y'),
    (00000215,0000116,0000000362,'','Y',2,'Y','Y','Y','Y'),
    (00000216,0000116,0000000363,'','Y',1,'Y','Y','Y','Y'),
    (00000218,0000117,0000000367,'','Y',1,'Y','Y','Y','Y'),
    (00000219,0000117,0000000366,'','Y',2,'Y','Y','Y','Y'),
    (00000220,0000118,0000000369,'','Y',1,'Y','Y','Y','Y'),
    (00000221,0000118,0000000368,'','Y',2,'Y','Y','Y','Y'),
    (00000222,0000121,0000000383,'','Y',1,'Y','Y','Y','Y'),
    (00000223,0000121,0000000384,'','Y',2,'Y','Y','Y','Y'),
    (00000226,0000123,0000000392,'','Y',2,'Y','Y','Y','Y'),
    (00000227,0000123,0000000391,'','Y',1,'Y','Y','Y','Y'),
    (00000230,0000124,0000000394,'','Y',1,'Y','Y','Y','Y'),
    (00000231,0000125,0000000410,'','Y',2,'Y','Y','Y','Y'),
    (00000232,0000125,0000000409,'','Y',1,'Y','Y','Y','Y'),
    (00000233,0000126,0000000402,'','Y',1,'Y','Y','Y','Y'),
    (00000234,0000128,0000000407,'','Y',1,'Y','Y','Y','Y'),
    (00000235,0000128,0000000404,'','Y',2,'Y','Y','Y','Y'),
    (00000236,0000129,0000000408,'','Y',1,'Y','Y','Y','Y'),
    (00000237,0000129,0000000406,'','Y',2,'Y','Y','Y','Y'),
    (00000238,0000130,0000000400,'','Y',1,'Y','Y','Y','Y'),
    (00000239,0000130,0000000401,'','Y',2,'Y','Y','Y','Y'),
    (00000240,0000131,0000000397,'','Y',1,'Y','Y','Y','Y'),
    (00000241,0000131,0000000398,'','Y',2,'Y','Y','Y','Y'),
    (00000242,0000124,0000000395,'','Y',2,'Y','Y','Y','Y'),
    (00000243,0000132,0000000414,'','Y',2,'Y','Y','Y','Y'),
    (00000244,0000132,0000000415,'','Y',1,'Y','Y','Y','Y'),
    (00000247,0000134,0000000421,'','Y',1,'Y','Y','Y','Y'),
    (00000248,0000134,0000000422,'','Y',2,'Y','Y','Y','Y'),
    (00000249,0000135,0000000425,'','Y',2,'Y','Y','Y','Y'),
    (00000250,0000135,0000000424,'','Y',1,'Y','Y','Y','Y'),
    (00000253,0000137,0000000431,'','Y',1,'Y','Y','Y','Y'),
    (00000254,0000137,0000000430,'','Y',2,'Y','Y','Y','Y'),
    (00000255,0000138,0000000433,'','Y',1,'Y','Y','Y','Y'),
    (00000256,0000138,0000000434,'','Y',2,'Y','Y','Y','Y'),
    (00000257,0000139,0000000436,'','Y',2,'Y','Y','Y','Y'),
    (00000258,0000139,0000000437,'','Y',1,'Y','Y','Y','Y'),
    (00000259,0000140,0000000439,'','Y',1,'Y','Y','Y','Y'),
    (00000260,0000140,0000000440,'','Y',2,'Y','Y','Y','Y'),
    (00000261,0000141,0000000442,'','Y',2,'Y','Y','Y','Y'),
    (00000262,0000141,0000000441,'','Y',1,'Y','Y','Y','Y'),
    (00000263,0000141,0000000444,'','Y',1,'Y','Y','Y','Y'),
    (00000264,0000142,0000000446,'','Y',2,'Y','Y','Y','Y'),
    (00000265,0000142,0000000447,'','Y',1,'Y','Y','Y','Y'),
    (00000266,0000143,0000000449,'','Y',2,'Y','Y','Y','Y'),
    (00000267,0000143,0000000450,'','Y',1,'Y','Y','Y','Y'),
    (00000268,0000145,0000000451,'','Y',1,'Y','Y','Y','Y'),
    (00000269,0000145,0000000453,'','Y',2,'Y','Y','Y','Y'),
    (00000270,0000146,0000000455,'','Y',2,'Y','Y','Y','Y'),
    (00000271,0000146,0000000456,'','Y',1,'Y','Y','Y','Y'),
    (00000272,0000147,0000000458,'','Y',2,'Y','Y','Y','Y'),
    (00000273,0000147,0000000460,'','Y',1,'Y','Y','Y','Y'),
    (00000274,0000148,0000000463,'','Y',1,'Y','Y','Y','Y'),
    (00000275,0000148,0000000462,'','Y',2,'Y','Y','Y','Y'),
    (00000276,0000149,0000000465,'','Y',2,'Y','Y','Y','Y'),
    (00000277,0000149,0000000466,'','Y',1,'Y','Y','Y','Y'),
    (00000278,0000150,0000000468,'','Y',2,'Y','Y','Y','Y'),
    (00000279,0000150,0000000469,'','Y',1,'Y','Y','Y','Y'),
    (00000280,0000151,0000000472,'','Y',1,'Y','Y','Y','Y'),
    (00000281,0000151,0000000471,'','Y',2,'Y','Y','Y','Y'),
    (00000282,0000152,0000000476,'','Y',1,'Y','Y','Y','Y'),
    (00000283,0000152,0000000475,'','Y',2,'Y','Y','Y','Y'),
    (00000284,0000153,0000000479,'','Y',1,'Y','Y','Y','Y'),
    (00000285,0000153,0000000478,'','Y',2,'Y','Y','Y','Y'),
    (00000286,0000154,0000000481,'','Y',2,'Y','Y','Y','Y'),
    (00000287,0000154,0000000482,'','Y',1,'Y','Y','Y','Y'),
    (00000288,0000155,0000000485,'','Y',1,'Y','Y','Y','Y'),
    (00000289,0000155,0000000484,'','Y',2,'Y','Y','Y','Y'),
    (00000290,0000156,0000000488,'','Y',1,'Y','Y','Y','Y'),
    (00000291,0000156,0000000487,'','Y',2,'Y','Y','Y','Y'),
    (00000292,0000157,0000000491,'','Y',1,'Y','Y','Y','Y'),
    (00000293,0000157,0000000490,'','Y',2,'Y','Y','Y','Y'),
    (00000294,0000158,0000000494,'','Y',2,'Y','Y','Y','Y'),
    (00000295,0000158,0000000495,'','Y',1,'Y','Y','Y','Y'),
    (00000296,0000159,0000000497,'','Y',1,'Y','Y','Y','Y'),
    (00000297,0000160,0000000500,'','Y',2,'Y','Y','Y','Y'),
    (00000298,0000160,0000000499,'','Y',1,'Y','Y','Y','Y'),
    (00000299,0000161,0000000502,'','Y',2,'Y','Y','Y','Y'),
    (00000300,0000161,0000000503,'','Y',1,'Y','Y','Y','Y'),
    (00000301,0000162,0000000507,'','Y',2,'Y','Y','Y','Y'),
    (00000302,0000162,0000000508,'','Y',1,'Y','Y','Y','Y'),
    (00000303,0000163,0000000511,'','Y',1,'Y','Y','Y','Y'),
    (00000304,0000163,0000000510,'','Y',2,'Y','Y','Y','Y'),
    (00000305,0000164,0000000516,'','Y',2,'Y','Y','Y','Y'),
    (00000306,0000164,0000000517,'','Y',1,'Y','Y','Y','Y'),
    (00000307,0000165,0000000520,'','Y',1,'Y','Y','Y','Y'),
    (00000308,0000165,0000000519,'','Y',2,'Y','Y','Y','Y'),
    (00000309,0000166,0000000522,'','Y',2,'Y','Y','Y','Y'),
    (00000310,0000166,0000000523,'','Y',1,'Y','Y','Y','Y'),
    (00000311,0000167,0000000526,'','Y',1,'Y','Y','Y','Y'),
    (00000312,0000167,0000000525,'','Y',2,'Y','Y','Y','Y'),
    (00000313,0000168,0000000529,'','Y',1,'Y','Y','Y','Y'),
    (00000314,0000168,0000000528,'','Y',2,'Y','Y','Y','Y'),
    (00000315,0000169,0000000531,'','Y',2,'Y','Y','Y','Y'),
    (00000316,0000169,0000000532,'','Y',1,'Y','Y','Y','Y'),
    (00000317,0000170,0000000534,'','Y',2,'Y','Y','Y','Y'),
    (00000318,0000170,0000000535,'','Y',1,'Y','Y','Y','Y'),
    (00000319,0000171,0000000537,'','Y',2,'Y','Y','Y','Y'),
    (00000320,0000171,0000000538,'','Y',1,'Y','Y','Y','Y'),
    (00000321,0000172,0000000541,'','Y',1,'Y','Y','Y','Y'),
    (00000322,0000172,0000000542,'','Y',2,'Y','Y','Y','Y'),
    (00000323,0000173,0000000544,'','Y',2,'Y','Y','Y','Y'),
    (00000324,0000173,0000000545,'','Y',1,'Y','Y','Y','Y'),
    (00000325,0000174,0000000548,'','Y',1,'Y','Y','Y','Y'),
    (00000326,0000174,0000000547,'','Y',2,'Y','Y','Y','Y'),
    (00000327,0000175,0000000550,'','Y',2,'Y','Y','Y','Y'),
    (00000328,0000175,0000000551,'','Y',1,'Y','Y','Y','Y'),
    (00000329,0000176,0000000554,'','Y',1,'Y','Y','Y','Y'),
    (00000330,0000176,0000000553,'','Y',2,'Y','Y','Y','Y'),
    (00000331,0000177,0000000556,'','Y',2,'Y','Y','Y','Y'),
    (00000332,0000177,0000000557,'','Y',1,'Y','Y','Y','Y'),
    (00000333,0000178,0000000560,'','Y',1,'Y','Y','Y','Y'),
    (00000334,0000178,0000000559,'','Y',2,'Y','Y','Y','Y'),
    (00000335,0000179,0000000562,'','Y',2,'Y','Y','Y','Y'),
    (00000336,0000179,0000000563,'','Y',1,'Y','Y','Y','Y'),
    (00000337,0000180,0000000427,'','Y',1,'Y','Y','Y','Y'),
    (00000338,0000180,0000000428,'','Y',2,'Y','Y','Y','Y'),
    (00000339,0000181,0000000570,'','Y',2,'Y','Y','Y','Y'),
    (00000340,0000181,0000000571,'','Y',1,'Y','Y','Y','Y'),
    (00000341,0000182,0000000572,'','Y',2,'Y','Y','Y','Y'),
    (00000342,0000182,0000000573,'','Y',1,'Y','Y','Y','Y'),
    (00000343,0000057,0000000575,'','Y',2,'Y','Y','Y','Y'),
    (00000344,0000057,0000000576,'','Y',1,'Y','Y','Y','Y'),
    (00000345,0000185,0000000151,'','Y',1,'Y','Y','Y','Y'),
    (00000347,0000185,0000000578,'','Y',2,'Y','Y','Y','Y'),
    (00000348,0000187,0000000583,'','Y',2,'Y','Y','Y','Y'),
    (00000349,0000188,0000000587,'','Y',2,'Y','Y','Y','Y'),
    (00000350,0000188,0000000586,'','Y',1,'Y','Y','Y','Y'),
    (00000351,0000187,0000000588,'','Y',1,'Y','Y','Y','Y'),
    (00000352,0000189,0000000121,'','Y',1,'Y','Y','Y','Y'),
    (00000353,0000200,0000000618,'','Y',2,'Y','Y','Y','Y'),
    (00000355,0000195,0000000620,'','Y',2,'Y','Y','Y','Y'),
    (00000356,0000195,0000000621,'','Y',1,'Y','Y','Y','Y'),
    (00000357,0000200,0000000619,'','Y',1,'Y','Y','Y','Y'),
    (00000358,0000190,0000000594,'','Y',2,'Y','Y','Y','Y'),
    (00000359,0000190,0000000595,'','Y',2,'Y','Y','Y','Y'),
    (00000360,0000198,0000000613,'','Y',2,'Y','Y','Y','Y'),
    (00000361,0000198,0000000612,'','Y',1,'Y','Y','Y','Y'),
    (00000362,0000196,0000000140,'','Y',1,'Y','Y','Y','Y'),
    (00000363,0000196,0000000608,'','Y',2,'Y','Y','Y','Y'),
    (00000364,0000197,0000000610,'','Y',1,'Y','Y','Y','Y'),
    (00000365,0000191,0000000598,'','Y',2,'Y','Y','Y','Y'),
    (00000366,0000191,0000000597,'','Y',1,'Y','Y','Y','Y'),
    (00000367,0000199,0000000616,'','Y',2,'Y','Y','Y','Y'),
    (00000368,0000199,0000000615,'','Y',1,'Y','Y','Y','Y'),
    (00000369,0000194,0000000603,'','Y',1,'Y','Y','Y','Y'),
    (00000370,0000194,0000000604,'','Y',1,'Y','Y','Y','Y'),
    (00000371,0000193,0000000623,'','Y',2,'Y','Y','Y','Y'),
    (00000372,0000193,0000000624,'','Y',1,'Y','Y','Y','Y'),
    (00000373,0000202,0000000630,'','Y',1,'Y','Y','Y','Y'),
    (00000374,0000202,0000000631,'','Y',2,'Y','Y','Y','Y'),
    (00000375,0000204,0000000637,'','Y',2,'Y','Y','Y','Y'),
    (00000376,0000204,0000000636,'','Y',1,'Y','Y','Y','Y'),
    (00000377,0000205,0000000639,'','Y',1,'Y','Y','Y','Y'),
    (00000378,0000206,0000000642,'','Y',2,'Y','Y','Y','Y'),
    (00000379,0000206,0000000641,'','Y',1,'Y','Y','Y','Y'),
    (00000380,0000201,0000000626,'','Y',2,'Y','Y','Y','Y'),
    (00000381,0000201,0000000627,'','Y',2,'Y','Y','Y','Y'),
    (00000382,0000223,0000000691,'','Y',1,'Y','Y','Y','Y'),
    (00000383,0000223,0000000692,'','Y',2,'Y','Y','Y','Y'),
    (00000384,0000207,0000000644,'','Y',2,'Y','Y','Y','Y'),
    (00000385,0000207,0000000645,'','Y',2,'Y','Y','Y','Y'),
    (00000387,0000208,0000000648,'','Y',1,'Y','Y','Y','Y'),
    (00000388,0000208,0000000647,'','Y',1,'Y','Y','Y','Y'),
    (00000391,0000210,0000000654,'','Y',2,'Y','Y','Y','Y'),
    (00000392,0000210,0000000653,'','Y',1,'Y','Y','Y','Y'),
    (00000393,0000211,0000000657,'','Y',2,'Y','Y','Y','Y'),
    (00000394,0000211,0000000656,'','Y',1,'Y','Y','Y','Y'),
    (00000395,0000212,0000000660,'','Y',2,'Y','Y','Y','Y'),
    (00000396,0000212,0000000659,'','Y',1,'Y','Y','Y','Y'),
    (00000397,0000213,0000000663,'','Y',2,'Y','Y','Y','Y'),
    (00000398,0000214,0000000665,'','Y',1,'Y','Y','Y','Y'),
    (00000399,0000214,0000000666,'','Y',2,'Y','Y','Y','Y'),
    (00000400,0000215,0000000669,'','Y',2,'Y','Y','Y','Y'),
    (00000401,0000215,0000000668,'','Y',1,'Y','Y','Y','Y'),
    (00000402,0000216,0000000672,'','Y',2,'Y','Y','Y','Y'),
    (00000403,0000216,0000000671,'','Y',1,'Y','Y','Y','Y'),
    (00000404,0000221,0000000685,'','Y',1,'Y','Y','Y','Y'),
    (00000405,0000222,0000000688,'','Y',1,'Y','Y','Y','Y'),
    (00000406,0000222,0000000687,'','Y',1,'Y','Y','Y','Y'),
    (00000407,0000224,0000000695,'','Y',1,'Y','Y','Y','Y'),
    (00000408,0000224,0000000694,'','Y',1,'Y','Y','Y','Y'),
    (00000409,0000225,0000000697,'','Y',1,'Y','Y','Y','Y'),
    (00000410,0000225,0000000698,'','Y',2,'Y','Y','Y','Y'),
    (00000411,0000227,0000000703,'','Y',1,'Y','Y','Y','Y'),
    (00000412,0000227,0000000704,'','Y',2,'Y','Y','Y','Y'),
    (00000413,0000228,0000000706,'','Y',1,'Y','Y','Y','Y'),
    (00000414,0000228,0000000707,'','Y',1,'Y','Y','Y','Y'),
    (00000415,0000229,0000000709,'','Y',1,'Y','Y','Y','Y'),
    (00000416,0000229,0000000710,'','Y',2,'Y','Y','Y','Y'),
    (00000417,0000230,0000000712,'','Y',2,'Y','Y','Y','Y'),
    (00000418,0000230,0000000713,'','Y',1,'Y','Y','Y','Y'),
    (00000419,0000231,0000000715,'','Y',1,'Y','Y','Y','Y'),
    (00000420,0000232,0000000717,'','Y',1,'Y','Y','Y','Y'),
    (00000421,0000232,0000000718,'','Y',2,'Y','Y','Y','Y'),
    (00000424,0000234,0000000723,'','Y',1,'Y','Y','Y','Y'),
    (00000425,0000234,0000000724,'','Y',1,'Y','Y','Y','Y'),
    (00000426,0000235,0000000726,'','Y',2,'Y','Y','Y','Y'),
    (00000427,0000235,0000000727,'','Y',1,'Y','Y','Y','Y'),
    (00000428,0000236,0000000729,'','Y',1,'Y','Y','Y','Y'),
    (00000429,0000236,0000000730,'','Y',2,'Y','Y','Y','Y'),
    (00000430,0000237,0000000732,'','Y',1,'Y','Y','Y','Y'),
    (00000431,0000237,0000000733,'','Y',1,'Y','Y','Y','Y'),
    (00000432,0000238,0000000735,'','Y',1,'Y','Y','Y','Y'),
    (00000433,0000238,0000000736,'','Y',1,'Y','Y','Y','Y'),
    (00000434,0000239,0000000738,'','Y',1,'Y','Y','Y','Y'),
    (00000435,0000239,0000000739,'','Y',2,'Y','Y','Y','Y'),
    (00000436,0000240,0000000741,'','Y',1,'Y','Y','Y','Y'),
    (00000437,0000241,0000000743,'','Y',2,'Y','Y','Y','Y'),
    (00000438,0000241,0000000744,'','Y',1,'Y','Y','Y','Y'),
    (00000443,0000244,0000000752,'','Y',1,'Y','Y','Y','Y'),
    (00000444,0000244,0000000753,'','Y',2,'Y','Y','Y','Y'),
    (00000447,0000246,0000000758,'','Y',1,'Y','Y','Y','Y'),
    (00000448,0000246,0000000759,'','Y',2,'Y','Y','Y','Y'),
    (00000449,0000247,0000000761,'','Y',1,'Y','Y','Y','Y'),
    (00000450,0000247,0000000762,'','Y',2,'Y','Y','Y','Y'),
    (00000451,0000248,0000000764,'','Y',2,'Y','Y','Y','Y'),
    (00000452,0000248,0000000765,'','Y',1,'Y','Y','Y','Y'),
    (00000453,0000249,0000000767,'','Y',2,'Y','Y','Y','Y'),
    (00000454,0000249,0000000768,'','Y',1,'Y','Y','Y','Y'),
    (00000455,0000250,0000000777,'','Y',2,'Y','Y','Y','Y'),
    (00000456,0000250,0000000778,'','Y',1,'Y','Y','Y','Y'),
    (00000457,0000251,0000000780,'','Y',1,'Y','Y','Y','Y'),
    (00000458,0000252,0000000782,'','Y',1,'Y','Y','Y','Y'),
    (00000459,0000252,0000000783,'','Y',2,'Y','Y','Y','Y'),
    (00000460,0000253,0000000785,'','Y',1,'Y','Y','Y','Y'),
    (00000461,0000253,0000000786,'','Y',2,'Y','Y','Y','Y'),
    (00000462,0000254,0000000788,'','Y',2,'Y','Y','Y','Y'),
    (00000463,0000254,0000000789,'','Y',1,'Y','Y','Y','Y'),
    (00000466,0000256,0000000794,'','Y',1,'Y','Y','Y','Y'),
    (00000467,0000256,0000000795,'','Y',2,'Y','Y','Y','Y'),
    (00000468,0000257,0000000797,'','Y',3,'Y','Y','Y','Y'),
    (00000469,0000257,0000000798,'','Y',1,'Y','Y','Y','Y'),
    (00000470,0000258,0000000800,'','Y',1,'Y','Y','Y','Y'),
    (00000472,0000259,0000000803,'','Y',2,'Y','Y','Y','Y'),
    (00000473,0000259,0000000804,'','Y',2,'Y','Y','Y','Y'),
    (00000474,0000260,0000000806,'','Y',1,'Y','Y','Y','Y'),
    (00000475,0000260,0000000807,'','Y',2,'Y','Y','Y','Y'),
    (00000476,0000261,0000000809,'','Y',1,'Y','Y','Y','Y'),
    (00000477,0000262,0000000815,'','Y',2,'Y','Y','Y','Y'),
    (00000478,0000262,0000000816,'','Y',1,'Y','Y','Y','Y'),
    (00000479,0000258,0000000801,'','Y',1,'Y','Y','Y','Y'),
    (00000480,0000263,0000000818,'','Y',1,'Y','Y','Y','Y'),
    (00000481,0000263,0000000819,'','Y',2,'Y','Y','Y','Y'),
    (00000482,0000264,0000000821,'','Y',2,'Y','Y','Y','Y'),
    (00000483,0000264,0000000822,'','Y',1,'Y','Y','Y','Y'),
    (00000486,0000265,0000000827,'','Y',2,'Y','Y','Y','Y'),
    (00000487,0000265,0000000828,'','Y',1,'Y','Y','Y','Y'),
    (00000488,0000267,0000000825,'','Y',2,'Y','Y','Y','Y'),
    (00000489,0000267,0000000600,'','Y',1,'Y','Y','Y','Y'),
    (00000490,0000268,0000000830,'','Y',1,'Y','Y','Y','Y'),
    (00000491,0000269,0000000833,'','Y',1,'Y','Y','Y','Y'),
    (00000492,0000269,0000000834,'','Y',2,'Y','Y','Y','Y'),
    (00000493,0000213,0000000835,'','Y',1,'Y','Y','Y','Y'),
    (00000494,0000270,0000000837,'','Y',2,'Y','Y','Y','Y'),
    (00000495,0000270,0000000838,'','Y',1,'Y','Y','Y','Y'),
    (00000496,0000271,0000000842,'','Y',1,'Y','Y','Y','Y'),
    (00000497,0000272,0000000844,'','Y',2,'Y','Y','Y','Y'),
    (00000498,0000272,0000000845,'','Y',1,'Y','Y','Y','Y'),
    (00000499,0000273,0000000847,'','Y',1,'Y','Y','Y','Y'),
    (00000500,0000273,0000000848,'','Y',2,'Y','Y','Y','Y'),
    (00000501,0000274,0000000850,'','Y',1,'Y','Y','Y','Y'),
    (00000502,0000274,0000000851,'','Y',2,'Y','Y','Y','Y'),
    (00000503,0000275,0000000853,'','Y',2,'Y','Y','Y','Y'),
    (00000504,0000275,0000000854,'','Y',1,'Y','Y','Y','Y'),
    (00000505,0000276,0000000856,'','Y',1,'Y','Y','Y','Y'),
    (00000506,0000201,0000000858,'','Y',1,'Y','Y','Y','Y'),
    (00000509,0000279,0000000864,'','Y',1,'Y','Y','Y','Y'),
    (00000510,0000279,0000000865,'','Y',2,'Y','Y','Y','Y'),
    (00000513,0000282,0000000877,'','Y',2,'Y','Y','Y','Y'),
    (00000514,0000282,0000000878,'','Y',1,'Y','Y','Y','Y'),
    (00000515,0000283,0000000881,'','Y',1,'Y','Y','Y','Y'),
    (00000516,0000283,0000000882,'','Y',2,'Y','Y','Y','Y'),
    (00000517,0000284,0000000884,'','Y',1,'Y','Y','Y','Y'),
    (00000518,0000285,0000000886,'','Y',1,'Y','Y','Y','Y'),
    (00000519,0000285,0000000887,'','Y',2,'Y','Y','Y','Y'),
    (00000521,0000287,0000000892,'','Y',1,'Y','Y','Y','Y'),
    (00000522,0000287,0000000893,'','Y',2,'Y','Y','Y','Y'),
    (00000523,0000288,0000000895,'','Y',1,'Y','Y','Y','Y'),
    (00000524,0000288,0000000896,'','Y',2,'Y','Y','Y','Y'),
    (00000525,0000289,0000000898,'','Y',1,'Y','Y','Y','Y'),
    (00000530,0000292,0000000906,'','Y',2,'Y','Y','Y','Y'),
    (00000531,0000293,0000000908,'','Y',1,'Y','Y','Y','Y'),
    (00000532,0000293,0000000909,'','Y',2,'Y','Y','Y','Y'),
    (00000533,0000294,0000000911,'','Y',2,'Y','Y','Y','Y'),
    (00000534,0000294,0000000912,'','Y',1,'Y','Y','Y','Y'),
    (00000535,0000295,0000000914,'','Y',1,'Y','Y','Y','Y'),
    (00000536,0000295,0000000915,'','Y',2,'Y','Y','Y','Y'),
    (00000537,0000296,0000000917,'','Y',2,'Y','Y','Y','Y'),
    (00000538,0000296,0000000918,'','Y',1,'Y','Y','Y','Y'),
    (00000539,0000297,0000000920,'','Y',2,'Y','Y','Y','Y'),
    (00000540,0000297,0000000921,'','Y',1,'Y','Y','Y','Y'),
    (00000541,0000298,0000000923,'','Y',1,'Y','Y','Y','Y'),
    (00000542,0000298,0000000924,'','Y',2,'Y','Y','Y','Y'),
    (00000543,0000299,0000000927,'','Y',1,'Y','Y','Y','Y'),
    (00000544,0000300,0000000929,'','Y',2,'Y','Y','Y','Y'),
    (00000545,0000300,0000000930,'','Y',1,'Y','Y','Y','Y'),
    (00000550,0000303,0000000939,'','Y',1,'Y','Y','Y','Y'),
    (00000551,0000303,0000000940,'','Y',2,'Y','Y','Y','Y'),
    (00000552,0000304,0000000942,'','Y',1,'Y','Y','Y','Y'),
    (00000553,0000304,0000000943,'','Y',2,'Y','Y','Y','Y'),
    (00000554,0000305,0000000945,'','Y',1,'Y','Y','Y','Y'),
    (00000555,0000305,0000000946,'','Y',2,'Y','Y','Y','Y'),
    (00000558,0000307,0000000951,'','Y',1,'Y','Y','Y','Y'),
    (00000559,0000307,0000000952,'','Y',2,'Y','Y','Y','Y'),
    (00000560,0000308,0000000954,'','Y',2,'Y','Y','Y','Y'),
    (00000561,0000309,0000000956,'','Y',1,'Y','Y','Y','Y'),
    (00000562,0000309,0000000957,'','Y',2,'Y','Y','Y','Y'),
    (00000563,0000310,0000000959,'','Y',1,'Y','Y','Y','Y'),
    (00000564,0000310,0000000960,'','Y',2,'Y','Y','Y','Y'),
    (00000567,0000312,0000000965,'','Y',1,'Y','Y','Y','Y'),
    (00000568,0000312,0000000966,'','Y',2,'Y','Y','Y','Y'),
    (00000569,0000313,0000000968,'','Y',1,'Y','Y','Y','Y'),
    (00000570,0000313,0000000969,'','Y',2,'Y','Y','Y','Y'),
    (00000571,0000314,0000000972,'','Y',2,'Y','Y','Y','Y'),
    (00000572,0000314,0000000973,'','Y',1,'Y','Y','Y','Y'),
    (00000573,0000315,0000000975,'','Y',1,'Y','Y','Y','Y'),
    (00000574,0000315,0000000976,'','Y',2,'Y','Y','Y','Y'),
    (00000575,0000316,0000000978,'','Y',2,'Y','Y','Y','Y'),
    (00000576,0000316,0000000979,'','Y',1,'Y','Y','Y','Y'),
    (00000577,0000317,0000000981,'','Y',1,'Y','Y','Y','Y'),
    (00000578,0000317,0000000982,'','Y',2,'Y','Y','Y','Y'),
    (00000579,0000318,0000000984,'','Y',1,'Y','Y','Y','Y'),
    (00000580,0000318,0000000985,'','Y',2,'Y','Y','Y','Y'),
    (00000582,0000320,0000000990,'','Y',1,'Y','Y','Y','Y'),
    (00000583,0000320,0000000991,'','Y',2,'Y','Y','Y','Y'),
    (00000584,0000321,0000000993,'','Y',1,'Y','Y','Y','Y'),
    (00000585,0000322,0000000995,'','Y',1,'Y','Y','Y','Y'),
    (00000586,0000322,0000000996,'','Y',2,'Y','Y','Y','Y'),
    (00000591,0000325,0000001004,'','Y',1,'Y','Y','Y','Y'),
    (00000592,0000325,0000001005,'','Y',2,'Y','Y','Y','Y'),
    (00000593,0000326,0000001007,'','Y',1,'Y','Y','Y','Y'),
    (00000594,0000327,0000001009,'','Y',1,'Y','Y','Y','Y'),
    (00000595,0000327,0000001010,'','Y',2,'Y','Y','Y','Y'),
    (00000596,0000328,0000001012,'','Y',1,'Y','Y','Y','Y'),
    (00000597,0000328,0000001013,'','Y',1,'Y','Y','Y','Y'),
    (00000598,0000329,0000001015,'','Y',1,'Y','Y','Y','Y'),
    (00000599,0000330,0000001017,'','Y',1,'Y','Y','Y','Y'),
    (00000600,0000330,0000001018,'','Y',2,'Y','Y','Y','Y'),
    (00000601,0000331,0000001020,'','Y',1,'Y','Y','Y','Y'),
    (00000602,0000331,0000001021,'','Y',2,'Y','Y','Y','Y'),
    (00000603,0000332,0000001023,'','Y',1,'Y','Y','Y','Y'),
    (00000604,0000332,0000001024,'','Y',2,'Y','Y','Y','Y'),
    (00000605,0000333,0000001026,'','Y',1,'Y','Y','Y','Y'),
    (00000606,0000333,0000001027,'','Y',2,'Y','Y','Y','Y'),
    (00000607,0000334,0000001029,'','Y',1,'Y','Y','Y','Y'),
    (00000608,0000334,0000001030,'','Y',2,'Y','Y','Y','Y'),
    (00000609,0000335,0000001032,'','Y',1,'Y','Y','Y','Y'),
    (00000610,0000335,0000001033,'','Y',2,'Y','Y','Y','Y'),
    (00000611,0000336,0000001035,'','Y',1,'Y','Y','Y','Y'),
    (00000612,0000336,0000001036,'','Y',2,'Y','Y','Y','Y'),
    (00000613,0000321,0000001037,'','Y',2,'Y','Y','Y','Y'),
    (00000614,0000326,0000001038,'','Y',2,'Y','Y','Y','Y'),
    (00000615,0000337,0000001040,'','Y',2,'Y','Y','Y','Y'),
    (00000616,0000337,0000000373,'','Y',1,'Y','Y','Y','Y'),
    (00000617,0000338,0000001042,'','Y',2,'Y','Y','Y','Y'),
    (00000618,0000338,0000001043,'','Y',1,'Y','Y','Y','Y'),
    (00000619,0000339,0000001045,'','Y',2,'Y','Y','Y','Y'),
    (00000620,0000339,0000001046,'','Y',1,'Y','Y','Y','Y'),
    (00000621,0000340,0000001048,'','Y',1,'Y','Y','Y','Y'),
    (00000622,0000340,0000001049,'','Y',2,'Y','Y','Y','Y'),
    (00000623,0000341,0000001051,'','Y',1,'Y','Y','Y','Y'),
    (00000624,0000341,0000001052,'','Y',2,'Y','Y','Y','Y'),
    (00000625,0000342,0000001059,'','Y',1,'Y','Y','Y','Y'),
    (00000626,0000342,0000001060,'','Y',2,'Y','Y','Y','Y'),
    (00000629,0000344,0000001065,'','Y',1,'Y','Y','Y','Y'),
    (00000630,0000345,0000001067,'','Y',1,'Y','Y','Y','Y'),
    (00000631,0000345,0000001068,'','Y',2,'Y','Y','Y','Y'),
    (00000632,0000346,0000001070,'','Y',2,'Y','Y','Y','Y'),
    (00000633,0000346,0000001071,'','Y',2,'Y','Y','Y','Y'),
    (00000634,0000347,0000001073,'','Y',2,'Y','Y','Y','Y'),
    (00000635,0000347,0000001074,'','Y',1,'Y','Y','Y','Y'),
    (00000636,0000348,0000001076,'','Y',1,'Y','Y','Y','Y'),
    (00000637,0000348,0000001077,'','Y',2,'Y','Y','Y','Y'),
    (00000638,0000292,0000001078,'','Y',1,'Y','Y','Y','Y'),
    (00000639,0000349,0000001080,'','Y',1,'Y','Y','Y','Y'),
    (00000640,0000350,0000001082,'','Y',1,'Y','Y','Y','Y'),
    (00000641,0000350,0000001083,'','Y',2,'Y','Y','Y','Y'),
    (00000642,0000308,0000001085,'','Y',1,'Y','Y','Y','Y'),
    (00000643,0000351,0000001087,'','Y',1,'Y','Y','Y','Y'),
    (00000644,0000351,0000001088,'','Y',2,'Y','Y','Y','Y'),
    (00000645,0000352,0000001091,'','Y',1,'Y','Y','Y','Y'),
    (00000646,0000352,0000001092,'','Y',2,'Y','Y','Y','Y'),
    (00000647,0000353,0000001094,'','Y',1,'Y','Y','Y','Y'),
    (00000648,0000353,0000001095,'','Y',2,'Y','Y','Y','Y'),
    (00000649,0000349,0000001097,'','Y',2,'Y','Y','Y','Y'),
    (00000650,0000354,0000001107,'','Y',1,'Y','Y','Y','Y'),
    (00000651,0000354,0000001108,'','Y',2,'Y','Y','Y','Y'),
    (00000652,0000201,0000001111,'','Y',2,'Y','Y','Y','Y'),
    (00000653,0000355,0000001114,'','Y',1,'Y','Y','Y','Y'),
    (00000654,0000355,0000001115,'','Y',2,'Y','Y','Y','Y'),
    (00000655,0000356,0000001125,'','Y',1,'Y','Y','Y','Y'),
    (00000656,0000356,0000001126,'','Y',2,'Y','Y','Y','Y'),
    (00000657,0000357,0000001128,'','Y',1,'Y','Y','Y','Y'),
    (00000658,0000357,0000001129,'','Y',2,'Y','Y','Y','Y'),
    (00000659,0000358,0000001134,'','Y',1,'Y','Y','Y','Y'),
    (00000660,0000358,0000001135,'','Y',2,'Y','Y','Y','Y'),
    (00000664,0000360,0000001141,'','Y',2,'Y','Y','Y','Y'),
    (00000665,0000361,0000001143,'','Y',2,'Y','Y','Y','Y'),
    (00000666,0000361,0000001144,'','Y',1,'Y','Y','Y','Y'),
    (00000669,0000363,0000001149,'','Y',1,'Y','Y','Y','Y'),
    (00000670,0000363,0000001150,'','Y',2,'Y','Y','Y','Y'),
    (00000671,0000364,0000001152,'','Y',1,'Y','Y','Y','Y'),
    (00000672,0000364,0000001153,'','Y',2,'Y','Y','Y','Y'),
    (00000673,0000365,0000001155,'','Y',1,'Y','Y','Y','Y'),
    (00000674,0000365,0000001156,'','Y',2,'Y','Y','Y','Y'),
    (00000675,0000366,0000001158,'','Y',1,'Y','Y','Y','Y'),
    (00000676,0000366,0000001159,'','Y',2,'Y','Y','Y','Y'),
    (00000677,0000367,0000001161,'','Y',1,'Y','Y','Y','Y'),
    (00000678,0000367,0000001162,'','Y',2,'Y','Y','Y','Y'),
    (00000679,0000368,0000001164,'','Y',1,'Y','Y','Y','Y'),
    (00000680,0000368,0000001165,'','Y',2,'Y','Y','Y','Y'),
    (00000681,0000369,0000001167,'','Y',1,'Y','Y','Y','Y'),
    (00000682,0000369,0000001168,'','Y',2,'Y','Y','Y','Y'),
    (00000683,0000370,0000001170,'','Y',1,'Y','Y','Y','Y'),
    (00000684,0000370,0000001171,'','Y',2,'Y','Y','Y','Y'),
    (00000685,0000371,0000001173,'','Y',1,'Y','Y','Y','Y'),
    (00000686,0000371,0000001174,'','Y',2,'Y','Y','Y','Y'),
    (00000687,0000372,0000001176,'','Y',1,'Y','Y','Y','Y'),
    (00000688,0000372,0000001177,'','Y',2,'Y','Y','Y','Y'),
    (00000689,0000373,0000001180,'','Y',1,'Y','Y','Y','Y'),
    (00000690,0000373,0000001181,'','Y',2,'Y','Y','Y','Y'),
    (00000691,0000374,0000001183,'','Y',1,'Y','Y','Y','Y'),
    (00000692,0000374,0000001184,'','Y',2,'Y','Y','Y','Y'),
    (00000695,0000376,0000001189,'','Y',1,'Y','Y','Y','Y'),
    (00000696,0000376,0000001190,'','Y',2,'Y','Y','Y','Y'),
    (00000697,0000377,0000001192,'','Y',1,'Y','Y','Y','Y'),
    (00000698,0000378,0000001194,'','Y',1,'Y','Y','Y','Y'),
    (00000699,0000378,0000001195,'','Y',2,'Y','Y','Y','Y'),
    (00000700,0000379,0000001198,'','Y',1,'Y','Y','Y','Y'),
    (00000701,0000379,0000001199,'','Y',2,'Y','Y','Y','Y'),
    (00000702,0000380,0000001202,'','Y',1,'Y','Y','Y','Y'),
    (00000703,0000380,0000001203,'','Y',2,'Y','Y','Y','Y'),
    (00000704,0000381,0000001205,'','Y',1,'Y','Y','Y','Y'),
    (00000705,0000381,0000001206,'','Y',2,'Y','Y','Y','Y'),
    (00000706,0000382,0000001208,'','Y',1,'Y','Y','Y','Y'),
    (00000707,0000382,0000001209,'','Y',2,'Y','Y','Y','Y'),
    (00000708,0000383,0000001211,'','Y',1,'Y','Y','Y','Y'),
    (00000709,0000383,0000001212,'','Y',2,'Y','Y','Y','Y'),
    (00000710,0000384,0000001215,'','Y',1,'Y','Y','Y','Y'),
    (00000711,0000384,0000001216,'','Y',2,'Y','Y','Y','Y'),
    (00000712,0000385,0000001219,'','Y',1,'Y','Y','Y','Y'),
    (00000713,0000385,0000001220,'','Y',2,'Y','Y','Y','Y'),
    (00000714,0000386,0000001223,'','Y',1,'Y','Y','Y','Y'),
    (00000715,0000386,0000001224,'','Y',2,'Y','Y','Y','Y'),
    (00000716,0000387,0000001228,'','Y',1,'Y','Y','Y','Y'),
    (00000717,0000387,0000001229,'','Y',2,'Y','Y','Y','Y'),
    (00000720,0000389,0000001234,'','Y',1,'Y','Y','Y','Y'),
    (00000721,0000389,0000001235,'','Y',2,'Y','Y','Y','Y'),
    (00000722,0000390,0000001237,'','Y',1,'Y','Y','Y','Y'),
    (00000723,0000390,0000001238,'','Y',2,'Y','Y','Y','Y'),
    (00000724,0000391,0000001240,'','Y',1,'Y','Y','Y','Y'),
    (00000725,0000391,0000001241,'','Y',2,'Y','Y','Y','Y'),
    (00000726,0000392,0000001243,'','Y',1,'Y','Y','Y','Y'),
    (00000727,0000392,0000001244,'','Y',2,'Y','Y','Y','Y'),
    (00000728,0000393,0000001246,'','Y',3,'Y','Y','Y','Y'),
    (00000729,0000393,0000001247,'','Y',1,'Y','Y','Y','Y'),
    (00000730,0000394,0000001249,'','Y',1,'Y','Y','Y','Y'),
    (00000731,0000394,0000001250,'','Y',2,'Y','Y','Y','Y'),
    (00000732,0000395,0000001252,'','Y',1,'Y','Y','Y','Y'),
    (00000733,0000395,0000001253,'','Y',2,'Y','Y','Y','Y'),
    (00000734,0000396,0000001255,'','Y',1,'Y','Y','Y','Y'),
    (00000735,0000396,0000001256,'','Y',2,'Y','Y','Y','Y'),
    (00000737,0000398,0000001260,'','Y',1,'Y','Y','Y','Y'),
    (00000738,0000398,0000001261,'','Y',2,'Y','Y','Y','Y'),
    (00000739,0000399,0000001264,'','Y',1,'Y','Y','Y','Y'),
    (00000740,0000399,0000001265,'','Y',2,'Y','Y','Y','Y'),
    (00000741,0000400,0000001267,'','Y',1,'Y','Y','Y','Y'),
    (00000742,0000400,0000001268,'','Y',2,'Y','Y','Y','Y'),
    (00000747,0000403,0000001277,'','Y',1,'Y','Y','Y','Y'),
    (00000748,0000403,0000001278,'','Y',2,'Y','Y','Y','Y'),
    (00000749,0000404,0000001280,'','Y',1,'Y','Y','Y','Y'),
    (00000750,0000404,0000001281,'','Y',2,'Y','Y','Y','Y'),
    (00000751,0000405,0000001283,'','Y',1,'Y','Y','Y','Y'),
    (00000752,0000405,0000001284,'','Y',2,'Y','Y','Y','Y'),
    (00000753,0000406,0000001286,'','Y',2,'Y','Y','Y','Y'),
    (00000754,0000406,0000001287,'','Y',1,'Y','Y','Y','Y'),
    (00000755,0000407,0000001289,'','Y',1,'Y','Y','Y','Y'),
    (00000756,0000407,0000001290,'','Y',2,'Y','Y','Y','Y'),
    (00000757,0000408,0000001292,'','Y',1,'Y','Y','Y','Y'),
    (00000758,0000408,0000001293,'','Y',2,'Y','Y','Y','Y'),
    (00000759,0000251,0000001187,'','Y',2,'Y','Y','Y','Y'),
    (00000760,0000409,0000001297,'','Y',1,'Y','Y','Y','Y'),
    (00000761,0000409,0000001298,'','Y',2,'Y','Y','Y','Y'),
    (00000762,0000410,0000001300,'','Y',2,'Y','Y','Y','Y'),
    (00000763,0000410,0000001301,'','Y',1,'Y','Y','Y','Y'),
    (00000764,0000411,0000001303,'','Y',1,'Y','Y','Y','Y'),
    (00000765,0000412,0000001305,'','Y',1,'Y','Y','Y','Y'),
    (00000766,0000412,0000001306,'','Y',2,'Y','Y','Y','Y'),
    (00000767,0000413,0000001308,'','Y',1,'Y','Y','Y','Y'),
    (00000768,0000413,0000001309,'','Y',2,'Y','Y','Y','Y'),
    (00000769,0000414,0000001311,'','Y',1,'Y','Y','Y','Y'),
    (00000770,0000414,0000001312,'','Y',2,'Y','Y','Y','Y'),
    (00000771,0000415,0000001314,'','Y',1,'Y','Y','Y','Y'),
    (00000772,0000415,0000001315,'','Y',2,'Y','Y','Y','Y'),
    (00000773,0000416,0000001317,'','Y',1,'Y','Y','Y','Y'),
    (00000774,0000416,0000001318,'','Y',2,'Y','Y','Y','Y'),
    (00000777,0000418,0000001323,'','Y',1,'Y','Y','Y','Y'),
    (00000778,0000418,0000001324,'','Y',2,'Y','Y','Y','Y'),
    (00000779,0000419,0000001326,'','Y',1,'Y','Y','Y','Y'),
    (00000780,0000419,0000001327,'','Y',2,'Y','Y','Y','Y'),
    (00000784,0000422,0000001346,'','Y',1,'Y','Y','Y','Y'),
    (00000785,0000422,0000001347,'','Y',2,'Y','Y','Y','Y'),
    (00000788,0000425,0000001353,'','Y',1,'Y','Y','Y','Y'),
    (00000789,0000425,0000001354,'','Y',2,'Y','Y','Y','Y'),
    (00000790,0000426,0000001356,'','Y',1,'Y','Y','Y','Y'),
    (00000791,0000426,0000001357,'','Y',2,'Y','Y','Y','Y'),
    (00000792,0000427,0000001359,'','Y',1,'Y','Y','Y','Y'),
    (00000793,0000427,0000001360,'','Y',2,'Y','Y','Y','Y'),
    (00000796,0000429,0000001365,'','Y',1,'Y','Y','Y','Y'),
    (00000797,0000429,0000001366,'','Y',2,'Y','Y','Y','Y'),
    (00000798,0000430,0000001368,'','Y',1,'Y','Y','Y','Y'),
    (00000799,0000430,0000001369,'','Y',2,'Y','Y','Y','Y'),
    (00000800,0000431,0000001371,'','Y',1,'Y','Y','Y','Y'),
    (00000801,0000431,0000001372,'','Y',2,'Y','Y','Y','Y'),
    (00000802,0000432,0000001375,'','Y',1,'Y','Y','Y','Y'),
    (00000803,0000432,0000001376,'','Y',2,'Y','Y','Y','Y'),
    (00000804,0000433,0000001380,'','Y',2,'Y','Y','Y','Y'),
    (00000805,0000433,0000001381,'','Y',2,'Y','Y','Y','Y'),
    (00000807,0000433,0000000125,'','Y',2,'Y','Y','Y','Y'),
    (00000808,0000433,0000001231,'','Y',1,'Y','Y','Y','Y'),
    (00000809,0000434,0000001383,'','Y',1,'Y','Y','Y','Y'),
    (00000810,0000434,0000001384,'','Y',2,'Y','Y','Y','Y'),
    (00000811,0000435,0000001386,'','Y',1,'Y','Y','Y','Y'),
    (00000812,0000435,0000001387,'','Y',2,'Y','Y','Y','Y'),
    (00000813,0000436,0000001389,'','Y',1,'Y','Y','Y','Y'),
    (00000814,0000436,0000001390,'','Y',2,'Y','Y','Y','Y'),
    (00000815,0000437,0000001392,'','Y',1,'Y','Y','Y','Y'),
    (00000816,0000438,0000001394,'','Y',1,'Y','Y','Y','Y'),
    (00000817,0000438,0000001395,'','Y',2,'Y','Y','Y','Y'),
    (00000818,0000439,0000001397,'','Y',1,'Y','Y','Y','Y'),
    (00000819,0000439,0000001398,'','Y',2,'Y','Y','Y','Y'),
    (00000820,0000440,0000001401,'','Y',1,'Y','Y','Y','Y'),
    (00000821,0000440,0000001402,'','Y',2,'Y','Y','Y','Y'),
    (00000822,0000441,0000001404,'','Y',1,'Y','Y','Y','Y'),
    (00000823,0000441,0000001405,'','Y',2,'Y','Y','Y','Y'),
    (00000828,0000444,0000001414,'','Y',1,'Y','Y','Y','Y'),
    (00000829,0000444,0000001415,'','Y',2,'Y','Y','Y','Y'),
    (00000830,0000445,0000001417,'','Y',2,'Y','Y','Y','Y'),
    (00000831,0000445,0000001418,'','Y',1,'Y','Y','Y','Y'),
    (00000832,0000446,0000001420,'','Y',1,'Y','Y','Y','Y'),
    (00000833,0000447,0000001422,'','Y',2,'Y','Y','Y','Y'),
    (00000834,0000447,0000001423,'','Y',1,'Y','Y','Y','Y'),
    (00000835,0000448,0000001425,'','Y',1,'Y','Y','Y','Y'),
    (00000836,0000448,0000001426,'','Y',2,'Y','Y','Y','Y'),
    (00000837,0000449,0000001428,'','Y',1,'Y','Y','Y','Y'),
    (00000838,0000449,0000001429,'','Y',2,'Y','Y','Y','Y'),
    (00000839,0000450,0000001431,'','Y',1,'Y','Y','Y','Y'),
    (00000840,0000450,0000001432,'','Y',2,'Y','Y','Y','Y'),
    (00000841,0000451,0000001434,'','Y',1,'Y','Y','Y','Y'),
    (00000842,0000451,0000001435,'','Y',2,'Y','Y','Y','Y'),
    (00000843,0000452,0000001438,'','Y',1,'Y','Y','Y','Y'),
    (00000844,0000452,0000001439,'','Y',2,'Y','Y','Y','Y'),
    (00000845,0000453,0000001442,'','Y',1,'Y','Y','Y','Y'),
    (00000846,0000453,0000001443,'','Y',2,'Y','Y','Y','Y'),
    (00000847,0000454,0000001446,'','Y',1,'Y','Y','Y','Y'),
    (00000848,0000454,0000001447,'','Y',2,'Y','Y','Y','Y'),
    (00000850,0000456,0000001451,'','Y',1,'Y','Y','Y','Y'),
    (00000851,0000456,0000001452,'','Y',2,'Y','Y','Y','Y'),
    (00000852,0000457,0000001454,'','Y',1,'Y','Y','Y','Y'),
    (00000853,0000457,0000001455,'','Y',2,'Y','Y','Y','Y'),
    (00000858,0000460,0000001466,'','Y',1,'Y','Y','Y','Y'),
    (00000859,0000460,0000001467,'','Y',2,'Y','Y','Y','Y'),
    (00000860,0000461,0000001469,'','Y',1,'Y','Y','Y','Y'),
    (00000861,0000461,0000001470,'','Y',2,'Y','Y','Y','Y'),
    (00000862,0000462,0000001472,'','Y',1,'Y','Y','Y','Y'),
    (00000863,0000462,0000001473,'','Y',2,'Y','Y','Y','Y'),
    (00000864,0000463,0000001475,'','Y',1,'Y','Y','Y','Y'),
    (00000865,0000463,0000001476,'','Y',2,'Y','Y','Y','Y'),
    (00000866,0000464,0000001478,'','Y',1,'Y','Y','Y','Y'),
    (00000867,0000464,0000001479,'','Y',2,'Y','Y','Y','Y'),
    (00000870,0000466,0000001484,'','Y',1,'Y','Y','Y','Y'),
    (00000871,0000466,0000001485,'','Y',2,'Y','Y','Y','Y'),
    (00000872,0000467,0000001487,'','Y',1,'Y','Y','Y','Y'),
    (00000873,0000467,0000001488,'','Y',2,'Y','Y','Y','Y'),
    (00000874,0000468,0000001493,'','Y',1,'Y','Y','Y','Y'),
    (00000875,0000468,0000001494,'','Y',2,'Y','Y','Y','Y'),
    (00000876,0000469,0000001496,'','Y',1,'Y','Y','Y','Y'),
    (00000877,0000469,0000001497,'','Y',2,'Y','Y','Y','Y'),
    (00000878,0000470,0000001499,'','Y',1,'Y','Y','Y','Y'),
    (00000879,0000470,0000001500,'','Y',2,'Y','Y','Y','Y'),
    (00000880,0000471,0000001508,'','Y',1,'Y','Y','Y','Y'),
    (00000881,0000471,0000001509,'','Y',2,'Y','Y','Y','Y'),
    (00000882,0000158,0000000835,'','Y',3,'Y','Y','Y','Y'),
    (00000883,0000472,0000001512,'','Y',1,'Y','Y','Y','Y'),
    (00000884,0000472,0000001513,'','Y',2,'Y','Y','Y','Y'),
    (00000885,0000473,0000001515,'','Y',1,'Y','Y','Y','Y'),
    (00000886,0000473,0000001516,'','Y',2,'Y','Y','Y','Y'),
    (00000889,0000475,0000001524,'','Y',1,'Y','Y','Y','Y'),
    (00000890,0000475,0000001525,'','Y',2,'Y','Y','Y','Y'),
    (00000891,0000476,0000001529,'','Y',1,'Y','Y','Y','Y'),
    (00000892,0000476,0000001530,'','Y',2,'Y','Y','Y','Y'),
    (00000893,0000477,0000001533,'','Y',1,'Y','Y','Y','Y'),
    (00000894,0000477,0000001534,'','Y',2,'Y','Y','Y','Y'),
    (00000897,0000479,0000001539,'','Y',1,'Y','Y','Y','Y'),
    (00000898,0000479,0000001540,'','Y',2,'Y','Y','Y','Y'),
    (00000899,0000480,0000001542,'','Y',1,'Y','Y','Y','Y'),
    (00000900,0000480,0000001543,'','Y',2,'Y','Y','Y','Y'),
    (00000903,0000482,0000001549,'','Y',1,'Y','Y','Y','Y'),
    (00000904,0000482,0000001550,'','Y',2,'Y','Y','Y','Y'),
    (00000907,0000484,0000001555,'','Y',1,'Y','Y','Y','Y'),
    (00000908,0000484,0000001556,'','Y',2,'Y','Y','Y','Y'),
    (00000911,0000486,0000001563,'','Y',2,'Y','Y','Y','Y'),
    (00000912,0000486,0000001564,'','Y',1,'Y','Y','Y','Y'),
    (00000917,0000489,0000001572,'','Y',1,'Y','Y','Y','Y'),
    (00000918,0000489,0000001573,'','Y',2,'Y','Y','Y','Y'),
    (00000919,0000437,0000001574,'','Y',2,'Y','Y','Y','Y'),
    (00000920,0000490,0000001576,'','Y',1,'Y','Y','Y','Y'),
    (00000921,0000490,0000001577,'','Y',2,'Y','Y','Y','Y'),
    (00000923,0000491,0000001583,'','Y',1,'Y','Y','Y','Y'),
    (00000924,0000491,0000001584,'','Y',2,'Y','Y','Y','Y'),
    (00000925,0000492,0000001586,'','Y',1,'Y','Y','Y','Y'),
    (00000926,0000492,0000001587,'','Y',2,'Y','Y','Y','Y'),
    (00000930,0000494,0000001595,'','Y',1,'Y','Y','Y','Y'),
    (00000931,0000494,0000001596,'','Y',2,'Y','Y','Y','Y'),
    (00000932,0000495,0000001598,'','Y',1,'Y','Y','Y','Y'),
    (00000933,0000495,0000001599,'','Y',2,'Y','Y','Y','Y'),
    (00000934,0000496,0000001601,'','Y',1,'Y','Y','Y','Y'),
    (00000935,0000496,0000001602,'','Y',2,'Y','Y','Y','Y'),
    (00000936,0000497,0000001604,'','Y',1,'Y','Y','Y','Y'),
    (00000937,0000497,0000001605,'','Y',2,'Y','Y','Y','Y'),
    (00000938,0000498,0000001607,'','Y',1,'Y','Y','Y','Y'),
    (00000939,0000498,0000001608,'','Y',2,'Y','Y','Y','Y'),
    (00000940,0000499,0000001610,'','Y',1,'Y','Y','Y','Y'),
    (00000941,0000499,0000001611,'','Y',2,'Y','Y','Y','Y'),
    (00000942,0000500,0000001613,'','Y',2,'Y','Y','Y','Y'),
    (00000943,0000500,0000001614,'','Y',1,'Y','Y','Y','Y'),
    (00000944,0000501,0000001619,'','Y',1,'Y','Y','Y','Y'),
    (00000945,0000501,0000001620,'','Y',2,'Y','Y','Y','Y'),
    (00000946,0000502,0000001622,'','Y',1,'Y','Y','Y','Y'),
    (00000947,0000502,0000001623,'','Y',2,'Y','Y','Y','Y'),
    (00000950,0000504,0000001629,'','Y',1,'Y','Y','Y','Y'),
    (00000951,0000504,0000001630,'','Y',2,'Y','Y','Y','Y'),
    (00000952,0000505,0000001632,'','Y',1,'Y','Y','Y','Y'),
    (00000953,0000506,0000001634,'','Y',1,'Y','Y','Y','Y'),
    (00000954,0000506,0000001635,'','Y',2,'Y','Y','Y','Y'),
    (00000955,0000507,0000001637,'','Y',1,'Y','Y','Y','Y'),
    (00000956,0000507,0000001638,'','Y',2,'Y','Y','Y','Y'),
    (00000957,0000508,0000001640,'','Y',1,'Y','Y','Y','Y'),
    (00000958,0000508,0000001641,'','Y',2,'Y','Y','Y','Y'),
    (00000959,0000509,0000001643,'','Y',1,'Y','Y','Y','Y'),
    (00000960,0000509,0000001644,'','Y',2,'Y','Y','Y','Y'),
    (00000963,0000511,0000001649,'','Y',1,'Y','Y','Y','Y'),
    (00000964,0000511,0000001650,'','Y',2,'Y','Y','Y','Y'),
    (00000967,0000513,0000001655,'','Y',1,'Y','Y','Y','Y'),
    (00000968,0000513,0000001656,'','Y',2,'Y','Y','Y','Y'),
    (00000969,0000514,0000001659,'','Y',1,'Y','Y','Y','Y'),
    (00000970,0000514,0000001660,'','Y',2,'Y','Y','Y','Y'),
    (00000971,0000515,0000001662,'','Y',1,'Y','Y','Y','Y'),
    (00000972,0000515,0000001663,'','Y',2,'Y','Y','Y','Y'),
    (00000973,0000360,0000001626,'','Y',1,'Y','Y','Y','Y'),
    (00000974,0000516,0000001665,'','Y',1,'Y','Y','Y','Y'),
    (00000975,0000516,0000001666,'','Y',2,'Y','Y','Y','Y'),
    (00000976,0000517,0000001668,'','Y',2,'Y','Y','Y','Y'),
    (00000977,0000517,0000001669,'','Y',1,'Y','Y','Y','Y'),
    (00000979,0000518,0000001672,'','Y',2,'Y','Y','Y','Y'),
    (00000980,0000518,0000000890,'','Y',1,'Y','Y','Y','Y'),
    (00000981,0000154,0000000651,'','Y',2,'Y','Y','Y','Y'),
    (00000982,0000519,0000001675,'','Y',1,'Y','Y','Y','Y'),
    (00000983,0000519,0000001676,'','Y',2,'Y','Y','Y','Y'),
    (00000984,0000520,0000001678,'','Y',1,'Y','Y','Y','Y'),
    (00000985,0000520,0000001679,'','Y',2,'Y','Y','Y','Y'),
    (00000986,0000521,0000001681,'','Y',1,'Y','Y','Y','Y'),
    (00000987,0000521,0000001682,'','Y',2,'Y','Y','Y','Y'),
    (00000992,0000524,0000001690,'','Y',1,'Y','Y','Y','Y'),
    (00000993,0000524,0000001691,'','Y',2,'Y','Y','Y','Y'),
    (00000994,0000525,0000001693,'','Y',1,'Y','Y','Y','Y'),
    (00000995,0000525,0000001694,'','Y',2,'Y','Y','Y','Y'),
    (00000996,0000526,0000001698,'','Y',1,'Y','Y','Y','Y'),
    (00000997,0000526,0000001699,'','Y',2,'Y','Y','Y','Y'),
    (00000998,0000527,0000001701,'','Y',1,'Y','Y','Y','Y'),
    (00000999,0000527,0000001702,'','Y',2,'Y','Y','Y','Y'),
    (00001000,0000528,0000001704,'','Y',1,'Y','Y','Y','Y'),
    (00001001,0000528,0000001705,'','Y',2,'Y','Y','Y','Y'),
    (00001002,0000529,0000001708,'','Y',1,'Y','Y','Y','Y'),
    (00001003,0000529,0000001709,'','Y',2,'Y','Y','Y','Y'),
    (00001008,0000532,0000001717,'','Y',1,'Y','Y','Y','Y'),
    (00001009,0000533,0000001719,'','Y',1,'Y','Y','Y','Y'),
    (00001010,0000533,0000001720,'','Y',2,'Y','Y','Y','Y'),
    (00001011,0000534,0000001722,'','Y',1,'Y','Y','Y','Y'),
    (00001012,0000534,0000001723,'','Y',2,'Y','Y','Y','Y'),
    (00001013,0000535,0000001725,'','Y',1,'Y','Y','Y','Y'),
    (00001014,0000535,0000001726,'','Y',2,'Y','Y','Y','Y'),
    (00001015,0000536,0000001731,'','Y',1,'Y','Y','Y','Y'),
    (00001016,0000537,0000001733,'','Y',1,'Y','Y','Y','Y'),
    (00001017,0000537,0000001734,'','Y',2,'Y','Y','Y','Y'),
    (00001018,0000538,0000001736,'','Y',1,'Y','Y','Y','Y'),
    (00001019,0000538,0000001737,'','Y',2,'Y','Y','Y','Y'),
    (00001020,0000539,0000001740,'','Y',1,'Y','Y','Y','Y'),
    (00001021,0000539,0000001741,'','Y',2,'Y','Y','Y','Y'),
    (00001024,0000541,0000001745,'','Y',1,'Y','Y','Y','Y'),
    (00001025,0000541,0000001746,'','Y',2,'Y','Y','Y','Y'),
    (00001026,0000542,0000001748,'','Y',1,'Y','Y','Y','Y'),
    (00001027,0000542,0000001749,'','Y',2,'Y','Y','Y','Y'),
    (00001028,0000543,0000001751,'','Y',1,'Y','Y','Y','Y'),
    (00001029,0000543,0000001752,'','Y',2,'Y','Y','Y','Y'),
    (00001030,0000544,0000001754,'','Y',1,'Y','Y','Y','Y'),
    (00001031,0000544,0000001755,'','Y',2,'Y','Y','Y','Y'),
    (00001032,0000545,0000001757,'','Y',1,'Y','Y','Y','Y'),
    (00001033,0000546,0000001759,'','Y',1,'Y','Y','Y','Y'),
    (00001034,0000546,0000001760,'','Y',2,'Y','Y','Y','Y'),
    (00001035,0000547,0000001762,'','Y',1,'Y','Y','Y','Y'),
    (00001036,0000547,0000001763,'','Y',2,'Y','Y','Y','Y'),
    (00001037,0000548,0000001774,'','Y',1,'Y','Y','Y','Y'),
    (00001038,0000548,0000001775,'','Y',2,'Y','Y','Y','Y'),
    (00001039,0000549,0000001780,'','Y',1,'Y','Y','Y','Y'),
    (00001040,0000549,0000001781,'','Y',2,'Y','Y','Y','Y'),
    (00001041,0000550,0000001784,'','Y',1,'Y','Y','Y','Y'),
    (00001042,0000550,0000001785,'','Y',2,'Y','Y','Y','Y'),
    (00001043,0000551,0000001787,'','Y',2,'Y','Y','Y','Y'),
    (00001044,0000552,0000001789,'','Y',1,'Y','Y','Y','Y'),
    (00001045,0000552,0000001790,'','Y',2,'Y','Y','Y','Y'),
    (00001046,0000553,0000001792,'','Y',1,'Y','Y','Y','Y'),
    (00001047,0000553,0000001793,'','Y',2,'Y','Y','Y','Y'),
    (00001048,0000554,0000001795,'','Y',1,'Y','Y','Y','Y'),
    (00001049,0000555,0000001797,'','Y',1,'Y','Y','Y','Y'),
    (00001050,0000555,0000001798,'','Y',2,'Y','Y','Y','Y'),
    (00001051,0000551,0000001800,'','Y',1,'Y','Y','Y','Y'),
    (00001052,0000556,0000001802,'','Y',2,'Y','Y','Y','Y'),
    (00001053,0000556,0000001803,'','Y',3,'Y','Y','Y','Y'),
    (00001054,0000557,0000001805,'','Y',1,'Y','Y','Y','Y'),
    (00001055,0000558,0000001807,'','Y',1,'Y','Y','Y','Y'),
    (00001056,0000559,0000001809,'','Y',1,'Y','Y','Y','Y'),
    (00001059,0000561,0000001815,'','Y',1,'Y','Y','Y','Y'),
    (00001060,0000561,0000001816,'','Y',2,'Y','Y','Y','Y'),
    (00001061,0000562,0000001820,'','Y',1,'Y','Y','Y','Y'),
    (00001062,0000562,0000001821,'','Y',2,'Y','Y','Y','Y'),
    (00001063,0000563,0000001823,'','Y',1,'Y','Y','Y','Y'),
    (00001064,0000563,0000001824,'','Y',2,'Y','Y','Y','Y'),
    (00001065,0000564,0000001826,'','Y',1,'Y','Y','Y','Y'),
    (00001066,0000564,0000001827,'','Y',2,'Y','Y','Y','Y'),
    (00001067,0000565,0000001829,'','Y',1,'Y','Y','Y','Y'),
    (00001068,0000565,0000001830,'','Y',2,'Y','Y','Y','Y'),
    (00001069,0000566,0000001832,'','Y',2,'Y','Y','Y','Y'),
    (00001070,0000566,0000001833,'','Y',2,'Y','Y','Y','Y'),
    (00001072,0000568,0000001837,'','Y',2,'Y','Y','Y','Y'),
    (00001074,0000568,0000001835,'','Y',1,'Y','Y','Y','Y'),
    (00001075,0000566,0000001778,'','Y',1,'Y','Y','Y','Y'),
    (00001076,0000569,0000001841,'','Y',1,'Y','Y','Y','Y'),
    (00001077,0000569,0000001842,'','Y',2,'Y','Y','Y','Y'),
    (00001080,0000571,0000001846,'','Y',1,'Y','Y','Y','Y'),
    (00001081,0000571,0000001847,'','Y',2,'Y','Y','Y','Y'),
    (00001084,0000573,0000001856,'','Y',1,'Y','Y','Y','Y'),
    (00001085,0000573,0000001857,'','Y',2,'Y','Y','Y','Y'),
    (00001086,0000574,0000001859,'','Y',1,'Y','Y','Y','Y'),
    (00001087,0000574,0000001860,'','Y',2,'Y','Y','Y','Y'),
    (00001088,0000575,0000001862,'','Y',1,'Y','Y','Y','Y'),
    (00001089,0000575,0000001863,'','Y',2,'Y','Y','Y','Y'),
    (00001092,0000577,0000001868,'','Y',1,'Y','Y','Y','Y'),
    (00001093,0000577,0000001869,'','Y',2,'Y','Y','Y','Y'),
    (00001094,0000578,0000001871,'','Y',1,'Y','Y','Y','Y'),
    (00001095,0000578,0000001872,'','Y',2,'Y','Y','Y','Y'),
    (00001096,0000554,0000001874,'','Y',3,'Y','Y','Y','Y'),
    (00001099,0000580,0000001880,'','Y',1,'Y','Y','Y','Y'),
    (00001100,0000580,0000001881,'','Y',2,'Y','Y','Y','Y'),
    (00001103,0000582,0000001886,'','Y',1,'Y','Y','Y','Y'),
    (00001104,0000582,0000001887,'','Y',2,'Y','Y','Y','Y'),
    (00001105,0000583,0000001889,'','Y',1,'Y','Y','Y','Y'),
    (00001106,0000583,0000001890,'','Y',2,'Y','Y','Y','Y'),
    (00001107,0000584,0000001892,'','Y',1,'Y','Y','Y','Y'),
    (00001108,0000584,0000001893,'','Y',2,'Y','Y','Y','Y'),
    (00001111,0000586,0000001899,'','Y',1,'Y','Y','Y','Y'),
    (00001112,0000586,0000001900,'','Y',2,'Y','Y','Y','Y'),
    (00001113,0000587,0000001902,'','Y',1,'Y','Y','Y','Y'),
    (00001114,0000587,0000001903,'','Y',2,'Y','Y','Y','Y'),
    (00001115,0000588,0000001906,'','Y',1,'Y','Y','Y','Y'),
    (00001116,0000588,0000001907,'','Y',2,'Y','Y','Y','Y'),
    (00001117,0000589,0000001909,'','Y',1,'Y','Y','Y','Y'),
    (00001118,0000589,0000001910,'','Y',2,'Y','Y','Y','Y'),
    (00001119,0000590,0000001912,'','Y',1,'Y','Y','Y','Y'),
    (00001120,0000591,0000001916,'','Y',1,'Y','Y','Y','Y'),
    (00001121,0000591,0000001917,'','Y',2,'Y','Y','Y','Y'),
    (00001122,0000592,0000001919,'','Y',1,'Y','Y','Y','Y'),
    (00001123,0000592,0000001920,'','Y',2,'Y','Y','Y','Y'),
    (00001124,0000593,0000001922,'','Y',1,'Y','Y','Y','Y'),
    (00001125,0000593,0000001923,'','Y',2,'Y','Y','Y','Y'),
    (00001126,0000594,0000001926,'','Y',1,'Y','Y','Y','Y'),
    (00001127,0000594,0000001927,'','Y',2,'Y','Y','Y','Y'),
    (00001128,0000595,0000001929,'','Y',1,'Y','Y','Y','Y'),
    (00001129,0000595,0000001930,'','Y',2,'Y','Y','Y','Y'),
    (00001130,0000596,0000001932,'','Y',1,'Y','Y','Y','Y'),
    (00001131,0000596,0000001933,'','Y',2,'Y','Y','Y','Y'),
    (00001134,0000598,0000001938,'','Y',1,'Y','Y','Y','Y'),
    (00001135,0000598,0000001939,'','Y',2,'Y','Y','Y','Y'),
    (00001136,0000599,0000001941,'','Y',1,'Y','Y','Y','Y'),
    (00001137,0000599,0000001942,'','Y',2,'Y','Y','Y','Y'),
    (00001138,0000600,0000001944,'','Y',1,'Y','Y','Y','Y'),
    (00001139,0000600,0000001945,'','Y',2,'Y','Y','Y','Y'),
    (00001140,0000601,0000001947,'','Y',1,'Y','Y','Y','Y'),
    (00001141,0000601,0000001948,'','Y',2,'Y','Y','Y','Y'),
    (00001142,0000602,0000001950,'','Y',1,'Y','Y','Y','Y'),
    (00001143,0000602,0000001951,'','Y',2,'Y','Y','Y','Y'),
    (00001144,0000603,0000001953,'','Y',1,'Y','Y','Y','Y'),
    (00001145,0000603,0000001954,'','Y',2,'Y','Y','Y','Y'),
    (00001146,0000604,0000001956,'','Y',1,'Y','Y','Y','Y'),
    (00001147,0000604,0000001957,'','Y',2,'Y','Y','Y','Y'),
    (00001149,0000606,0000001962,'','Y',1,'Y','Y','Y','Y'),
    (00001150,0000606,0000001963,'','Y',2,'Y','Y','Y','Y'),
    (00001151,0000607,0000001965,'','Y',1,'Y','Y','Y','Y'),
    (00001152,0000607,0000001966,'','Y',2,'Y','Y','Y','Y'),
    (00001153,0000608,0000001968,'','Y',1,'Y','Y','Y','Y'),
    (00001154,0000608,0000001969,'','Y',2,'Y','Y','Y','Y'),
    (00001155,0000609,0000001971,'','Y',1,'Y','Y','Y','Y'),
    (00001156,0000609,0000001972,'','Y',2,'Y','Y','Y','Y'),
    (00001157,0000610,0000001975,'','Y',1,'Y','Y','Y','Y'),
    (00001158,0000610,0000001976,'','Y',2,'Y','Y','Y','Y'),
    (00001161,0000612,0000001981,'','Y',1,'Y','Y','Y','Y'),
    (00001162,0000612,0000001982,'','Y',2,'Y','Y','Y','Y'),
    (00001163,0000613,0000001984,'','Y',1,'Y','Y','Y','Y'),
    (00001164,0000613,0000001985,'','Y',2,'Y','Y','Y','Y'),
    (00001165,0000614,0000001987,'','Y',1,'Y','Y','Y','Y'),
    (00001166,0000614,0000001988,'','Y',2,'Y','Y','Y','Y'),
    (00001167,0000615,0000001990,'','Y',1,'Y','Y','Y','Y'),
    (00001168,0000615,0000001991,'','Y',2,'Y','Y','Y','Y'),
    (00001169,0000616,0000001993,'','Y',1,'Y','Y','Y','Y'),
    (00001170,0000616,0000001994,'','Y',2,'Y','Y','Y','Y'),
    (00001171,0000617,0000001996,'','Y',3,'Y','Y','Y','Y'),
    (00001172,0000617,0000001997,'','Y',2,'Y','Y','Y','Y'),
    (00001173,0000618,0000001999,'','Y',1,'Y','Y','Y','Y'),
    (00001174,0000619,0000002001,'','Y',1,'Y','Y','Y','Y'),
    (00001175,0000619,0000002002,'','Y',2,'Y','Y','Y','Y'),
    (00001176,0000620,0000002004,'','Y',1,'Y','Y','Y','Y'),
    (00001177,0000620,0000002005,'','Y',2,'Y','Y','Y','Y'),
    (00001178,0000621,0000002007,'','Y',1,'Y','Y','Y','Y'),
    (00001179,0000621,0000002008,'','Y',2,'Y','Y','Y','Y'),
    (00001180,0000622,0000002010,'','Y',1,'Y','Y','Y','Y'),
    (00001181,0000622,0000002011,'','Y',2,'Y','Y','Y','Y'),
    (00001182,0000623,0000002013,'','Y',1,'Y','Y','Y','Y'),
    (00001183,0000623,0000002014,'','Y',2,'Y','Y','Y','Y'),
    (00001186,0000625,0000002020,'','Y',1,'Y','Y','Y','Y'),
    (00001187,0000625,0000002021,'','Y',2,'Y','Y','Y','Y'),
    (00001188,0000626,0000002023,'','Y',1,'Y','Y','Y','Y'),
    (00001189,0000626,0000002024,'','Y',2,'Y','Y','Y','Y'),
    (00001190,0000627,0000002030,'','Y',1,'Y','Y','Y','Y'),
    (00001191,0000627,0000002031,'','Y',2,'Y','Y','Y','Y'),
    (00001192,0000627,0000002032,'','Y',2,'Y','Y','Y','Y'),
    (00001193,0000628,0000002034,'','Y',1,'Y','Y','Y','Y'),
    (00001194,0000629,0000002036,'','Y',1,'Y','Y','Y','Y'),
    (00001195,0000630,0000002038,'','Y',1,'Y','Y','Y','Y'),
    (00001196,0000630,0000002039,'','Y',2,'Y','Y','Y','Y'),
    (00001197,0000631,0000002041,'','Y',1,'Y','Y','Y','Y'),
    (00001198,0000631,0000002042,'','Y',3,'Y','Y','Y','Y'),
    (00001199,0000632,0000002044,'','Y',1,'Y','Y','Y','Y'),
    (00001200,0000632,0000002045,'','Y',2,'Y','Y','Y','Y'),
    (00001201,0000633,0000002047,'','Y',1,'Y','Y','Y','Y'),
    (00001202,0000633,0000002048,'','Y',2,'Y','Y','Y','Y'),
    (00001203,0000634,0000002050,'','Y',1,'Y','Y','Y','Y'),
    (00001204,0000634,0000002051,'','Y',2,'Y','Y','Y','Y'),
    (00001205,0000635,0000002054,'','Y',1,'Y','Y','Y','Y'),
    (00001206,0000635,0000002055,'','Y',2,'Y','Y','Y','Y'),
    (00001209,0000637,0000002061,'','Y',2,'Y','Y','Y','Y'),
    (00001210,0000637,0000002062,'','Y',1,'Y','Y','Y','Y'),
    (00001211,0000638,0000002064,'','Y',1,'Y','Y','Y','Y'),
    (00001212,0000638,0000002065,'','Y',2,'Y','Y','Y','Y'),
    (00001213,0000639,0000002067,'','Y',1,'Y','Y','Y','Y'),
    (00001214,0000639,0000002068,'','Y',3,'Y','Y','Y','Y'),
    (00001217,0000641,0000002073,'','Y',1,'Y','Y','Y','Y'),
    (00001218,0000641,0000002074,'','Y',2,'Y','Y','Y','Y'),
    (00001219,0000642,0000002077,'','Y',2,'Y','Y','Y','Y'),
    (00001220,0000642,0000002078,'','Y',1,'Y','Y','Y','Y'),
    (00001221,0000643,0000002080,'','Y',2,'Y','Y','Y','Y'),
    (00001222,0000644,0000002082,'','Y',1,'Y','Y','Y','Y'),
    (00001223,0000644,0000002083,'','Y',2,'Y','Y','Y','Y'),
    (00001224,0000645,0000002085,'','Y',1,'Y','Y','Y','Y'),
    (00001225,0000645,0000002086,'','Y',2,'Y','Y','Y','Y'),
    (00001226,0000646,0000002088,'','Y',1,'Y','Y','Y','Y'),
    (00001227,0000646,0000002089,'','Y',2,'Y','Y','Y','Y'),
    (00001228,0000647,0000002091,'','Y',1,'Y','Y','Y','Y'),
    (00001229,0000647,0000002092,'','Y',2,'Y','Y','Y','Y'),
    (00001230,0000648,0000002094,'','Y',1,'Y','Y','Y','Y'),
    (00001231,0000556,0000002095,'','Y',1,'Y','Y','Y','Y'),
    (00001232,0000649,0000002098,'','Y',1,'Y','Y','Y','Y'),
    (00001233,0000649,0000002099,'','Y',2,'Y','Y','Y','Y'),
    (00001234,0000650,0000002101,'','Y',1,'Y','Y','Y','Y'),
    (00001235,0000650,0000002102,'','Y',2,'Y','Y','Y','Y'),
    (00001238,0000651,0000002104,'','Y',1,'Y','Y','Y','Y'),
    (00001239,0000651,0000002105,'','Y',3,'Y','Y','Y','Y'),
    (00001240,0000652,0000002107,'','Y',1,'Y','Y','Y','Y'),
    (00001241,0000652,0000002108,'','Y',2,'Y','Y','Y','Y'),
    (00001244,0000617,0000001089,'','Y',1,'Y','Y','Y','Y'),
    (00001245,0000654,0000002114,'','Y',1,'Y','Y','Y','Y'),
    (00001246,0000654,0000002115,'','Y',2,'Y','Y','Y','Y'),
    (00001247,0000655,0000002117,'','Y',1,'Y','Y','Y','Y'),
    (00001248,0000655,0000002118,'','Y',2,'Y','Y','Y','Y'),
    (00001249,0000656,0000002025,'','Y',1,'Y','Y','Y','Y'),
    (00001250,0000656,0000002026,'','Y',2,'Y','Y','Y','Y'),
    (00001251,0000657,0000002121,'','Y',1,'Y','Y','Y','Y'),
    (00001252,0000657,0000002122,'','Y',2,'Y','Y','Y','Y'),
    (00001253,0000658,0000002124,'','Y',1,'Y','Y','Y','Y'),
    (00001254,0000658,0000002125,'','Y',2,'Y','Y','Y','Y'),
    (00001255,0000659,0000002127,'','Y',1,'Y','Y','Y','Y'),
    (00001256,0000659,0000002128,'','Y',2,'Y','Y','Y','Y'),
    (00001257,0000660,0000002130,'','Y',1,'Y','Y','Y','Y'),
    (00001258,0000660,0000002131,'','Y',2,'Y','Y','Y','Y'),
    (00001259,0000661,0000002136,'','Y',1,'Y','Y','Y','Y'),
    (00001260,0000661,0000002137,'','Y',2,'Y','Y','Y','Y'),
    (00001261,0000662,0000002139,'','Y',1,'Y','Y','Y','Y'),
    (00001262,0000662,0000002140,'','Y',2,'Y','Y','Y','Y'),
    (00001263,0000663,0000002142,'','Y',1,'Y','Y','Y','Y'),
    (00001264,0000663,0000002143,'','Y',2,'Y','Y','Y','Y'),
    (00001265,0000664,0000002146,'','Y',1,'Y','Y','Y','Y'),
    (00001266,0000664,0000002147,'','Y',2,'Y','Y','Y','Y'),
    (00001270,0000669,0000002157,'','Y',1,'Y','Y','Y','Y'),
    (00001271,0000669,0000002158,'','Y',2,'Y','Y','Y','Y'),
    (00001272,0000670,0000002161,'','Y',1,'Y','Y','Y','Y'),
    (00001273,0000670,0000002162,'','Y',2,'Y','Y','Y','Y'),
    (00001274,0000671,0000002164,'','Y',1,'Y','Y','Y','Y'),
    (00001275,0000671,0000002165,'','Y',2,'Y','Y','Y','Y'),
    (00001276,0000672,0000002167,'','Y',1,'Y','Y','Y','Y'),
    (00001277,0000672,0000002168,'','Y',2,'Y','Y','Y','Y'),
    (00001278,0000673,0000002170,'','Y',1,'Y','Y','Y','Y'),
    (00001279,0000673,0000002171,'','Y',2,'Y','Y','Y','Y'),
    (00001280,0000674,0000002173,'','Y',1,'Y','Y','Y','Y'),
    (00001281,0000674,0000002174,'','Y',2,'Y','Y','Y','Y'),
    (00001282,0000675,0000002176,'','Y',1,'Y','Y','Y','Y'),
    (00001283,0000675,0000002177,'','Y',2,'Y','Y','Y','Y'),
    (00001284,0000676,0000002179,'','Y',1,'Y','Y','Y','Y'),
    (00001285,0000676,0000002180,'','Y',2,'Y','Y','Y','Y'),
    (00001286,0000677,0000002182,'','Y',1,'Y','Y','Y','Y'),
    (00001287,0000677,0000002183,'','Y',2,'Y','Y','Y','Y'),
    (00001288,0000678,0000002185,'','Y',1,'Y','Y','Y','Y'),
    (00001289,0000678,0000002186,'','Y',2,'Y','Y','Y','Y'),
    (00001290,0000679,0000002188,'','Y',1,'Y','Y','Y','Y'),
    (00001291,0000679,0000002189,'','Y',2,'Y','Y','Y','Y'),
    (00001292,0000680,0000002191,'','Y',1,'Y','Y','Y','Y'),
    (00001293,0000680,0000002192,'','Y',2,'Y','Y','Y','Y'),
    (00001294,0000681,0000002195,'','Y',1,'Y','Y','Y','Y'),
    (00001295,0000681,0000002196,'','Y',2,'Y','Y','Y','Y'),
    (00001296,0000682,0000002198,'','Y',1,'Y','Y','Y','Y'),
    (00001297,0000682,0000002199,'','Y',2,'Y','Y','Y','Y'),
    (00001298,0000683,0000002201,'','Y',1,'Y','Y','Y','Y'),
    (00001299,0000683,0000002202,'','Y',2,'Y','Y','Y','Y'),
    (00001300,0000684,0000002204,'','Y',1,'Y','Y','Y','Y'),
    (00001301,0000684,0000002205,'','Y',2,'Y','Y','Y','Y'),
    (00001302,0000685,0000002207,'','Y',1,'Y','Y','Y','Y'),
    (00001303,0000685,0000002208,'','Y',2,'Y','Y','Y','Y'),
    (00001304,0000686,0000002210,'','Y',1,'Y','Y','Y','Y'),
    (00001305,0000686,0000002211,'','Y',2,'Y','Y','Y','Y'),
    (00001306,0000687,0000002213,'','Y',1,'Y','Y','Y','Y'),
    (00001307,0000687,0000002214,'','Y',2,'Y','Y','Y','Y'),
    (00001308,0000688,0000002217,'','Y',1,'Y','Y','Y','Y'),
    (00001309,0000688,0000002218,'','Y',2,'Y','Y','Y','Y'),
    (00001310,0000689,0000002220,'','Y',1,'Y','Y','Y','Y'),
    (00001311,0000689,0000002221,'','Y',2,'Y','Y','Y','Y'),
    (00001312,0000690,0000002223,'','Y',1,'Y','Y','Y','Y'),
    (00001313,0000690,0000002224,'','Y',2,'Y','Y','Y','Y'),
    (00001314,0000691,0000002226,'','Y',1,'Y','Y','Y','Y'),
    (00001315,0000691,0000002227,'','Y',2,'Y','Y','Y','Y'),
    (00001316,0000692,0000002229,'','Y',1,'Y','Y','Y','Y'),
    (00001317,0000692,0000002230,'','Y',2,'Y','Y','Y','Y'),
    (00001318,0000693,0000002234,'','Y',1,'Y','Y','Y','Y'),
    (00001319,0000693,0000002235,'','Y',2,'Y','Y','Y','Y'),
    (00001320,0000694,0000002237,'','Y',1,'Y','Y','Y','Y'),
    (00001321,0000694,0000002238,'','Y',2,'Y','Y','Y','Y'),
    (00001322,0000695,0000002241,'','Y',1,'Y','Y','Y','Y'),
    (00001323,0000695,0000002242,'','Y',2,'Y','Y','Y','Y'),
    (00001324,0000696,0000002245,'','Y',1,'Y','Y','Y','Y'),
    (00001325,0000696,0000002246,'','Y',2,'Y','Y','Y','Y'),
    (00001328,0000698,0000002251,'','Y',1,'Y','Y','Y','Y'),
    (00001329,0000698,0000002252,'','Y',2,'Y','Y','Y','Y'),
    (00001330,0000699,0000002254,'','Y',1,'Y','Y','Y','Y'),
    (00001331,0000699,0000002255,'','Y',2,'Y','Y','Y','Y'),
    (00001332,0000700,0000002257,'','Y',1,'Y','Y','Y','Y'),
    (00001333,0000700,0000002258,'','Y',2,'Y','Y','Y','Y'),
    (00001334,0000701,0000002260,'','Y',1,'Y','Y','Y','Y'),
    (00001335,0000701,0000002261,'','Y',2,'Y','Y','Y','Y'),
    (00001336,0000702,0000002263,'','Y',1,'Y','Y','Y','Y'),
    (00001337,0000702,0000002264,'','Y',2,'Y','Y','Y','Y'),
    (00001340,0000704,0000002269,'','Y',1,'Y','Y','Y','Y'),
    (00001341,0000704,0000002270,'','Y',2,'Y','Y','Y','Y'),
    (00001342,0000705,0000002272,'','Y',1,'Y','Y','Y','Y'),
    (00001343,0000705,0000002273,'','Y',2,'Y','Y','Y','Y'),
    (00001344,0000706,0000002275,'','Y',1,'Y','Y','Y','Y'),
    (00001345,0000706,0000002276,'','Y',2,'Y','Y','Y','Y'),
    (00001346,0000707,0000002278,'','Y',1,'Y','Y','Y','Y'),
    (00001347,0000707,0000002279,'','Y',2,'Y','Y','Y','Y'),
    (00001349,0000708,0000002281,'','Y',1,'Y','Y','Y','Y'),
    (00001350,0000708,0000002282,'','Y',2,'Y','Y','Y','Y'),
    (00001351,0000709,0000002284,'','Y',1,'Y','Y','Y','Y'),
    (00001352,0000709,0000002285,'','Y',2,'Y','Y','Y','Y'),
    (00001353,0000710,0000002287,'','Y',1,'Y','Y','Y','Y'),
    (00001354,0000710,0000002288,'','Y',2,'Y','Y','Y','Y'),
    (00001355,0000711,0000002294,'','Y',1,'Y','Y','Y','Y'),
    (00001356,0000711,0000002295,'','Y',2,'Y','Y','Y','Y'),
    (00001357,0000712,0000002297,'','Y',1,'Y','Y','Y','Y'),
    (00001358,0000712,0000002298,'','Y',2,'Y','Y','Y','Y'),
    (00001359,0000713,0000002300,'','Y',1,'Y','Y','Y','Y'),
    (00001360,0000713,0000002301,'','Y',2,'Y','Y','Y','Y'),
    (00001361,0000714,0000002303,'','Y',1,'Y','Y','Y','Y'),
    (00001362,0000714,0000002304,'','Y',2,'Y','Y','Y','Y'),
    (00001363,0000715,0000002307,'','Y',1,'Y','Y','Y','Y'),
    (00001364,0000715,0000002308,'','Y',2,'Y','Y','Y','Y'),
    (00001365,0000716,0000002310,'','Y',1,'Y','Y','Y','Y'),
    (00001366,0000716,0000002311,'','Y',2,'Y','Y','Y','Y'),
    (00001369,0000717,0000002314,'','Y',1,'Y','Y','Y','Y'),
    (00001370,0000717,0000002315,'','Y',2,'Y','Y','Y','Y'),
    (00001371,0000718,0000002317,'','Y',1,'Y','Y','Y','Y'),
    (00001372,0000718,0000002318,'','Y',2,'Y','Y','Y','Y'),
    (00001373,0000719,0000002320,'','Y',1,'Y','Y','Y','Y'),
    (00001374,0000719,0000002321,'','Y',2,'Y','Y','Y','Y'),
    (00001375,0000720,0000002324,'','Y',1,'Y','Y','Y','Y'),
    (00001376,0000720,0000002325,'','Y',2,'Y','Y','Y','Y'),
    (00001377,0000721,0000002328,'','Y',1,'Y','Y','Y','Y'),
    (00001378,0000721,0000002329,'','Y',2,'Y','Y','Y','Y'),
    (00001379,0000722,0000002331,'','Y',1,'Y','Y','Y','Y'),
    (00001380,0000722,0000002332,'','Y',2,'Y','Y','Y','Y'),
    (00001381,0000723,0000002335,'','Y',1,'Y','Y','Y','Y'),
    (00001382,0000723,0000002336,'','Y',2,'Y','Y','Y','Y'),
    (00001383,0000724,0000002338,'','Y',1,'Y','Y','Y','Y'),
    (00001384,0000724,0000002339,'','Y',2,'Y','Y','Y','Y'),
    (00001385,0000725,0000002341,'','Y',1,'Y','Y','Y','Y'),
    (00001386,0000725,0000002342,'','Y',2,'Y','Y','Y','Y'),
    (00001387,0000726,0000002351,'','Y',1,'Y','Y','Y','Y'),
    (00001388,0000726,0000002352,'','Y',2,'Y','Y','Y','Y'),
    (00001389,0000727,0000002354,'','Y',1,'Y','Y','Y','Y'),
    (00001390,0000727,0000002355,'','Y',2,'Y','Y','Y','Y'),
    (00001392,0000728,0000002358,'','Y',1,'Y','Y','Y','Y'),
    (00001393,0000728,0000002359,'','Y',2,'Y','Y','Y','Y'),
    (00001394,0000729,0000002361,'','Y',1,'Y','Y','Y','Y'),
    (00001395,0000729,0000002362,'','Y',2,'Y','Y','Y','Y'),
    (00001396,0000730,0000002365,'','Y',1,'Y','Y','Y','Y'),
    (00001397,0000730,0000002366,'','Y',2,'Y','Y','Y','Y'),
    (00001398,0000731,0000002368,'','Y',1,'Y','Y','Y','Y'),
    (00001399,0000731,0000002369,'','Y',2,'Y','Y','Y','Y'),
    (00001400,0000732,0000002372,'','Y',1,'Y','Y','Y','Y'),
    (00001401,0000732,0000002373,'','Y',2,'Y','Y','Y','Y'),
    (00001402,0000733,0000002375,'','Y',1,'Y','Y','Y','Y'),
    (00001403,0000733,0000002376,'','Y',2,'Y','Y','Y','Y'),
    (00001404,0000734,0000002381,'','Y',1,'Y','Y','Y','Y'),
    (00001405,0000734,0000002382,'','Y',2,'Y','Y','Y','Y'),
    (00001406,0000735,0000002384,'','Y',1,'Y','Y','Y','Y'),
    (00001407,0000735,0000002385,'','Y',2,'Y','Y','Y','Y'),
    (00001408,0000736,0000002387,'','Y',1,'Y','Y','Y','Y'),
    (00001409,0000736,0000002388,'','Y',2,'Y','Y','Y','Y'),
    (00001410,0000737,0000002390,'','Y',1,'Y','Y','Y','Y'),
    (00001411,0000737,0000002391,'','Y',2,'Y','Y','Y','Y'),
    (00001412,0000738,0000002393,'','Y',1,'Y','Y','Y','Y'),
    (00001413,0000738,0000002394,'','Y',2,'Y','Y','Y','Y'),
    (00001414,0000739,0000002396,'','Y',1,'Y','Y','Y','Y'),
    (00001415,0000739,0000002397,'','Y',2,'Y','Y','Y','Y'),
    (00001416,0000740,0000002399,'','Y',1,'Y','Y','Y','Y'),
    (00001417,0000740,0000002400,'','Y',2,'Y','Y','Y','Y'),
    (00001418,0000741,0000002402,'','Y',1,'Y','Y','Y','Y'),
    (00001419,0000741,0000002403,'','Y',2,'Y','Y','Y','Y'),
    (00001420,0000742,0000002405,'','Y',1,'Y','Y','Y','Y'),
    (00001421,0000742,0000002406,'','Y',2,'Y','Y','Y','Y'),
    (00001422,0000743,0000002408,'','Y',1,'Y','Y','Y','Y'),
    (00001423,0000734,0000002409,'','Y',3,'Y','Y','Y','Y'),
    (00001424,0000744,0000002412,'','Y',1,'Y','Y','Y','Y'),
    (00001425,0000744,0000002413,'','Y',2,'Y','Y','Y','Y'),
    (00001430,0000746,0000002418,'','Y',1,'Y','Y','Y','Y'),
    (00001431,0000746,0000002419,'','Y',2,'Y','Y','Y','Y'),
    (00001432,0000747,0000002421,'','Y',3,'Y','Y','Y','Y'),
    (00001433,0000747,0000002422,'','Y',1,'Y','Y','Y','Y'),
    (00001434,0000747,0000002423,'','Y',2,'Y','Y','Y','Y'),
    (00001435,0000748,0000000119,'','Y',1,'Y','Y','Y','Y'),
    (00001436,0000748,0000002428,'','Y',2,'Y','Y','Y','Y'),
    (00001437,0000643,0000002429,'','Y',1,'Y','Y','Y','Y'),
    (00001444,0000749,0000002431,'','Y',1,'Y','Y','Y','Y'),
    (00001445,0000749,0000002432,'','Y',2,'Y','Y','Y','Y'),
    (00001446,0000750,0000002434,'','Y',1,'Y','Y','Y','Y'),
    (00001447,0000750,0000002435,'','Y',2,'Y','Y','Y','Y'),
    (00001449,0000751,0000002437,'','Y',1,'Y','Y','Y','Y'),
    (00001450,0000751,0000002438,'','Y',2,'Y','Y','Y','Y'),
    (00001451,0000752,0000002442,'','Y',1,'Y','Y','Y','Y'),
    (00001452,0000752,0000002443,'','Y',2,'Y','Y','Y','Y'),
    (00001453,0000753,0000002445,'','Y',1,'Y','Y','Y','Y'),
    (00001454,0000753,0000002446,'','Y',2,'Y','Y','Y','Y'),
    (00001455,0000754,0000002448,'','Y',1,'Y','Y','Y','Y'),
    (00001456,0000754,0000002449,'','Y',2,'Y','Y','Y','Y'),
    (00001457,0000755,0000002451,'','Y',1,'Y','Y','Y','Y'),
    (00001458,0000755,0000002452,'','Y',2,'Y','Y','Y','Y'),
    (00001459,0000756,0000002454,'','Y',1,'Y','Y','Y','Y'),
    (00001460,0000756,0000002455,'','Y',2,'Y','Y','Y','Y'),
    (00001461,0000757,0000002457,'','Y',1,'Y','Y','Y','Y'),
    (00001462,0000757,0000002458,'','Y',2,'Y','Y','Y','Y'),
    (00001465,0000759,0000002464,'','Y',1,'Y','Y','Y','Y'),
    (00001466,0000759,0000002465,'','Y',2,'Y','Y','Y','Y'),
    (00001467,0000760,0000002467,'','Y',1,'Y','Y','Y','Y'),
    (00001468,0000760,0000002468,'','Y',2,'Y','Y','Y','Y'),
    (00001469,0000761,0000002470,'','Y',1,'Y','Y','Y','Y'),
    (00001470,0000761,0000002471,'','Y',2,'Y','Y','Y','Y'),
    (00001471,0000762,0000002474,'','Y',1,'Y','Y','Y','Y'),
    (00001472,0000762,0000002475,'','Y',2,'Y','Y','Y','Y'),
    (00001473,0000763,0000002477,'','Y',1,'Y','Y','Y','Y'),
    (00001474,0000763,0000002478,'','Y',2,'Y','Y','Y','Y'),
    (00001475,0000764,0000002480,'','Y',1,'Y','Y','Y','Y'),
    (00001476,0000764,0000002481,'','Y',2,'Y','Y','Y','Y'),
    (00001477,0000765,0000002483,'','Y',1,'Y','Y','Y','Y'),
    (00001478,0000765,0000002484,'','Y',2,'Y','Y','Y','Y'),
    (00001481,0000767,0000002489,'','Y',1,'Y','Y','Y','Y'),
    (00001482,0000768,0000002492,'','Y',1,'Y','Y','Y','Y'),
    (00001483,0000768,0000002493,'','Y',2,'Y','Y','Y','Y'),
    (00001485,0000769,0000002496,'','Y',1,'Y','Y','Y','Y'),
    (00001486,0000769,0000002497,'','Y',2,'Y','Y','Y','Y'),
    (00001487,0000770,0000002499,'','Y',2,'Y','Y','Y','Y'),
    (00001488,0000770,0000002500,'','Y',1,'Y','Y','Y','Y'),
    (00001489,0000771,0000002502,'','Y',1,'Y','Y','Y','Y'),
    (00001490,0000771,0000002503,'','Y',2,'Y','Y','Y','Y'),
    (00001491,0000772,0000002506,'','Y',1,'Y','Y','Y','Y'),
    (00001492,0000772,0000002507,'','Y',2,'Y','Y','Y','Y'),
    (00001493,0000773,0000002509,'','Y',1,'Y','Y','Y','Y'),
    (00001494,0000773,0000002510,'','Y',2,'Y','Y','Y','Y'),
    (00001495,0000774,0000002512,'','Y',1,'Y','Y','Y','Y'),
    (00001496,0000774,0000002513,'','Y',2,'Y','Y','Y','Y'),
    (00001497,0000775,0000002515,'','Y',1,'Y','Y','Y','Y'),
    (00001498,0000775,0000002516,'','Y',2,'Y','Y','Y','Y'),
    (00001499,0000776,0000002518,'','Y',1,'Y','Y','Y','Y'),
    (00001500,0000776,0000002519,'','Y',2,'Y','Y','Y','Y'),
    (00001501,0000777,0000002521,'','Y',1,'Y','Y','Y','Y'),
    (00001502,0000777,0000002522,'','Y',2,'Y','Y','Y','Y'),
    (00001503,0000778,0000002524,'','Y',1,'Y','Y','Y','Y'),
    (00001504,0000778,0000002525,'','Y',2,'Y','Y','Y','Y'),
    (00001505,0000779,0000002527,'','Y',1,'Y','Y','Y','Y'),
    (00001506,0000779,0000002528,'','Y',2,'Y','Y','Y','Y'),
    (00001507,0000780,0000002530,'','Y',1,'Y','Y','Y','Y'),
    (00001508,0000780,0000002531,'','Y',2,'Y','Y','Y','Y'),
    (00001510,0000781,0000002533,'','Y',1,'Y','Y','Y','Y'),
    (00001511,0000781,0000002534,'','Y',2,'Y','Y','Y','Y'),
    (00001512,0000782,0000002536,'','Y',1,'Y','Y','Y','Y'),
    (00001513,0000783,0000002538,'','Y',1,'Y','Y','Y','Y'),
    (00001514,0000783,0000002539,'','Y',2,'Y','Y','Y','Y'),
    (00001515,0000784,0000002542,'','Y',1,'Y','Y','Y','Y'),
    (00001516,0000784,0000002543,'','Y',2,'Y','Y','Y','Y'),
    (00001517,0000785,0000002546,'','Y',1,'Y','Y','Y','Y'),
    (00001518,0000785,0000002547,'','Y',2,'Y','Y','Y','Y'),
    (00001519,0000786,0000002549,'','Y',1,'Y','Y','Y','Y'),
    (00001520,0000786,0000002550,'','Y',2,'Y','Y','Y','Y'),
    (00001521,0000787,0000002556,'','Y',1,'Y','Y','Y','Y'),
    (00001522,0000787,0000002557,'','Y',2,'Y','Y','Y','Y'),
    (00001523,0000788,0000002559,'','Y',1,'Y','Y','Y','Y'),
    (00001524,0000788,0000002560,'','Y',2,'Y','Y','Y','Y'),
    (00001525,0000789,0000002564,'','Y',1,'Y','Y','Y','Y'),
    (00001526,0000789,0000002565,'','Y',2,'Y','Y','Y','Y'),
    (00001527,0000790,0000002568,'','Y',1,'Y','Y','Y','Y'),
    (00001528,0000790,0000002569,'','Y',2,'Y','Y','Y','Y'),
    (00001529,0000791,0000002571,'','Y',1,'Y','Y','Y','Y'),
    (00001530,0000791,0000002572,'','Y',2,'Y','Y','Y','Y'),
    (00001531,0000792,0000002574,'','Y',1,'Y','Y','Y','Y'),
    (00001532,0000792,0000002575,'','Y',2,'Y','Y','Y','Y'),
    (00001533,0000793,0000002578,'','Y',1,'Y','Y','Y','Y'),
    (00001534,0000793,0000002579,'','Y',2,'Y','Y','Y','Y'),
    (00001535,0000794,0000002581,'','Y',1,'Y','Y','Y','Y'),
    (00001536,0000794,0000002582,'','Y',2,'Y','Y','Y','Y'),
    (00001537,0000795,0000002584,'','Y',1,'Y','Y','Y','Y'),
    (00001538,0000795,0000002585,'','Y',2,'Y','Y','Y','Y'),
    (00001539,0000796,0000002587,'','Y',1,'Y','Y','Y','Y'),
    (00001540,0000796,0000002588,'','Y',2,'Y','Y','Y','Y'),
    (00001541,0000797,0000002590,'','Y',1,'Y','Y','Y','Y'),
    (00001542,0000797,0000002591,'','Y',2,'Y','Y','Y','Y'),
    (00001543,0000798,0000002593,'','Y',1,'Y','Y','Y','Y'),
    (00001544,0000798,0000002594,'','Y',2,'Y','Y','Y','Y'),
    (00001545,0000799,0000002596,'','Y',1,'Y','Y','Y','Y'),
    (00001546,0000799,0000002597,'','Y',2,'Y','Y','Y','Y'),
    (00001547,0000800,0000002599,'','Y',1,'Y','Y','Y','Y'),
    (00001548,0000800,0000002600,'','Y',2,'Y','Y','Y','Y'),
    (00001549,0000801,0000002602,'','Y',1,'Y','Y','Y','Y'),
    (00001550,0000801,0000002603,'','Y',2,'Y','Y','Y','Y'),
    (00001551,0000802,0000002605,'','Y',1,'Y','Y','Y','Y'),
    (00001552,0000802,0000002606,'','Y',2,'Y','Y','Y','Y'),
    (00001553,0000803,0000002608,'','Y',1,'Y','Y','Y','Y'),
    (00001554,0000803,0000002609,'','Y',2,'Y','Y','Y','Y'),
    (00001555,0000804,0000002612,'','Y',1,'Y','Y','Y','Y'),
    (00001556,0000804,0000002613,'','Y',2,'Y','Y','Y','Y'),
    (00001557,0000805,0000002616,'','Y',1,'Y','Y','Y','Y'),
    (00001558,0000805,0000002617,'','Y',2,'Y','Y','Y','Y'),
    (00001559,0000806,0000002619,'','Y',1,'Y','Y','Y','Y'),
    (00001560,0000806,0000002620,'','Y',2,'Y','Y','Y','Y'),
    (00001561,0000807,0000002622,'','Y',1,'Y','Y','Y','Y'),
    (00001562,0000807,0000002623,'','Y',2,'Y','Y','Y','Y'),
    (00001563,0000808,0000002625,'','Y',1,'Y','Y','Y','Y'),
    (00001564,0000808,0000002626,'','Y',2,'Y','Y','Y','Y'),
    (00001565,0000809,0000002628,'','Y',1,'Y','Y','Y','Y'),
    (00001566,0000809,0000002629,'','Y',2,'Y','Y','Y','Y'),
    (00001567,0000810,0000002631,'','Y',1,'Y','Y','Y','Y'),
    (00001568,0000810,0000002632,'','Y',2,'Y','Y','Y','Y'),
    (00001569,0000811,0000002634,'','Y',1,'Y','Y','Y','Y'),
    (00001570,0000811,0000002635,'','Y',2,'Y','Y','Y','Y'),
    (00001571,0000812,0000002637,'','Y',1,'Y','Y','Y','Y'),
    (00001572,0000812,0000002638,'','Y',2,'Y','Y','Y','Y'),
    (00001573,0000813,0000002640,'','Y',1,'Y','Y','Y','Y'),
    (00001574,0000813,0000002641,'','Y',2,'Y','Y','Y','Y'),
    (00001575,0000814,0000002643,'','Y',1,'Y','Y','Y','Y'),
    (00001576,0000814,0000002644,'','Y',2,'Y','Y','Y','Y'),
    (00001577,0000815,0000002646,'','Y',1,'Y','Y','Y','Y'),
    (00001578,0000815,0000002647,'','Y',2,'Y','Y','Y','Y'),
    (00001579,0000816,0000002649,'','Y',1,'Y','Y','Y','Y'),
    (00001580,0000816,0000002650,'','Y',2,'Y','Y','Y','Y'),
    (00001581,0000817,0000002653,'','Y',1,'Y','Y','Y','Y'),
    (00001582,0000818,0000002655,'','Y',1,'Y','Y','Y','Y'),
    (00001583,0000818,0000002656,'','Y',2,'Y','Y','Y','Y'),
    (00001584,0000819,0000002658,'','Y',1,'Y','Y','Y','Y'),
    (00001585,0000819,0000002659,'','Y',2,'Y','Y','Y','Y'),
    (00001586,0000820,0000002661,'','Y',1,'Y','Y','Y','Y'),
    (00001587,0000820,0000002662,'','Y',2,'Y','Y','Y','Y'),
    (00001588,0000821,0000002664,'','Y',1,'Y','Y','Y','Y'),
    (00001589,0000821,0000002665,'','Y',2,'Y','Y','Y','Y'),
    (00001590,0000822,0000002668,'','Y',1,'Y','Y','Y','Y'),
    (00001591,0000822,0000002669,'','Y',2,'Y','Y','Y','Y'),
    (00001592,0000823,0000002671,'','Y',1,'Y','Y','Y','Y'),
    (00001593,0000823,0000002672,'','Y',2,'Y','Y','Y','Y'),
    (00001594,0000824,0000002674,'','Y',1,'Y','Y','Y','Y'),
    (00001595,0000824,0000002675,'','Y',2,'Y','Y','Y','Y'),
    (00001596,0000825,0000002677,'','Y',1,'Y','Y','Y','Y'),
    (00001597,0000825,0000002678,'','Y',2,'Y','Y','Y','Y'),
    (00001598,0000826,0000002681,'','Y',1,'Y','Y','Y','Y'),
    (00001599,0000826,0000002682,'','Y',2,'Y','Y','Y','Y'),
    (00001600,0000827,0000002684,'','Y',1,'Y','Y','Y','Y'),
    (00001601,0000827,0000002685,'','Y',2,'Y','Y','Y','Y'),
    (00001602,0000828,0000002687,'','Y',1,'Y','Y','Y','Y'),
    (00001603,0000828,0000002688,'','Y',2,'Y','Y','Y','Y'),
    (00001604,0000829,0000002690,'','Y',1,'Y','Y','Y','Y'),
    (00001605,0000829,0000002691,'','Y',2,'Y','Y','Y','Y'),
    (00001606,0000830,0000002693,'','Y',1,'Y','Y','Y','Y'),
    (00001607,0000830,0000002694,'','Y',2,'Y','Y','Y','Y'),
    (00001608,0000831,0000002697,'','Y',1,'Y','Y','Y','Y'),
    (00001609,0000831,0000002698,'','Y',2,'Y','Y','Y','Y'),
    (00001612,0000832,0000002701,'','Y',1,'Y','Y','Y','Y'),
    (00001613,0000833,0000002703,'','Y',1,'Y','Y','Y','Y'),
    (00001614,0000833,0000002704,'','Y',2,'Y','Y','Y','Y'),
    (00001615,0000834,0000002706,'','Y',1,'Y','Y','Y','Y'),
    (00001616,0000834,0000002707,'','Y',2,'Y','Y','Y','Y'),
    (00001617,0000835,0000002709,'','Y',1,'Y','Y','Y','Y'),
    (00001618,0000835,0000002710,'','Y',2,'Y','Y','Y','Y'),
    (00001619,0000836,0000002712,'','Y',1,'Y','Y','Y','Y'),
    (00001620,0000836,0000002713,'','Y',2,'Y','Y','Y','Y'),
    (00001621,0000837,0000002716,'','Y',1,'Y','Y','Y','Y'),
    (00001622,0000837,0000002717,'','Y',2,'Y','Y','Y','Y'),
    (00001623,0000838,0000002720,'','Y',1,'Y','Y','Y','Y'),
    (00001624,0000838,0000002721,'','Y',2,'Y','Y','Y','Y'),
    (00001625,0000839,0000002724,'','Y',1,'Y','Y','Y','Y'),
    (00001626,0000839,0000002725,'','Y',2,'Y','Y','Y','Y'),
    (00001627,0000840,0000002727,'','Y',1,'Y','Y','Y','Y'),
    (00001628,0000840,0000002728,'','Y',2,'Y','Y','Y','Y'),
    (00001629,0000841,0000002730,'','Y',1,'Y','Y','Y','Y'),
    (00001630,0000841,0000002731,'','Y',2,'Y','Y','Y','Y'),
    (00001632,0000842,0000002738,'','Y',1,'Y','Y','Y','Y'),
    (00001633,0000842,0000002739,'','Y',2,'Y','Y','Y','Y'),
    (00001635,0000843,0000002741,'','Y',1,'Y','Y','Y','Y'),
    (00001636,0000843,0000002742,'','Y',2,'Y','Y','Y','Y'),
    (00001637,0000844,0000002744,'','Y',1,'Y','Y','Y','Y'),
    (00001638,0000844,0000002745,'','Y',2,'Y','Y','Y','Y'),
    (00001639,0000845,0000002747,'','Y',1,'Y','Y','Y','Y'),
    (00001640,0000845,0000002748,'','Y',2,'Y','Y','Y','Y'),
    (00001641,0000846,0000002750,'','Y',1,'Y','Y','Y','Y'),
    (00001642,0000846,0000002751,'','Y',2,'Y','Y','Y','Y'),
    (00001643,0000847,0000002753,'','Y',1,'Y','Y','Y','Y'),
    (00001644,0000848,0000002755,'','Y',1,'Y','Y','Y','Y'),
    (00001645,0000848,0000002756,'','Y',2,'Y','Y','Y','Y'),
    (00001646,0000849,0000002758,'','Y',1,'Y','Y','Y','Y'),
    (00001647,0000849,0000002759,'','Y',2,'Y','Y','Y','Y'),
    (00001648,0000850,0000002762,'','Y',1,'Y','Y','Y','Y'),
    (00001649,0000850,0000002763,'','Y',2,'Y','Y','Y','Y'),
    (00001650,0000851,0000002765,'','Y',1,'Y','Y','Y','Y'),
    (00001651,0000851,0000002766,'','Y',2,'Y','Y','Y','Y'),
    (00001652,0000852,0000002768,'','Y',1,'Y','Y','Y','Y'),
    (00001653,0000852,0000002769,'','Y',2,'Y','Y','Y','Y'),
    (00001654,0000853,0000002771,'','Y',1,'Y','Y','Y','Y'),
    (00001655,0000853,0000002772,'','Y',2,'Y','Y','Y','Y');

--
-- Dumping data for table `gibbonFamilyChild`
--
INSERT INTO `gibbonFamilyChild` (`gibbonFamilyChildID`, `gibbonFamilyID`, `gibbonPersonID`, `comment`)
VALUES
    (00000017,0000001,0000000005,''),
    (00000018,0000003,0000000115,''),
    (00000019,0000004,0000000090,''),
    (00000020,0000004,0000000034,''),
    (00000021,0000005,0000000058,''),
    (00000022,0000006,0000000018,''),
    (00000023,0000007,0000000068,''),
    (00000024,0000008,0000000071,''),
    (00000025,0000009,0000000075,''),
    (00000026,0000010,0000000092,''),
    (00000027,0000012,0000000084,''),
    (00000028,0000013,0000000012,''),
    (00000029,0000014,0000000007,''),
    (00000030,0000015,0000000023,''),
    (00000031,0000016,0000000069,''),
    (00000032,0000017,0000000086,''),
    (00000033,0000018,0000000102,''),
    (00000034,0000019,0000000051,''),
    (00000035,0000020,0000000095,''),
    (00000036,0000020,0000000025,''),
    (00000037,0000021,0000000085,''),
    (00000038,0000022,0000000014,''),
    (00000040,0000023,0000000083,''),
    (00000041,0000024,0000000111,''),
    (00000042,0000025,0000000032,''),
    (00000043,0000026,0000000038,''),
    (00000044,0000027,0000000024,''),
    (00000045,0000028,0000000042,''),
    (00000047,0000030,0000000063,''),
    (00000049,0000032,0000000022,''),
    (00000050,0000033,0000000046,''),
    (00000051,0000034,0000000048,''),
    (00000052,0000035,0000000105,''),
    (00000053,0000035,0000000021,''),
    (00000054,0000036,0000000020,''),
    (00000055,0000037,0000000091,''),
    (00000056,0000007,0000000027,''),
    (00000057,0000038,0000000044,''),
    (00000058,0000039,0000000104,''),
    (00000059,0000041,0000000074,''),
    (00000060,0000042,0000000011,''),
    (00000061,0000043,0000000064,''),
    (00000062,0000044,0000000013,''),
    (00000063,0000045,0000000026,''),
    (00000064,0000046,0000000070,''),
    (00000065,0000047,0000000004,''),
    (00000066,0000047,0000000009,''),
    (00000068,0000050,0000000059,''),
    (00000071,0000051,0000000017,''),
    (00000072,0000052,0000000060,''),
    (00000073,0000014,0000000103,''),
    (00000074,0000053,0000000053,''),
    (00000075,0000054,0000000052,''),
    (00000076,0000055,0000000106,''),
    (00000077,0000055,0000000041,''),
    (00000078,0000056,0000000036,''),
    (00000079,0000056,0000000099,''),
    (00000081,0000058,0000000080,''),
    (00000082,0000058,0000000066,''),
    (00000083,0000059,0000000089,''),
    (00000084,0000060,0000000031,''),
    (00000085,0000061,0000000101,''),
    (00000086,0000062,0000000077,''),
    (00000087,0000063,0000000006,''),
    (00000088,0000065,0000000050,''),
    (00000089,0000067,0000000047,''),
    (00000090,0000071,0000000033,''),
    (00000091,0000072,0000000055,''),
    (00000092,0000073,0000000138,''),
    (00000093,0000074,0000000010,''),
    (00000094,0000075,0000000043,''),
    (00000095,0000076,0000000002,''),
    (00000096,0000028,0000000098,''),
    (00000097,0000078,0000000073,''),
    (00000098,0000079,0000000030,''),
    (00000099,0000080,0000000113,''),
    (00000100,0000081,0000000037,''),
    (00000101,0000082,0000000116,''),
    (00000103,0000083,0000000093,''),
    (00000104,0000083,0000000114,''),
    (00000105,0000084,0000000016,''),
    (00000106,0000085,0000000065,''),
    (00000108,0000087,0000000019,''),
    (00000109,0000088,0000000087,''),
    (00000110,0000089,0000000078,''),
    (00000111,0000089,0000000079,''),
    (00000112,0000090,0000000028,''),
    (00000113,0000091,0000000008,''),
    (00000114,0000092,0000000035,''),
    (00000115,0000092,0000000054,''),
    (00000116,0000077,0000000062,''),
    (00000117,0000093,0000000110,''),
    (00000120,0000095,0000000094,''),
    (00000121,0000095,0000000088,''),
    (00000122,0000096,0000000109,''),
    (00000123,0000097,0000000039,''),
    (00000124,0000098,0000000061,''),
    (00000125,0000099,0000000015,''),
    (00000127,0000101,0000000040,''),
    (00000128,0000102,0000000107,''),
    (00000129,0000103,0000000112,''),
    (00000130,0000105,0000000045,''),
    (00000131,0000081,0000000081,''),
    (00000132,0000106,0000000056,''),
    (00000133,0000106,0000000003,''),
    (00000134,0000107,0000000108,''),
    (00000135,0000108,0000000345,''),
    (00000136,0000011,0000000169,''),
    (00000137,0000109,0000000057,''),
    (00000138,0000108,0000000352,''),
    (00000139,0000110,0000000097,''),
    (00000140,0000111,0000000223,''),
    (00000141,0000112,0000000351,''),
    (00000142,0000114,0000000353,''),
    (00000143,0000114,0000000354,''),
    (00000144,0000116,0000000361,''),
    (00000145,0000117,0000000365,''),
    (00000146,0000118,0000000029,''),
    (00000147,0000121,0000000382,''),
    (00000148,0000123,0000000390,''),
    (00000150,0000124,0000000393,''),
    (00000151,0000131,0000000396,''),
    (00000152,0000130,0000000399,''),
    (00000153,0000126,0000000443,''),
    (00000154,0000128,0000000403,''),
    (00000155,0000129,0000000405,''),
    (00000156,0000125,0000000411,''),
    (00000157,0000108,0000000379,''),
    (00000158,0000132,0000000413,''),
    (00000159,0000132,0000000416,''),
    (00000161,0000134,0000000420,''),
    (00000162,0000135,0000000423,''),
    (00000163,0000137,0000000429,''),
    (00000164,0000139,0000000435,''),
    (00000165,0000140,0000000438,''),
    (00000166,0000141,0000000380,''),
    (00000167,0000142,0000000445,''),
    (00000168,0000143,0000000448,''),
    (00000169,0000145,0000000452,''),
    (00000170,0000146,0000000454,''),
    (00000171,0000147,0000000457,''),
    (00000172,0000148,0000000461,''),
    (00000173,0000149,0000000464,''),
    (00000174,0000150,0000000467,''),
    (00000175,0000128,0000000473,''),
    (00000176,0000151,0000000470,''),
    (00000177,0000152,0000000474,''),
    (00000178,0000153,0000000477,''),
    (00000179,0000154,0000000480,''),
    (00000180,0000155,0000000483,''),
    (00000181,0000156,0000000486,''),
    (00000182,0000157,0000000489,''),
    (00000183,0000157,0000000492,''),
    (00000184,0000158,0000000493,''),
    (00000185,0000159,0000000496,''),
    (00000186,0000160,0000000498,''),
    (00000187,0000161,0000000501,''),
    (00000188,0000161,0000000505,''),
    (00000189,0000161,0000000504,''),
    (00000190,0000162,0000000506,''),
    (00000191,0000163,0000000509,''),
    (00000192,0000103,0000000512,''),
    (00000193,0000105,0000000513,''),
    (00000194,0000164,0000000515,''),
    (00000195,0000165,0000000518,''),
    (00000196,0000166,0000000521,''),
    (00000197,0000167,0000000524,''),
    (00000198,0000168,0000000527,''),
    (00000199,0000169,0000000530,''),
    (00000200,0000170,0000000533,''),
    (00000201,0000171,0000000539,''),
    (00000202,0000171,0000000536,''),
    (00000203,0000172,0000000540,''),
    (00000204,0000173,0000000543,''),
    (00000205,0000174,0000000546,''),
    (00000206,0000175,0000000549,''),
    (00000207,0000176,0000000552,''),
    (00000208,0000177,0000000555,''),
    (00000209,0000178,0000000558,''),
    (00000210,0000179,0000000561,''),
    (00000211,0000138,0000000432,''),
    (00000212,0000180,0000000426,''),
    (00000213,0000084,0000000389,''),
    (00000214,0000181,0000000569,''),
    (00000215,0000182,0000000568,''),
    (00000216,0000182,0000000567,''),
    (00000219,0000057,0000000574,''),
    (00000221,0000185,0000000577,''),
    (00000222,0000187,0000000582,''),
    (00000223,0000149,0000000082,''),
    (00000224,0000188,0000000585,''),
    (00000225,0000189,0000000591,''),
    (00000226,0000200,0000000617,''),
    (00000227,0000195,0000000605,''),
    (00000228,0000190,0000000593,''),
    (00000230,0000021,0000000592,''),
    (00000232,0000198,0000000611,''),
    (00000233,0000196,0000000606,''),
    (00000234,0000197,0000000609,''),
    (00000235,0000191,0000000596,''),
    (00000237,0000193,0000000601,''),
    (00000238,0000199,0000000614,''),
    (00000239,0000194,0000000602,''),
    (00000240,0000059,0000000632,''),
    (00000241,0000202,0000000629,''),
    (00000242,0000204,0000000635,''),
    (00000243,0000205,0000000638,''),
    (00000244,0000206,0000000640,''),
    (00000245,0000201,0000000625,''),
    (00000246,0000089,0000000681,''),
    (00000247,0000065,0000000699,''),
    (00000248,0000223,0000000690,''),
    (00000249,0000207,0000000643,''),
    (00000250,0000208,0000000646,''),
    (00000253,0000210,0000000652,''),
    (00000254,0000211,0000000655,''),
    (00000255,0000212,0000000658,''),
    (00000256,0000054,0000000661,''),
    (00000257,0000213,0000000662,''),
    (00000258,0000214,0000000664,''),
    (00000259,0000215,0000000667,''),
    (00000260,0000216,0000000670,''),
    (00000261,0000019,0000000673,''),
    (00000262,0000221,0000000684,''),
    (00000263,0000222,0000000686,''),
    (00000264,0000224,0000000693,''),
    (00000265,0000225,0000000696,''),
    (00000266,0000227,0000000702,''),
    (00000267,0000228,0000000705,''),
    (00000268,0000229,0000000708,''),
    (00000269,0000230,0000000711,''),
    (00000270,0000231,0000000714,''),
    (00000271,0000232,0000000716,''),
    (00000273,0000234,0000000722,''),
    (00000274,0000235,0000000725,''),
    (00000275,0000236,0000000728,''),
    (00000276,0000237,0000000731,''),
    (00000277,0000238,0000000734,''),
    (00000278,0000239,0000000737,''),
    (00000279,0000240,0000000740,''),
    (00000280,0000241,0000000742,''),
    (00000283,0000241,0000000748,''),
    (00000284,0000241,0000000745,''),
    (00000285,0000244,0000000751,''),
    (00000287,0000246,0000000757,''),
    (00000288,0000247,0000000760,''),
    (00000289,0000248,0000000763,''),
    (00000290,0000249,0000000766,''),
    (00000291,0000250,0000000776,''),
    (00000292,0000251,0000000779,''),
    (00000293,0000252,0000000781,''),
    (00000294,0000253,0000000784,''),
    (00000295,0000053,0000000754,''),
    (00000296,0000254,0000000787,''),
    (00000298,0000256,0000000793,''),
    (00000299,0000257,0000000796,''),
    (00000300,0000258,0000000799,''),
    (00000301,0000259,0000000802,''),
    (00000302,0000260,0000000805,''),
    (00000303,0000261,0000000808,''),
    (00000304,0000262,0000000814,''),
    (00000305,0000025,0000000678,''),
    (00000306,0000258,0000000790,''),
    (00000307,0000263,0000000817,''),
    (00000308,0000264,0000000820,''),
    (00000309,0000265,0000000826,''),
    (00000311,0000267,0000000599,''),
    (00000312,0000268,0000000829,''),
    (00000313,0000005,0000000831,''),
    (00000314,0000269,0000000832,''),
    (00000315,0000270,0000000836,''),
    (00000316,0000271,0000000841,''),
    (00000317,0000272,0000000843,''),
    (00000318,0000273,0000000846,''),
    (00000319,0000274,0000000849,''),
    (00000320,0000275,0000000852,''),
    (00000321,0000276,0000000855,''),
    (00000324,0000279,0000000863,''),
    (00000327,0000282,0000000876,''),
    (00000328,0000200,0000000879,''),
    (00000329,0000283,0000000880,''),
    (00000330,0000284,0000000883,''),
    (00000331,0000285,0000000885,''),
    (00000332,0000024,0000000888,''),
    (00000334,0000287,0000000891,''),
    (00000335,0000288,0000000894,''),
    (00000336,0000289,0000000897,''),
    (00000338,0000108,0000000899,''),
    (00000340,0000134,0000000902,''),
    (00000341,0000292,0000000905,''),
    (00000342,0000293,0000000907,''),
    (00000343,0000294,0000000910,''),
    (00000344,0000295,0000000913,''),
    (00000345,0000296,0000000916,''),
    (00000346,0000297,0000000919,''),
    (00000347,0000298,0000000922,''),
    (00000348,0000148,0000000925,''),
    (00000349,0000299,0000000926,''),
    (00000350,0000300,0000000928,''),
    (00000352,0000047,0000000931,''),
    (00000354,0000232,0000000937,''),
    (00000355,0000303,0000000938,''),
    (00000356,0000304,0000000941,''),
    (00000357,0000305,0000000944,''),
    (00000359,0000305,0000000947,''),
    (00000360,0000307,0000000950,''),
    (00000361,0000308,0000000953,''),
    (00000362,0000309,0000000955,''),
    (00000363,0000310,0000000958,''),
    (00000365,0000312,0000000964,''),
    (00000366,0000313,0000000967,''),
    (00000367,0000037,0000000970,''),
    (00000368,0000314,0000000971,''),
    (00000369,0000315,0000000974,''),
    (00000370,0000316,0000000977,''),
    (00000371,0000317,0000000980,''),
    (00000372,0000318,0000000983,''),
    (00000374,0000156,0000000986,''),
    (00000375,0000034,0000000988,''),
    (00000376,0000320,0000000989,''),
    (00000377,0000321,0000000992,''),
    (00000378,0000322,0000000994,''),
    (00000380,0000170,0000000997,''),
    (00000382,0000171,0000001000,''),
    (00000383,0000325,0000001003,''),
    (00000384,0000326,0000001006,''),
    (00000385,0000327,0000001008,''),
    (00000386,0000328,0000001011,''),
    (00000387,0000329,0000001014,''),
    (00000388,0000330,0000001016,''),
    (00000389,0000331,0000001019,''),
    (00000390,0000332,0000001022,''),
    (00000391,0000333,0000001025,''),
    (00000392,0000334,0000001028,''),
    (00000393,0000335,0000001031,''),
    (00000394,0000336,0000001034,''),
    (00000395,0000337,0000001039,''),
    (00000396,0000338,0000001041,''),
    (00000397,0000339,0000001044,''),
    (00000398,0000340,0000001047,''),
    (00000399,0000341,0000001050,''),
    (00000400,0000342,0000001058,''),
    (00000402,0000344,0000001064,''),
    (00000403,0000345,0000001066,''),
    (00000404,0000346,0000001069,''),
    (00000405,0000347,0000001072,''),
    (00000406,0000348,0000001075,''),
    (00000407,0000342,0000001061,''),
    (00000408,0000050,0000000934,''),
    (00000409,0000009,0000000719,''),
    (00000410,0000003,0000000885,''),
    (00000411,0000212,0000000961,''),
    (00000412,0000349,0000001079,''),
    (00000413,0000350,0000001081,''),
    (00000414,0000351,0000001086,''),
    (00000415,0000352,0000001090,''),
    (00000416,0000353,0000001093,''),
    (00000417,0000354,0000001106,''),
    (00000418,0000355,0000001113,''),
    (00000419,0000356,0000001124,''),
    (00000420,0000357,0000001127,''),
    (00000421,0000293,0000001132,''),
    (00000422,0000358,0000001133,''),
    (00000424,0000360,0000001139,''),
    (00000425,0000361,0000001142,''),
    (00000427,0000363,0000001148,''),
    (00000428,0000364,0000001151,''),
    (00000429,0000365,0000001154,''),
    (00000430,0000366,0000001157,''),
    (00000431,0000367,0000001160,''),
    (00000432,0000368,0000001163,''),
    (00000433,0000369,0000001166,''),
    (00000434,0000370,0000001169,''),
    (00000435,0000371,0000001172,''),
    (00000436,0000372,0000001175,''),
    (00000437,0000264,0000001178,''),
    (00000438,0000373,0000001179,''),
    (00000439,0000374,0000001182,''),
    (00000441,0000376,0000001188,''),
    (00000442,0000377,0000001191,''),
    (00000443,0000378,0000001193,''),
    (00000444,0000275,0000001196,''),
    (00000445,0000379,0000001197,''),
    (00000446,0000331,0000001200,''),
    (00000447,0000380,0000001201,''),
    (00000448,0000381,0000001204,''),
    (00000449,0000382,0000001207,''),
    (00000450,0000383,0000001210,''),
    (00000451,0000185,0000001213,''),
    (00000452,0000384,0000001214,''),
    (00000453,0000197,0000001217,''),
    (00000454,0000385,0000001218,''),
    (00000455,0000145,0000001221,''),
    (00000456,0000386,0000001222,''),
    (00000457,0000213,0000001225,''),
    (00000458,0000180,0000001226,''),
    (00000459,0000387,0000001227,''),
    (00000461,0000389,0000001233,''),
    (00000462,0000390,0000001236,''),
    (00000463,0000391,0000001239,''),
    (00000464,0000392,0000001242,''),
    (00000465,0000393,0000001245,''),
    (00000466,0000394,0000001248,''),
    (00000467,0000395,0000001251,''),
    (00000468,0000396,0000001254,''),
    (00000470,0000398,0000001259,''),
    (00000471,0000095,0000001262,''),
    (00000472,0000399,0000001263,''),
    (00000473,0000400,0000001266,''),
    (00000476,0000131,0000001275,''),
    (00000477,0000403,0000001276,''),
    (00000478,0000404,0000001279,''),
    (00000479,0000405,0000001282,''),
    (00000480,0000406,0000001285,''),
    (00000481,0000407,0000001288,''),
    (00000482,0000408,0000001291,''),
    (00000483,0000223,0000001136,''),
    (00000484,0000342,0000001145,''),
    (00000485,0000251,0000001185,''),
    (00000486,0000289,0000001257,''),
    (00000487,0000265,0000001269,''),
    (00000488,0000045,0000001272,''),
    (00000489,0000409,0000001296,''),
    (00000490,0000410,0000001299,''),
    (00000491,0000411,0000001302,''),
    (00000492,0000412,0000001304,''),
    (00000493,0000413,0000001307,''),
    (00000494,0000414,0000001310,''),
    (00000495,0000412,0000001310,''),
    (00000496,0000415,0000001313,''),
    (00000497,0000416,0000001316,''),
    (00000499,0000418,0000001322,''),
    (00000500,0000419,0000001325,''),
    (00000502,0000022,0000000072,''),
    (00000504,0000422,0000001345,''),
    (00000506,0000062,0000001351,''),
    (00000507,0000425,0000001352,''),
    (00000508,0000426,0000001355,''),
    (00000509,0000427,0000001358,''),
    (00000511,0000429,0000001364,''),
    (00000513,0000431,0000001370,''),
    (00000514,0000204,0000001373,''),
    (00000515,0000432,0000001374,''),
    (00000516,0000148,0000001377,''),
    (00000517,0000017,0000001378,''),
    (00000518,0000433,0000001379,''),
    (00000519,0000434,0000001382,''),
    (00000520,0000435,0000001385,''),
    (00000521,0000436,0000001388,''),
    (00000522,0000437,0000001391,''),
    (00000523,0000438,0000001393,''),
    (00000524,0000439,0000001396,''),
    (00000525,0000378,0000001399,''),
    (00000526,0000440,0000001400,''),
    (00000527,0000441,0000001403,''),
    (00000529,0000261,0000001409,''),
    (00000531,0000416,0000001319,''),
    (00000532,0000416,0000001410,''),
    (00000533,0000444,0000001413,''),
    (00000534,0000445,0000001416,''),
    (00000535,0000446,0000001419,''),
    (00000536,0000447,0000001421,''),
    (00000537,0000448,0000001424,''),
    (00000538,0000449,0000001427,''),
    (00000539,0000450,0000001430,''),
    (00000540,0000451,0000001433,''),
    (00000541,0000338,0000001436,''),
    (00000542,0000452,0000001437,''),
    (00000543,0000199,0000001440,''),
    (00000544,0000453,0000001441,''),
    (00000545,0000261,0000001444,''),
    (00000546,0000454,0000001445,''),
    (00000548,0000456,0000001450,''),
    (00000549,0000457,0000001453,''),
    (00000550,0000338,0000001456,''),
    (00000553,0000460,0000001465,''),
    (00000554,0000461,0000001468,''),
    (00000555,0000462,0000001471,''),
    (00000556,0000463,0000001474,''),
    (00000557,0000464,0000001477,''),
    (00000559,0000466,0000001483,''),
    (00000560,0000467,0000001486,''),
    (00000561,0000468,0000001492,''),
    (00000562,0000469,0000001495,''),
    (00000563,0000470,0000001498,''),
    (00000564,0000034,0000001361,''),
    (00000565,0000154,0000000649,''),
    (00000566,0000471,0000001507,''),
    (00000567,0000472,0000001511,''),
    (00000568,0000473,0000001514,''),
    (00000570,0000475,0000001523,''),
    (00000571,0000282,0000001520,''),
    (00000572,0000476,0000001528,''),
    (00000573,0000477,0000001532,''),
    (00000575,0000477,0000001535,''),
    (00000576,0000212,0000001406,''),
    (00000577,0000479,0000001538,''),
    (00000578,0000480,0000001541,''),
    (00000580,0000482,0000001548,''),
    (00000582,0000484,0000001554,''),
    (00000584,0000419,0000001560,''),
    (00000585,0000486,0000001562,''),
    (00000588,0000489,0000001571,''),
    (00000589,0000490,0000001575,''),
    (00000590,0000491,0000001582,''),
    (00000591,0000492,0000001585,''),
    (00000593,0000180,0000001591,''),
    (00000594,0000180,0000001592,''),
    (00000595,0000403,0000001593,''),
    (00000596,0000494,0000001594,''),
    (00000597,0000495,0000001597,''),
    (00000598,0000496,0000001600,''),
    (00000599,0000497,0000001603,''),
    (00000600,0000498,0000001606,''),
    (00000601,0000499,0000001609,''),
    (00000602,0000500,0000001612,''),
    (00000603,0000304,0000001615,''),
    (00000604,0000321,0000001616,''),
    (00000605,0000382,0000001617,''),
    (00000606,0000501,0000001618,''),
    (00000607,0000502,0000001621,''),
    (00000609,0000392,0000001627,''),
    (00000610,0000504,0000001628,''),
    (00000611,0000505,0000001631,''),
    (00000612,0000506,0000001633,''),
    (00000613,0000507,0000001636,''),
    (00000614,0000508,0000001639,''),
    (00000615,0000509,0000001642,''),
    (00000617,0000509,0000001645,''),
    (00000618,0000511,0000001648,''),
    (00000620,0000513,0000001654,''),
    (00000621,0000380,0000001657,''),
    (00000622,0000514,0000001658,''),
    (00000623,0000515,0000001661,''),
    (00000624,0000360,0000001624,''),
    (00000625,0000516,0000001664,''),
    (00000626,0000517,0000001667,''),
    (00000627,0000518,0000001670,''),
    (00000628,0000518,0000000889,''),
    (00000629,0000154,0000001673,''),
    (00000630,0000519,0000001674,''),
    (00000631,0000520,0000001677,''),
    (00000632,0000521,0000001680,''),
    (00000634,0000521,0000001683,''),
    (00000636,0000521,0000001686,''),
    (00000637,0000524,0000001689,''),
    (00000638,0000525,0000001692,''),
    (00000639,0000372,0000001695,''),
    (00000640,0000288,0000001696,''),
    (00000641,0000526,0000001697,''),
    (00000642,0000527,0000001700,''),
    (00000643,0000528,0000001703,''),
    (00000644,0000374,0000001706,''),
    (00000645,0000529,0000001707,''),
    (00000648,0000142,0000001713,''),
    (00000649,0000532,0000001716,''),
    (00000650,0000533,0000001718,''),
    (00000651,0000534,0000001721,''),
    (00000652,0000535,0000001724,''),
    (00000653,0000410,0000001729,''),
    (00000654,0000536,0000001730,''),
    (00000655,0000537,0000001732,''),
    (00000656,0000538,0000001735,''),
    (00000657,0000539,0000001739,''),
    (00000659,0000541,0000001744,''),
    (00000660,0000542,0000001747,''),
    (00000661,0000543,0000001750,''),
    (00000662,0000544,0000001753,''),
    (00000663,0000545,0000001756,''),
    (00000664,0000546,0000001758,''),
    (00000665,0000547,0000001761,''),
    (00000666,0000548,0000001773,''),
    (00000667,0000549,0000001779,''),
    (00000668,0000550,0000001783,''),
    (00000669,0000551,0000001786,''),
    (00000670,0000552,0000001788,''),
    (00000671,0000553,0000001791,''),
    (00000672,0000554,0000001794,''),
    (00000673,0000555,0000001796,''),
    (00000674,0000556,0000001801,''),
    (00000675,0000557,0000001804,''),
    (00000676,0000558,0000001806,''),
    (00000677,0000559,0000001808,''),
    (00000679,0000513,0000001811,''),
    (00000680,0000561,0000001814,''),
    (00000681,0000473,0000001817,''),
    (00000682,0000562,0000001819,''),
    (00000683,0000563,0000001822,''),
    (00000684,0000564,0000001825,''),
    (00000685,0000565,0000001828,''),
    (00000686,0000565,0000001710,''),
    (00000687,0000566,0000001831,''),
    (00000689,0000568,0000001836,''),
    (00000690,0000568,0000001834,''),
    (00000691,0000569,0000001840,''),
    (00000693,0000569,0000001843,''),
    (00000694,0000571,0000001845,''),
    (00000696,0000571,0000001848,''),
    (00000697,0000573,0000001855,''),
    (00000698,0000574,0000001858,''),
    (00000699,0000575,0000001861,''),
    (00000701,0000500,0000001864,''),
    (00000702,0000577,0000001867,''),
    (00000703,0000578,0000001870,''),
    (00000705,0000425,0000001875,''),
    (00000706,0000399,0000001878,''),
    (00000707,0000580,0000001879,''),
    (00000709,0000432,0000001882,''),
    (00000710,0000582,0000001885,''),
    (00000711,0000583,0000001888,''),
    (00000712,0000584,0000001891,''),
    (00000714,0000366,0000001894,''),
    (00000715,0000384,0000001897,''),
    (00000716,0000586,0000001898,''),
    (00000717,0000587,0000001901,''),
    (00000718,0000365,0000001904,''),
    (00000719,0000588,0000001905,''),
    (00000720,0000589,0000001908,''),
    (00000721,0000590,0000001911,''),
    (00000722,0000396,0000001913,''),
    (00000723,0000206,0000001914,''),
    (00000724,0000591,0000001915,''),
    (00000725,0000592,0000001918,''),
    (00000726,0000593,0000001921,''),
    (00000727,0000292,0000001924,''),
    (00000728,0000594,0000001925,''),
    (00000729,0000595,0000001928,''),
    (00000730,0000596,0000001931,''),
    (00000733,0000188,0000001934,''),
    (00000734,0000598,0000001937,''),
    (00000735,0000599,0000001940,''),
    (00000736,0000600,0000001943,''),
    (00000737,0000601,0000001946,''),
    (00000738,0000602,0000001949,''),
    (00000739,0000603,0000001952,''),
    (00000740,0000604,0000001955,''),
    (00000742,0000272,0000001958,''),
    (00000743,0000407,0000001960,''),
    (00000744,0000606,0000001961,''),
    (00000745,0000607,0000001964,''),
    (00000746,0000608,0000001967,''),
    (00000747,0000609,0000001970,''),
    (00000748,0000577,0000001973,''),
    (00000749,0000610,0000001974,''),
    (00000751,0000610,0000001977,''),
    (00000752,0000612,0000001980,''),
    (00000753,0000613,0000001983,''),
    (00000754,0000614,0000001986,''),
    (00000755,0000615,0000001989,''),
    (00000756,0000616,0000001992,''),
    (00000757,0000617,0000001995,''),
    (00000758,0000618,0000001998,''),
    (00000759,0000619,0000002000,''),
    (00000760,0000620,0000002003,''),
    (00000761,0000621,0000002006,''),
    (00000762,0000622,0000002009,''),
    (00000763,0000623,0000002012,''),
    (00000765,0000550,0000002016,''),
    (00000766,0000625,0000002019,''),
    (00000767,0000626,0000002022,''),
    (00000768,0000627,0000002029,''),
    (00000769,0000628,0000002033,''),
    (00000770,0000629,0000002035,''),
    (00000771,0000630,0000002037,''),
    (00000772,0000631,0000002040,''),
    (00000773,0000632,0000002043,''),
    (00000774,0000633,0000002046,''),
    (00000775,0000634,0000002049,''),
    (00000776,0000635,0000002053,''),
    (00000778,0000571,0000002056,''),
    (00000779,0000637,0000002060,''),
    (00000780,0000638,0000002063,''),
    (00000781,0000639,0000002066,''),
    (00000783,0000155,0000002069,''),
    (00000784,0000641,0000002072,''),
    (00000785,0000642,0000002076,''),
    (00000786,0000643,0000002079,''),
    (00000787,0000644,0000002081,''),
    (00000788,0000645,0000002084,''),
    (00000789,0000646,0000002087,''),
    (00000791,0000647,0000002090,''),
    (00000792,0000648,0000002093,''),
    (00000793,0000649,0000002097,''),
    (00000794,0000650,0000002100,''),
    (00000795,0000651,0000002103,''),
    (00000796,0000652,0000002106,''),
    (00000798,0000547,0000002109,''),
    (00000799,0000654,0000002113,''),
    (00000800,0000655,0000002116,''),
    (00000801,0000656,0000002119,''),
    (00000802,0000657,0000002120,''),
    (00000803,0000658,0000002123,''),
    (00000804,0000659,0000002126,''),
    (00000805,0000660,0000002129,''),
    (00000806,0000661,0000002135,''),
    (00000807,0000662,0000002138,''),
    (00000808,0000663,0000002141,''),
    (00000809,0000651,0000002144,''),
    (00000810,0000664,0000002145,''),
    (00000813,0000426,0000002150,''),
    (00000817,0000669,0000002156,''),
    (00000818,0000670,0000002160,''),
    (00000819,0000671,0000002163,''),
    (00000820,0000672,0000002166,''),
    (00000821,0000673,0000002169,''),
    (00000822,0000674,0000002172,''),
    (00000823,0000675,0000002175,''),
    (00000824,0000676,0000002178,''),
    (00000825,0000677,0000002181,''),
    (00000826,0000678,0000002184,''),
    (00000827,0000679,0000002187,''),
    (00000828,0000680,0000002190,''),
    (00000829,0000450,0000002193,''),
    (00000830,0000681,0000002194,''),
    (00000831,0000682,0000002197,''),
    (00000832,0000683,0000002200,''),
    (00000833,0000684,0000002203,''),
    (00000834,0000685,0000002206,''),
    (00000835,0000686,0000002209,''),
    (00000836,0000687,0000002212,''),
    (00000837,0000651,0000002215,''),
    (00000838,0000688,0000002216,''),
    (00000839,0000689,0000002219,''),
    (00000840,0000690,0000002222,''),
    (00000841,0000691,0000002225,''),
    (00000842,0000692,0000002228,''),
    (00000843,0000165,0000002231,''),
    (00000844,0000374,0000002232,''),
    (00000845,0000693,0000002233,''),
    (00000846,0000694,0000002236,''),
    (00000847,0000295,0000002239,''),
    (00000848,0000695,0000002240,''),
    (00000849,0000471,0000002243,''),
    (00000850,0000696,0000002244,''),
    (00000852,0000412,0000002247,''),
    (00000853,0000698,0000002250,''),
    (00000854,0000699,0000002253,''),
    (00000855,0000700,0000002256,''),
    (00000856,0000701,0000002259,''),
    (00000857,0000702,0000002262,''),
    (00000859,0000616,0000002265,''),
    (00000860,0000704,0000002268,''),
    (00000861,0000705,0000002271,''),
    (00000862,0000706,0000002274,''),
    (00000863,0000707,0000002277,''),
    (00000864,0000708,0000002280,''),
    (00000865,0000709,0000002283,''),
    (00000866,0000710,0000002286,''),
    (00000867,0000711,0000002293,''),
    (00000868,0000712,0000002296,''),
    (00000869,0000713,0000002299,''),
    (00000870,0000714,0000002302,''),
    (00000871,0000715,0000002306,''),
    (00000872,0000716,0000002309,''),
    (00000873,0000717,0000002313,''),
    (00000874,0000718,0000002316,''),
    (00000875,0000719,0000002319,''),
    (00000876,0000720,0000002323,''),
    (00000877,0000721,0000002327,''),
    (00000878,0000722,0000002330,''),
    (00000879,0000496,0000002333,''),
    (00000880,0000723,0000002334,''),
    (00000881,0000724,0000002337,''),
    (00000882,0000725,0000002340,''),
    (00000883,0000430,0000001367,''),
    (00000884,0000156,0000002348,''),
    (00000885,0000726,0000002350,''),
    (00000886,0000727,0000002353,''),
    (00000887,0000728,0000002357,''),
    (00000888,0000729,0000002360,''),
    (00000889,0000730,0000002364,''),
    (00000890,0000731,0000002367,''),
    (00000891,0000732,0000002371,''),
    (00000892,0000733,0000002374,''),
    (00000893,0000734,0000002380,''),
    (00000894,0000735,0000002383,''),
    (00000895,0000736,0000002386,''),
    (00000896,0000737,0000002389,''),
    (00000897,0000738,0000002392,''),
    (00000898,0000739,0000002395,''),
    (00000899,0000740,0000002398,''),
    (00000900,0000741,0000002401,''),
    (00000901,0000742,0000002404,''),
    (00000902,0000743,0000002407,''),
    (00000903,0000744,0000002411,''),
    (00000905,0000746,0000002417,''),
    (00000906,0000747,0000002420,''),
    (00000907,0000430,0000002425,''),
    (00000908,0000499,0000002426,''),
    (00000909,0000748,0000002427,''),
    (00000910,0000749,0000002430,''),
    (00000911,0000750,0000002433,''),
    (00000912,0000751,0000002436,''),
    (00000913,0000752,0000002441,''),
    (00000914,0000753,0000002444,''),
    (00000915,0000754,0000002447,''),
    (00000916,0000755,0000002450,''),
    (00000917,0000756,0000002453,''),
    (00000918,0000757,0000002456,''),
    (00000919,0000468,0000002459,''),
    (00000921,0000132,0000002460,''),
    (00000922,0000759,0000002463,''),
    (00000923,0000760,0000002466,''),
    (00000924,0000761,0000002469,''),
    (00000925,0000439,0000002472,''),
    (00000926,0000762,0000002473,''),
    (00000927,0000763,0000002476,''),
    (00000928,0000764,0000002479,''),
    (00000929,0000765,0000002482,''),
    (00000931,0000024,0000002485,''),
    (00000932,0000767,0000002488,''),
    (00000933,0000767,0000002490,''),
    (00000934,0000768,0000002491,''),
    (00000935,0000769,0000002495,''),
    (00000936,0000770,0000002498,''),
    (00000937,0000771,0000002501,''),
    (00000938,0000771,0000002504,''),
    (00000939,0000772,0000002505,''),
    (00000940,0000773,0000002508,''),
    (00000941,0000774,0000002511,''),
    (00000942,0000775,0000002514,''),
    (00000943,0000776,0000002517,''),
    (00000944,0000777,0000002520,''),
    (00000945,0000778,0000002523,''),
    (00000946,0000779,0000002526,''),
    (00000947,0000780,0000002529,''),
    (00000948,0000781,0000002532,''),
    (00000949,0000782,0000002535,''),
    (00000950,0000783,0000002537,''),
    (00000951,0000784,0000002541,''),
    (00000952,0000785,0000002545,''),
    (00000953,0000786,0000002548,''),
    (00000954,0000787,0000002555,''),
    (00000955,0000788,0000002558,''),
    (00000956,0000789,0000002563,''),
    (00000957,0000403,0000002566,''),
    (00000958,0000790,0000002567,''),
    (00000959,0000791,0000002570,''),
    (00000960,0000792,0000002573,''),
    (00000961,0000289,0000002576,''),
    (00000962,0000793,0000002577,''),
    (00000963,0000794,0000002580,''),
    (00000964,0000795,0000002583,''),
    (00000965,0000796,0000002586,''),
    (00000966,0000797,0000002589,''),
    (00000967,0000798,0000002592,''),
    (00000968,0000799,0000002595,''),
    (00000969,0000800,0000002598,''),
    (00000970,0000801,0000002601,''),
    (00000971,0000802,0000002604,''),
    (00000972,0000803,0000002607,''),
    (00000973,0000504,0000002610,''),
    (00000974,0000804,0000002611,''),
    (00000975,0000367,0000002614,''),
    (00000976,0000805,0000002615,''),
    (00000977,0000806,0000002618,''),
    (00000978,0000807,0000002621,''),
    (00000979,0000808,0000002624,''),
    (00000980,0000809,0000002627,''),
    (00000981,0000810,0000002630,''),
    (00000982,0000811,0000002633,''),
    (00000983,0000812,0000002636,''),
    (00000984,0000813,0000002639,''),
    (00000985,0000814,0000002642,''),
    (00000986,0000815,0000002645,''),
    (00000987,0000816,0000002648,''),
    (00000988,0000787,0000002651,''),
    (00000989,0000817,0000002652,''),
    (00000990,0000818,0000002654,''),
    (00000991,0000819,0000002657,''),
    (00000992,0000820,0000002660,''),
    (00000993,0000821,0000002663,''),
    (00000994,0000772,0000002666,''),
    (00000995,0000822,0000002667,''),
    (00000996,0000823,0000002670,''),
    (00000997,0000824,0000002673,''),
    (00000998,0000825,0000002676,''),
    (00000999,0000705,0000002679,''),
    (00001000,0000826,0000002680,''),
    (00001001,0000827,0000002683,''),
    (00001002,0000828,0000002686,''),
    (00001003,0000829,0000002689,''),
    (00001004,0000830,0000002692,''),
    (00001005,0000438,0000002695,''),
    (00001006,0000831,0000002696,''),
    (00001007,0000607,0000002699,''),
    (00001008,0000832,0000002700,''),
    (00001009,0000833,0000002702,''),
    (00001010,0000834,0000002705,''),
    (00001011,0000835,0000002708,''),
    (00001012,0000836,0000002711,''),
    (00001013,0000660,0000002714,''),
    (00001014,0000837,0000002715,''),
    (00001015,0000838,0000002719,''),
    (00001016,0000839,0000002723,''),
    (00001017,0000840,0000002726,''),
    (00001018,0000841,0000002729,''),
    (00001019,0000842,0000002737,''),
    (00001020,0000843,0000002740,''),
    (00001021,0000844,0000002743,''),
    (00001022,0000845,0000002746,''),
    (00001023,0000846,0000002749,''),
    (00001024,0000847,0000002752,''),
    (00001025,0000848,0000002754,''),
    (00001026,0000849,0000002757,''),
    (00001027,0000849,0000002760,''),
    (00001028,0000850,0000002761,''),
    (00001029,0000851,0000002764,''),
    (00001030,0000852,0000002767,''),
    (00001031,0000853,0000002770,'');

--
-- Dumping data for table `gibbonFinanceFeeCategory`
--
-- WHERE:  gibbonFinanceFeeCategoryID>1
INSERT INTO `gibbonFinanceFeeCategory` (`gibbonFinanceFeeCategoryID`, `name`, `nameShort`, `description`, `active`, `gibbonPersonIDCreator`, `timestampCreator`, `gibbonPersonIDUpdate`, `timestampUpdate`)
VALUES
    (0019,'Tuition Fee','TUIT','School Tuition ','Y',0000001810,'2017-04-12 04:43:01',0000000857,'2017-05-22 01:59:14'),
    (0020,'Debenture','DEB','Non-Refundable Debenture','Y',0000001810,'2017-05-22 01:41:23',0000000857,'2017-05-22 03:29:17'),
    (0021,'Public Exam Fee','EXAM','','Y',0000000857,'2017-06-15 07:02:52',NULL,NULL),
    (0022,'Misc Deposit','DEP','Deposit for Activities and Miscellaneous Costs','Y',0000000857,'2018-06-27 03:25:45',NULL,NULL);

--
-- Dumping data for table `gibbonHouse`
--
INSERT INTO `gibbonHouse` (`gibbonHouseID`, `name`, `nameShort`, `logo`)
VALUES
    (009,'Ming','M',''),
    (010,'Song','S',''),
    (011,'Tang','T','');

--
-- Dumping data for table `gibbonLibraryItem`
--
INSERT INTO `gibbonLibraryItem` (`gibbonLibraryItemID`, `gibbonLibraryItemIDParent`, `gibbonLibraryTypeID`, `id`, `name`, `producer`, `fields`, `vendor`, `purchaseDate`, `invoiceNumber`, `cost`, `imageType`, `imageLocation`, `comment`, `gibbonSpaceID`, `locationDetail`, `ownershipType`, `gibbonPersonIDOwnership`, `gibbonDepartmentID`, `replacement`, `replacementCost`, `gibbonSchoolYearIDReplacement`, `physicalCondition`, `bookable`, `borrowable`, `status`, `gibbonPersonIDStatusResponsible`, `gibbonPersonIDStatusRecorder`, `timestampStatus`, `returnExpected`, `returnAction`, `gibbonPersonIDReturnAction`, `gibbonPersonIDCreator`, `timestampCreator`, `gibbonPersonIDUpdate`, `timestampUpdate`)
VALUES
    (0000000005,NULL,00004,'03538','Howards End','E. M. Forster, Regina Marler, Benjamin DeMott','{\"Format\":\"Book\",\"Publisher\":\"Signet Classic\",\"Publication Date\":\"06\\/11\\/2007\",\"Country of Publication\":\"\",\"Edition\":\"\",\"ISBN10\":\"0451530462\",\"ISBN13\":\"9780451530462\",\"Description\":\"The classic novel explores the divisions of culture and class in late-Victorian England through the story of a disputed inheritance.\",\"Subjects\":\"\",\"Collection\":\"Fiction - Classics\",\"Control Number\":\"\",\"Cataloging Authority\":\"\",\"Reader Age (Youngest)\":\"\",\"Reader Age (Oldest)\":\"\",\"Page Count\":\"281\",\"Height\":\"\",\"Width\":\"\",\"Thickness\":\"\",\"Language\":\"en\",\"Link\":\"http:\\/\\/books.google.com\\/books?id=iaVLeokzxFIC&dq=isbn:9780451530462&hl=&source=gbs_api\"}','',NULL,'',NULL,'Link','http://books.google.com/books?id=iaVLeokzxFIC&printsec=frontcover&img=1&zoom=1&source=gbs_api','',00013,'Classics (F FOR)','',NULL,NULL,'N',NULL,NULL,'','N','Y','On Loan',0000002469,0000000001,'2021-06-17 10:19:56','2021-06-08','',0000000000,0000000823,'2012-10-04 16:04:08',0000000823,'2012-10-30 10:30:05'),
    (0000000006,NULL,00004,'03535','Tender Is the Night','F. Scott Fitzgerald','{\"Format\":\"Book\",\"Publisher\":\"Penguin Classics\",\"Publication Date\":\"1997\",\"Country of Publication\":\"\",\"Edition\":\"\",\"ISBN10\":\"0140622608\",\"ISBN13\":\"9780140622607\",\"Description\":\"To the French Riviera come Dick and Nicole Diver. Handsome, rich and glamorous, their dinners are legendary, their atmosphere magnetic. But something is wrong - Nicole has a secret and Dick a weakness. Together they head towards the rocks on which their lives crash - and only one of them really survives. Fitzgerald worked on seventeen versions of this novel, the obsessions of which consumed his marriage and his life.\",\"Subjects\":\"\",\"Collection\":\"Fiction - Classics\",\"Control Number\":\"\",\"Cataloging Authority\":\"\",\"Reader Age (Youngest)\":\"\",\"Reader Age (Oldest)\":\"\",\"Page Count\":\"392\",\"Height\":\"\",\"Width\":\"\",\"Thickness\":\"\",\"Language\":\"en\",\"Link\":\"http:\\/\\/books.google.com\\/books?id=jbZgQgAACAAJ&dq=isbn:9780140622607&hl=&source=gbs_api\"}','',NULL,'',NULL,'Link','http://books.google.com/books?id=jbZgQgAACAAJ&printsec=frontcover&img=1&zoom=1&source=gbs_api','',00013,'Classics (F FIT)','',NULL,NULL,'N',NULL,NULL,'','N','Y','Available',NULL,NULL,NULL,NULL,'',NULL,0000000823,'2012-10-04 16:13:57',0000000823,'2012-10-30 10:38:46'),
    (0000000008,NULL,00004,'06556','Who\'s afraid of Virginia Woolf?','Edward Albee','{\"Format\":\"Book\",\"Publisher\":\"Signet\",\"Publication Date\":\"1983\",\"Country of Publication\":\"\",\"Edition\":\"\",\"ISBN10\":\"0451158717\",\"ISBN13\":\"9780451158710\",\"Description\":\"A social event becomes a personal challenge for two faculty members and thier wives at a small New England college as their inner fears and desires are exposed. Reprint.\",\"Subjects\":\"Drama\",\"Collection\":\"\",\"Control Number\":\"\",\"Cataloging Authority\":\"\",\"Reader Age (Youngest)\":\"\",\"Reader Age (Oldest)\":\"\",\"Page Count\":\"242\",\"Height\":\"\",\"Width\":\"\",\"Thickness\":\"\",\"Language\":\"en\",\"Link\":\"http:\\/\\/books.google.com\\/books?id=noSCftZGbPMC&dq=isbn:9780451158710&hl=&source=gbs_api\"}','',NULL,'',NULL,'Link','http://books.google.com/books?id=noSCftZGbPMC&printsec=frontcover&img=1&zoom=1&source=gbs_api','',00013,'Play (812.54 ALB)','',NULL,NULL,'N',NULL,NULL,'','N','Y','Available',NULL,NULL,NULL,NULL,NULL,NULL,0000000823,'2012-10-04 16:20:34',0000000689,'2017-10-12 09:33:41'),
    (0000000009,NULL,00004,'03518','Animal Farm','George Orwell, Russell Baker, Christopher Montague Woodhouse','{\"Format\":\"Book\",\"Publisher\":\"Signet Classics\",\"Publication Date\":\"1996\",\"Country of Publication\":\"\",\"Edition\":\"\",\"ISBN10\":\"0451526341\",\"ISBN13\":\"9780451526342\",\"Description\":\"Featuring a new preface, this classic satire on totalitarianism in which farm animals overthrow their human owner and set up their own government is once again brought to life for a new generation of readers. Reissue.\",\"Subjects\":\"\",\"Collection\":\"Fiction - Classics\",\"Control Number\":\"\",\"Cataloging Authority\":\"\",\"Reader Age (Youngest)\":\"\",\"Reader Age (Oldest)\":\"\",\"Page Count\":\"140\",\"Height\":\"\",\"Width\":\"\",\"Thickness\":\"\",\"Language\":\"en\",\"Link\":\"\"}','',NULL,'',NULL,'Link','http://books.google.com/books?id=SGAZdjNfruYC&printsec=frontcover&img=1&zoom=1&source=gbs_api','',00013,'Class Read 3','',NULL,NULL,'N',NULL,NULL,'','N','Y','Available',NULL,NULL,NULL,NULL,'',NULL,0000000823,'2012-10-05 08:14:04',0000000689,'2015-12-08 14:54:43'),
    (0000000010,NULL,00004,'04011','The Good Soldier Švejk','Jaroslav Hašek','{\"Format\":\"Book\",\"Publisher\":\"Penguin Classics\",\"Publication Date\":\"01\\/12\\/2005\",\"Country of Publication\":\"\",\"Edition\":\"\",\"ISBN10\":\"0140449914\",\"ISBN13\":\"9780140449914\",\"Description\":\"In The Good Soldier Svejk, celebrated Czech writer and anarchist Jaroslav Hasek combined dazzling wordplay and piercing satire in a hilariously subversive depiction of the futility of war. Good-natured and garrulous, Svejk becomes the Austrian army\'s most loyal Czech soldier when he is called up on the outbreak of World War I\\u2014although his bumbling attempts to get to the front serve only to prevent him from reaching it. Playing cards and getting drunk, he uses all his cunning and genial subterfuge to deal with the police, clergy, and officers who chivy him toward battle. Cecil Parrott\'s vibrant translation conveys the brilliant irreverence of this classic about a hapless Everyman caught in a vast bureaucratic machine. \\u201cBrilliant . . . Perhaps the funniest novel ever written.\\u201d \\u2014George Monbiot\",\"Subjects\":\"\",\"Collection\":\"Fiction - Classics\",\"Control Number\":\"\",\"Cataloging Authority\":\"\",\"Reader Age (Youngest)\":\"\",\"Reader Age (Oldest)\":\"\",\"Page Count\":\"752\",\"Height\":\"\",\"Width\":\"\",\"Thickness\":\"\",\"Language\":\"en\",\"Link\":\"http:\\/\\/books.google.com\\/books?id=A1hgPQAACAAJ&dq=isbn:9780140449914&hl=&source=gbs_api\"}','',NULL,'',NULL,'Link','http://books.google.com/books?id=A1hgPQAACAAJ&printsec=frontcover&img=1&zoom=1&source=gbs_api','',00013,'Classics (F HAS)','',NULL,NULL,'N',NULL,NULL,'','N','Y','Available',NULL,NULL,NULL,NULL,'',NULL,0000000823,'2012-10-05 08:16:23',0000000823,'2012-10-30 10:09:57'),
    (0000000011,NULL,00004,'06904','Pride and Prejudice','Jane Austen, Meg Cabot','{\"Format\":\"Book\",\"Publisher\":\"Bloomsbury Pub Ltd\",\"Publication Date\":\"05\\/03\\/2007\",\"Country of Publication\":\"\",\"Edition\":\"\",\"ISBN10\":\"0747587485\",\"ISBN13\":\"9780747587484\",\"Description\":\"Elizabeth Bennet\'s chances of happiness are endangered by the foibles of human nature in this classic nineteenth-century novel.\",\"Subjects\":\"\",\"Collection\":\"Fiction - Classics\",\"Control Number\":\"\",\"Cataloging Authority\":\"\",\"Reader Age (Youngest)\":\"\",\"Reader Age (Oldest)\":\"\",\"Page Count\":\"352\",\"Height\":\"\",\"Width\":\"\",\"Thickness\":\"\",\"Language\":\"en\",\"Link\":\"http:\\/\\/books.google.com\\/books?id=tigfAAAACAAJ&dq=isbn:9780747587484&hl=&source=gbs_api\"}','',NULL,'',NULL,'Link','http://books.google.com/books?id=tigfAAAACAAJ&printsec=frontcover&img=1&zoom=1&source=gbs_api','',00013,'Classics (F AUS)','',NULL,NULL,'N',NULL,NULL,'','N','Y','Available',NULL,NULL,NULL,NULL,'',NULL,0000000823,'2012-10-05 08:18:51',0000000823,'2012-11-07 11:42:37'),
    (0000000012,NULL,00004,'01139','The Grapes of Wrath','John Steinbeck','{\"Format\":\"Book\",\"Publisher\":\"ePenguin\",\"Publication Date\":\"26\\/04\\/2001\",\"Country of Publication\":\"\",\"Edition\":\"\",\"ISBN10\":\"0140292926\",\"ISBN13\":\"9780140292923\",\"Description\":\"Shocking and controversial when it was first published in 1939, Steinbeck\'s Pulitzer Prize-winning epic remains his undisputed masterpiece. Set against the background of dust bowl Oklahoma and Californian migrant life, it tells of the Joad family, who, like thousands of others, are forced to travel West in search of the promised land. Their story is one of false hopes, thwarted desires and broken dreams, yet out of their suffering Steinbeck created a drama that is intensely human yet majestic in its scale and moral vision; an eloquent tribute to the endurance and dignity of the human spirit.\",\"Subjects\":\"\",\"Collection\":\"Fiction - Classics\",\"Control Number\":\"\",\"Cataloging Authority\":\"\",\"Reader Age (Youngest)\":\"\",\"Reader Age (Oldest)\":\"\",\"Page Count\":\"544\",\"Height\":\"\",\"Width\":\"\",\"Thickness\":\"\",\"Language\":\"en\",\"Link\":\"http:\\/\\/books.google.com\\/books?id=rK34BBMEnoAC&dq=isbn:9780140292923&hl=&source=gbs_api\"}','',NULL,'',NULL,'Link','http://books.google.com/books?id=rK34BBMEnoAC&printsec=frontcover&img=1&zoom=1&source=gbs_api','',00013,'Classics (F STE)','',NULL,NULL,'N',NULL,NULL,'','N','Y','Available',NULL,NULL,NULL,NULL,'',NULL,0000000823,'2012-10-05 08:20:18',0000000823,'2012-10-30 10:10:47'),
    (0000000013,NULL,00004,'04986','COMPLETE FAIRY TALES, THE','Jacob W. Grimm, IRMAOS GRIMM, Wilhelm K. Grimm','{\"Format\":\"Book\",\"Publisher\":\"\",\"Publication Date\":\"20\\/05\\/2009\",\"Country of Publication\":\"\",\"Edition\":\"\",\"ISBN10\":\"1840221747\",\"ISBN13\":\"9781840221749\",\"Description\":\"Jacob Grimm (1785-1863) and his brother Wilhelm (1786-1859) were philologists and folklorists. The brothers rediscovered a host of fairy tales, telling of princes and princesses in their castles, witches in their towers and forests, of giants and dwarfs, of fabulous animals and dark deeds. Together with the well-known tales of \'Rapunzel\', \'The Goose-Girl\', \'Sleeping Beauty\', \'Hansel and Gretel\' and \'Snow White\', there are the darker tales such as \'Death\'s Messengers\' which deserve to be better known, and which will appeal not only to allwho are interested in the history of folklore, but also to all those who simply love good story-telling.\",\"Subjects\":\"\",\"Collection\":\"Fiction - Classics\",\"Control Number\":\"\",\"Cataloging Authority\":\"\",\"Reader Age (Youngest)\":\"\",\"Reader Age (Oldest)\":\"\",\"Page Count\":\"848\",\"Height\":\"\",\"Width\":\"\",\"Thickness\":\"\",\"Language\":\"en\",\"Link\":\"http:\\/\\/books.google.com\\/books?id=gxKcPwAACAAJ&dq=isbn:9781840221749&hl=&source=gbs_api\"}','',NULL,'',NULL,'Link','http://books.google.com/books?id=gxKcPwAACAAJ&printsec=frontcover&img=1&zoom=1&source=gbs_api','',00013,'Classics (F GRI)','',NULL,NULL,'N',NULL,NULL,'','N','Y','Available',NULL,NULL,NULL,NULL,'',NULL,0000000823,'2012-10-05 08:23:52',0000000823,'2012-10-30 10:09:43'),
    (0000000014,NULL,00004,'00222','Wuthering Heights','Emily Brontë','{\"Format\":\"Book\",\"Publisher\":\"Wilder Publications Limited\",\"Publication Date\":\"30\\/11\\/2007\",\"Country of Publication\":\"\",\"Edition\":\"\",\"ISBN10\":\"160459117X\",\"ISBN13\":\"9781604591170\",\"Description\":\"The tale of Heathcliff\'s and Cathy\'s ungovernable love and suffering, and the havoc that their passion wreaks on the families of the Earnshaws and the Lintons, shocked the book\'s first readers, with even Emily\'s sister Charlotte claiming Whether it is right or advisable to create beings like Heathcliff, I do not know. I scarcely think it is.\",\"Subjects\":\"\",\"Collection\":\"Fiction - Classics\",\"Control Number\":\"\",\"Cataloging Authority\":\"\",\"Reader Age (Youngest)\":\"\",\"Reader Age (Oldest)\":\"\",\"Page Count\":\"220\",\"Height\":\"\",\"Width\":\"\",\"Thickness\":\"\",\"Language\":\"en\",\"Link\":\"http:\\/\\/books.google.com\\/books?id=SluXuAAACAAJ&dq=isbn:9781604591170&hl=&source=gbs_api\"}','',NULL,'',NULL,'Link','http://books.google.com/books?id=SluXuAAACAAJ&printsec=frontcover&img=1&zoom=1&source=gbs_api','',00013,'Classics (F BRO)','',NULL,NULL,'N',NULL,NULL,'','N','Y','Available',NULL,NULL,NULL,NULL,NULL,NULL,0000000823,'2012-10-05 08:26:07',0000000823,'2012-10-30 10:11:03'),
    (0000000015,NULL,00004,'04071','Alice\'s Adventures in Wonderland','Lewis Carroll','{\"Format\":\"Book\",\"Publisher\":\"Oxford University Press\",\"Publication Date\":\"03\\/11\\/2005\",\"Country of Publication\":\"\",\"Edition\":\"\",\"ISBN10\":\"0195971299\",\"ISBN13\":\"9780195971293\",\"Description\":\"The New Oxford Progressive English Readers offer a great selection of classic novels and plays from renowned authors that have been abridged in the form of easy-to-read stories for children to enjoy.\",\"Subjects\":\"\",\"Collection\":\"Fiction - Classics\",\"Control Number\":\"\",\"Cataloging Authority\":\"\",\"Reader Age (Youngest)\":\"\",\"Reader Age (Oldest)\":\"\",\"Page Count\":\"72\",\"Height\":\"\",\"Width\":\"\",\"Thickness\":\"\",\"Language\":\"en\",\"Link\":\"http:\\/\\/books.google.com\\/books?id=z2uMAAAACAAJ&dq=isbn:0195971299&hl=&source=gbs_api\"}','',NULL,'',NULL,'Link','http://books.google.com/books?id=z2uMAAAACAAJ&printsec=frontcover&img=1&zoom=1&source=gbs_api','',00013,'Classics (F CAR)','',NULL,NULL,'N',NULL,NULL,'','N','Y','Available',NULL,NULL,NULL,NULL,NULL,NULL,0000000823,'2012-10-05 08:27:55',0000000823,'2012-10-30 10:08:20'),
    (0000000016,NULL,00004,'00470','Wuthering Heights','Emily Brontė, Jim Pipe, Nick Spender','{\"Format\":\"Book\",\"Publisher\":\"Barrons Juveniles\",\"Publication Date\":\"01\\/04\\/2009\",\"Country of Publication\":\"\",\"Edition\":\"\",\"ISBN10\":\"0764140086\",\"ISBN13\":\"9780764140082\",\"Description\":\"Retells in graphic novel format the story of a foundling brought to Wuthering Heights and his lifelong effect on the children of two aristocratic families, and includes background information on the book, author, and timeline.\",\"Subjects\":\"\",\"Collection\":\"Fiction - Classics\",\"Control Number\":\"\",\"Cataloging Authority\":\"\",\"Reader Age (Youngest)\":\"\",\"Reader Age (Oldest)\":\"\",\"Page Count\":\"48\",\"Height\":\"\",\"Width\":\"\",\"Thickness\":\"\",\"Language\":\"en\",\"Link\":\"http:\\/\\/books.google.com\\/books?id=UupQPgAACAAJ&dq=isbn:9780764140082&hl=&source=gbs_api\"}','',NULL,'',NULL,'Link','http://books.google.com/books?id=UupQPgAACAAJ&printsec=frontcover&img=1&zoom=1&source=gbs_api','',00013,'Classics (F BRO)','',NULL,NULL,'N',NULL,NULL,'','N','Y','Available',NULL,NULL,NULL,NULL,NULL,NULL,0000000823,'2012-10-05 08:29:39',0000000823,'2012-10-30 10:10:28');

--
-- Dumping data for table `gibbonOutcome`
--
INSERT INTO `gibbonOutcome` (`gibbonOutcomeID`, `name`, `nameShort`, `category`, `description`, `active`, `scope`, `gibbonDepartmentID`, `gibbonYearGroupIDList`, `gibbonPersonIDCreator`)
VALUES
    (00000081,'Conducting Myself & Relating To Others','ATL-CM','Approach to Learning','','Y','School',NULL,'001,002,003,004,005,006,007',0000000001),
    (00000082,'Working With Other Students','ATL-WWOS','Approach to Learning','','Y','School',NULL,'001,002,003,004,005,006,007',0000000001),
    (00000083,'Working Independently','ATL-WI','Approach to Learning','','Y','School',NULL,'001,002,003,004,005,006,007',0000000001),
    (00000084,'Showing Initiative & Making Choices','ATL-SIMC','Approach to Learning','','Y','School',NULL,'001,002,003,004,005,006,007',0000000001),
    (00000085,'Organisation','ATL-Org','Approach to Learning','','Y','School',NULL,'001,002,003,004,005,006,007',0000000001),
    (00000086,'Attitude To Feedback & Advice','ATL-ATFA','Approach to Learning','','Y','School',NULL,'001,002,003,004,005,006,007',0000000001),
    (00000087,'Resilience & Motivation','ATL-RM','Approach to Learning','','Y','School',NULL,'001,002,003,004,005,006,007',0000000001),
    (00000088,'Attitude To Challenge','ATL-ATC','Approach to Learning','','Y','School',NULL,'001,002,003,004,005,006,007',0000000001),
    (00000240,'Contribution to Class','ATL-CTC','Approach to Learning','','Y','School',NULL,'001,002,003,004,005,006,007',0000000001);

--
-- Dumping data for table `gibbonPlannerEntry`
--
INSERT INTO `gibbonPlannerEntry` (`gibbonPlannerEntryID`, `gibbonCourseClassID`, `gibbonUnitID`, `date`, `timeStart`, `timeEnd`, `name`, `summary`, `description`, `teachersNotes`, `homework`, `homeworkDueDateTime`, `homeworkDetails`, `homeworkTimeCap`, `homeworkLocation`, `homeworkSubmission`, `homeworkSubmissionDateOpen`, `homeworkSubmissionDrafts`, `homeworkSubmissionType`, `homeworkSubmissionRequired`, `homeworkCrowdAssess`, `homeworkCrowdAssessOtherTeachersRead`, `homeworkCrowdAssessOtherParentsRead`, `homeworkCrowdAssessClassmatesParentsRead`, `homeworkCrowdAssessSubmitterParentsRead`, `homeworkCrowdAssessOtherStudentsRead`, `homeworkCrowdAssessClassmatesRead`, `viewableStudents`, `viewableParents`, `gibbonPersonIDCreator`, `gibbonPersonIDLastEdit`, `fields`)
VALUES
    (00000000000006,00002426,0000003065,'2025-06-16','13:10:00','14:20:00','Epic Wallpaper 1','Want To Make Some Eye Candy?, Assessment, Getting Started With Acorn, Fi...','','','N',NULL,'',NULL,NULL,'N',NULL,NULL,'',NULL,'N','N','N','N','N','N','N','Y','Y',0000000001,0000000001,NULL),
    (00000000000007,00002426,0000003065,'2025-06-17','09:40:00','10:50:00','Epic Wallpaper 2','Why So Big?, Layers, Finding A Silhouette, Making A Cutout, Find A Backg...','','','N',NULL,'',NULL,NULL,'N',NULL,NULL,'',NULL,'N','N','N','N','N','N','N','Y','Y',0000000001,0000000001,NULL),
    (00000000000008,00002426,0000003065,'2025-06-23','13:10:00','14:20:00','Epic Wallpaper 3','Hong Kong Style, Apply Your Background, Playtime, Filters, Playtime','','','N',NULL,'',NULL,NULL,'N',NULL,NULL,'',NULL,'N','N','N','N','N','N','N','Y','Y',0000000001,0000000001,NULL),
    (00000000000009,00002426,0000003065,'2025-06-23','14:20:00','15:30:00','Epic Wallpaper 4','Creative Commons License, Text Controls, Playtime','','','N',NULL,'',NULL,NULL,'N',NULL,NULL,'',NULL,'N','N','N','N','N','N','N','Y','Y',0000000001,0000000001,NULL),
    (00000000000010,00002426,0000003065,'2025-06-30','13:10:00','14:20:00','Epic Wallpaper 5','Finish, Export & Submit, Raster vs. Vector','','','N',NULL,'',NULL,NULL,'N',NULL,NULL,'',NULL,'N','N','N','N','N','N','N','Y','Y',0000000001,0000000001,NULL);

--
-- Dumping data for table `gibbonResource`
--
INSERT INTO `gibbonResource` (`gibbonResourceID`, `name`, `description`, `gibbonYearGroupIDList`, `type`, `category`, `purpose`, `tags`, `content`, `gibbonPersonID`, `timestamp`)
VALUES
    (00000000000001,'TED.com','','001,002,003,004,005,006,007','Link','Website','Inspiration','video,expert,allsubjects,self,ted,keynote','http://www.ted.com',0000000001,'2011-10-15 17:14:45'),
    (00000000000002,'rossparker.org','','001,002,003,004,005,006,007','Link','Website','Inspiration','ross parker,resource,blog,teacher,video,cpd,units,lessons','http://rossparker.org',0000000001,'2011-10-15 17:16:14'),
    (00000000000003,'If by Rudyard Kippling','','001,002,003,004,005,006,007','HTML','Poetry','Inspiration','rudyard kipling,poetry,english,literature,self,man,values','<p><span style=\"font-family: Arial;\">IF you can keep your head when all about you <br /> Are losing theirs and blaming it on you,<br /> If you can trust yourself when all men doubt you,<br /> But make allowance for their doubting too;<br /> If you can wait and not be tired by waiting,<br /> Or being lied about, don\'t deal in lies,<br /> Or being hated, don\'t give way to hating,<br /> And yet don\'t look too good, nor talk too wise:<p>If you can dream - and not make dreams your master;<br /> If you can think - and not make thoughts your aim;<br /> If you can meet with Triumph and Disaster<br /> And treat those two impostors just the same;<br /> If you can bear to hear the truth you\'ve spoken<br /> Twisted by knaves to make a trap for fools,<br /> Or watch the things you gave your life to, broken,<br /> And stoop and build \'em up with worn-out tools:</p><p>If you can make one heap of all your winnings <br /> And risk it on one turn of pitch-and-toss,<br /> And lose, and start again at your beginnings<br /> And never breathe a word about your loss;<br /> If you can force your heart and nerve and sinew<br /> To serve your turn long after they are gone,<br /> And so hold on when there is nothing in you<br /> Except the Will which says to them: \'Hold on!\'</p><p>If you can talk with crowds and keep your virtue,<br /> \' Or walk with Kings - nor lose the common touch,<br /> if neither foes nor loving friends can hurt you,<br /> If all men count with you, but none too much;<br /> If you can fill the unforgiving minute<br /> With sixty seconds\' worth of distance run,<br /> Yours is the Earth and everything that\'s in it,<br /> And - which is more - you\'ll be a Man, my son!</p></span></p>',0000000001,'2011-10-15 17:17:53'),
    (00000000000004,'Human Eye in Slow Motion','','001,002,003,004,005,006,007','Link','Video','Other','biology,science,eye','http://www.youtube.com/watch?v=ySMtB5nWxPs#!',0000000001,'2011-10-17 20:13:48'),
    (00000000000005,'iGenius: Steve Jobs','','001,002,003,004,005,006,007','Link','Video','Other','ict,technology,steve jobs,apple,change,culture,business','http://www.youtube.com/watch?v=O1JNLK8fiII#!',0000000001,'2011-10-18 06:44:32'),
    (00000000000006,'The Plastic Bag','','001,002,003,004,005,006,007','HTML','Video','Other','eag,plastic,waste,mockumentary,video,youtube,embed','<p><iframe src=\"http://www.youtube.com/embed/GLgh9h2ePYw\" frameborder=\"0\" height=\"315\" width=\"560\"></iframe></p>',0000000001,'2011-10-20 09:46:18');

--
-- Dumping data for table `gibbonResourceTag`
--
INSERT INTO `gibbonResourceTag` (`gibbonResourceTagID`, `tag`, `count`)
VALUES
    (000000000001,'allsubjects',1),
    (000000000002,'apple',1),
    (000000000003,'biology',1),
    (000000000004,'blog',1),
    (000000000005,'business',1),
    (000000000006,'change',1),
    (000000000007,'cpd',1),
    (000000000008,'culture',1),
    (000000000009,'eag',1),
    (000000000010,'embed',1),
    (000000000011,'english',1),
    (000000000012,'expert',1),
    (000000000013,'eye',1),
    (000000000014,'ict',1),
    (000000000015,'keynote',1),
    (000000000016,'lessons',1),
    (000000000017,'literature',1),
    (000000000018,'man',1),
    (000000000019,'mockumentary',1),
    (000000000020,'plastic',1),
    (000000000021,'poetry',1),
    (000000000022,'resource',1),
    (000000000023,'ross parker',1),
    (000000000024,'rudyard kipling',1),
    (000000000025,'science',1),
    (000000000026,'self',2),
    (000000000027,'steve jobs',1),
    (000000000028,'teacher',1),
    (000000000029,'technology',1),
    (000000000030,'ted',1),
    (000000000031,'units',1),
    (000000000032,'values',1),
    (000000000033,'video',3),
    (000000000034,'waste',1),
    (000000000035,'youtube',1);

--
-- Dumping data for table `gibbonFormGroup`
--
INSERT INTO `gibbonFormGroup` (`gibbonFormGroupID`, `gibbonSchoolYearID`, `name`, `nameShort`, `gibbonPersonIDTutor`, `gibbonPersonIDTutor2`, `gibbonPersonIDTutor3`, `gibbonPersonIDEA`, `gibbonPersonIDEA2`, `gibbonPersonIDEA3`, `gibbonSpaceID`, `gibbonFormGroupIDNext`, `attendance`, `website`)
VALUES
    (00143,025,'07.1','07.1',0000002363,NULL,NULL,NULL,NULL,NULL,00007,00000,'Y',''),
    (00144,025,'07.2','07.2',0000001778,NULL,NULL,NULL,NULL,NULL,00006,00000,'Y',''),
    (00145,025,'07.3','07.3',0000001601,NULL,NULL,NULL,NULL,NULL,00020,00000,'Y',''),
    (00146,025,'08.1','08.1',0000002732,NULL,NULL,NULL,NULL,NULL,00024,00000,'Y',''),
    (00147,025,'08.2','08.2',0000000120,NULL,NULL,NULL,NULL,NULL,00019,00000,'Y',''),
    (00148,025,'08.3','08.3',0000002562,NULL,NULL,NULL,NULL,NULL,00001,00000,'Y',''),
    (00149,025,'09.1','09.1',0000002134,NULL,NULL,NULL,NULL,NULL,00002,00000,'Y',''),
    (00150,025,'09.2','09.2',0000001123,NULL,NULL,NULL,NULL,NULL,00008,00000,'Y',''),
    (00151,025,'10.1','10.1',0000002347,NULL,NULL,NULL,NULL,NULL,00046,00000,'Y',''),
    (00152,025,'10.2','10.2',0000000198,NULL,NULL,NULL,NULL,NULL,00049,00000,'Y',''),
    (00153,025,'11.1','11.1',0000000866,NULL,NULL,NULL,NULL,NULL,00018,00000,'Y',''),
    (00154,025,'11.2','11.2',0000001119,NULL,NULL,NULL,NULL,NULL,00047,00000,'Y',''),
    (00155,025,'12.1','12.1',0000000867,NULL,NULL,NULL,NULL,NULL,00004,00000,'Y',''),
    (00156,025,'13.1','13.1',0000000124,NULL,NULL,NULL,NULL,NULL,00031,00000,'Y',''),
    (00157,025,'12.2','12.2',0000000869,NULL,NULL,NULL,NULL,NULL,00010,00000,'Y',''),
    (00159,025,'09.3','09.3',0000002326,NULL,NULL,NULL,NULL,NULL,00021,00000,'Y',''),
    (00162,025,'07.4','07.4',0000002722,NULL,NULL,NULL,NULL,NULL,00029,00000,'Y',''),
    (00163,025,'10.3','10.3',0000001122,NULL,NULL,NULL,NULL,NULL,00048,00000,'Y',''),
    (00164,025,'11.3','11.3',0000002027,NULL,NULL,NULL,NULL,NULL,00023,00000,'Y','');

--
-- Dumping data for table `gibbonRubric`
--
INSERT INTO `gibbonRubric` (`gibbonRubricID`, `name`, `category`, `description`, `active`, `scope`, `gibbonDepartmentID`, `gibbonYearGroupIDList`, `gibbonScaleID`, `gibbonPersonIDCreator`)
VALUES
    (00000238,'Approaches to Learning Rubric v3','','','Y','School',NULL,'001,002,003,004,005,006,007',NULL,0000000001);

--
-- Dumping data for table `gibbonRubricCell`
--
INSERT INTO `gibbonRubricCell` (`gibbonRubricCellID`, `gibbonRubricID`, `gibbonRubricColumnID`, `gibbonRubricRowID`, `contents`)
VALUES
    (00000006984,00000238,000001110,000000990,'Actively resists challenge and leaving comfort zone.'),
    (00000006985,00000238,000001111,000000990,'Unsettled by challenge and prefers to remain in comfort zone.'),
    (00000006986,00000238,000001112,000000990,'Open to challenge with encouragement and support. Prepared to be stretched.'),
    (00000006987,00000238,000001113,000000990,'Welcomes challenge and enjoys being stretched.'),
    (00000006988,00000238,000001114,000000990,'Actively seeks out challenge and prefers to be stretched.'),
    (00000006989,00000238,000001110,000000991,'Highly discouraged by setbacks and resistant to support and external motivation, Internal motivation is absent.'),
    (00000006990,00000238,000001111,000000991,'Easily discouraged by setbacks, requires ongoing support and external motivation to persevere. Internal motivation is fragile and tends to rely on interest.'),
    (00000006991,00000238,000001112,000000991,'Somewhat discouraged by setbacks, but perseveres with initial support and external motivation. Internal motivation is evident but inconsistent and primarily associated with interest.'),
    (00000006992,00000238,000001113,000000991,'Accepts setbacks as a part of learning and growing. Is able to persevere. Self-motivation is consistent across activities.'),
    (00000006993,00000238,000001114,000000991,'Welcomes setbacks as inevitable to making progress and growing as a person. Highly self-motivated.'),
    (00000006994,00000238,000001110,000000992,'Finds feedback impossible to accept. Closed to advice.'),
    (00000006995,00000238,000001111,000000992,'Typically defensive or dismissive of feedback. Ignores or discounts advice.'),
    (00000006996,00000238,000001112,000000992,'Usually open to feedback and prepared to act on it. Usually follows good advice.'),
    (00000006997,00000238,000001113,000000992,'Engages with feedback and responds to it. Takes and follows good advice.'),
    (00000006998,00000238,000001114,000000992,'Readily engages with feedback. Seeks and acts carefully on good advice.'),
    (00000006999,00000238,000001110,000000993,'Disorganised. Few, if any, strategies for prioritizing activities within and out of class.'),
    (00000007000,00000238,000001111,000000993,'Poorly organised. Some strategies for prioritizing activities within and out of class, but they tend to be either inadequate or poorly used.'),
    (00000007001,00000238,000001112,000000993,'Usually organized, given support and encouragement. Uses strategies to prioritize activities within and out of class, with general success.'),
    (00000007002,00000238,000001113,000000993,'Organised. Successful strategies to prioritize activities, within and out of class.'),
    (00000007003,00000238,000001114,000000993,'Highly organized. Flexible strategies to prioritize activities, within and out of class, and to anticipate change.'),
    (00000007004,00000238,000001110,000000994,'Gets stuck easily and does not seek help. Prone to inactivity in class.'),
    (00000007005,00000238,000001111,000000994,'Tends not to generate own solutions and requires teacher input to move on once stuck. Inconsistent effort in class.'),
    (00000007006,00000238,000001112,000000994,'Shows initiative in generating own solutions and seeks help when stuck, both from teacher or other students. Consistent effort in class.'),
    (00000007007,00000238,000001113,000000994,'Shows creativity in generating own solutions and quickly seeks help when stuck, both from teacher and other students. Consistent, dedicated effort in class.'),
    (00000007008,00000238,000001114,000000994,'Highly resourceful and imaginative with a wide repertoire of strategies to move on when stuck. Exemplary effort in class.'),
    (00000007009,00000238,000001110,000000995,'Needs prompting to begin tasks. Easily distracted. Limited endurance.'),
    (00000007010,00000238,000001111,000000995,'Sometimes needs prompting to begin tasks. Occasionally distracted. Endurance tends to correlate with interest.'),
    (00000007011,00000238,000001112,000000995,'Begins tasks promptly. Generally focussed. Appropriate levels of endurance, especially when interested.'),
    (00000007012,00000238,000001113,000000995,'Self-starter, stays on task and focussed. Appropriate levels of endurance, independent of interest.'),
    (00000007013,00000238,000001114,000000995,'Self-starter, stays on task and achieves flow. Advanced levels of endurance, independent of interest.'),
    (00000007014,00000238,000001110,000000996,'Finds group work challenging. Tends only to work with friends. Can be disruptive.'),
    (00000007015,00000238,000001111,000000996,'Functions in a group though happiest working with friends. Able to play a part and make a contribution.'),
    (00000007016,00000238,000001112,000000996,'Comfortable in group work, whether or not with friends. Collaborates effectively and reliably contributes.'),
    (00000007017,00000238,000001113,000000996,'Accomplished in group work. Facilitates collaboration and contributes. Loyal, takes responsibility, concerned for others.'),
    (00000007018,00000238,000001114,000000996,'Flourishes in group work. Makes things happen. Loyal, takes responsibility, helps others grow.'),
    (00000007019,00000238,000001110,000000997,'Finds it hard to relate to others sensitively. Sometimes unaware of or unconcerned about behaviour.'),
    (00000007020,00000238,000001111,000000997,'Has preferred way of relating to others, and finds it hard to shift into other relationships.'),
    (00000007021,00000238,000001112,000000997,'Has a range of ways of relating to others, shifting between modes when desired and advisable.'),
    (00000007022,00000238,000001113,000000997,'Has a wide range of ways of relating to others, shifting between modes with ease.'),
    (00000007023,00000238,000001114,000000997,'Subtle and versatile in relating to others, shifting between modes reliably and mindfully.'),
    (00000007024,00000238,000001110,000000998,'Tends not to contribute to class, even when prompted.'),
    (00000007025,00000238,000001111,000000998,'Contributes to class only when prompted. '),
    (00000007026,00000238,000001112,000000998,'Occasionally contributes to class without being prompted.'),
    (00000007027,00000238,000001113,000000998,'Contributes to class without being prompted.'),
    (00000007028,00000238,000001114,000000998,'Regularly and reliably contributes to class. Progresses learning in the group.'),
    (00000007066,00000238,000001128,000000990,'At this juncture, this aspect of performance is not yet assessable.'),
    (00000007067,00000238,000001128,000000991,'At this juncture, this aspect of performance is not yet assessable.'),
    (00000007068,00000238,000001128,000000992,'At this juncture, this aspect of performance is not yet assessable.'),
    (00000007069,00000238,000001128,000000993,'At this juncture, this aspect of performance is not yet assessable.'),
    (00000007070,00000238,000001128,000000994,'At this juncture, this aspect of performance is not yet assessable.'),
    (00000007071,00000238,000001128,000000995,'At this juncture, this aspect of performance is not yet assessable.'),
    (00000007072,00000238,000001128,000000996,'At this juncture, this aspect of performance is not yet assessable.'),
    (00000007073,00000238,000001128,000000997,'At this juncture, this aspect of performance is not yet assessable.'),
    (00000007074,00000238,000001128,000000998,'At this juncture, this aspect of performance is not yet assessable.');

--
-- Dumping data for table `gibbonRubricColumn`
--
INSERT INTO `gibbonRubricColumn` (`gibbonRubricColumnID`, `gibbonRubricID`, `title`, `backgroundColor`, `sequenceNumber`, `gibbonScaleGradeID`, `visualise`)
VALUES
    (000001110,00000238,'Apprentice 1','#acd9e8',1,NULL,'Y'),
    (000001111,00000238,'Apprentice 2','#acd9e8',2,NULL,'Y'),
    (000001112,00000238,'Apprentice 3','#acd9e8',3,NULL,'Y'),
    (000001113,00000238,'Journeyman 4','#f3aa57',4,NULL,'Y'),
    (000001114,00000238,'Master 5','#fcf700',5,NULL,'Y'),
    (000001128,00000238,'Not Yet Assessable ','#757577',5,NULL,'N');

--
-- Dumping data for table `gibbonRubricRow`
--
INSERT INTO `gibbonRubricRow` (`gibbonRubricRowID`, `gibbonRubricID`, `title`, `backgroundColor`, `sequenceNumber`, `gibbonOutcomeID`)
VALUES
    (000000990,00000238,'','#aa9bd1',1,00000088),
    (000000991,00000238,'','#aa9bd1',2,00000087),
    (000000992,00000238,'','#aa9bd1',3,00000086),
    (000000993,00000238,'','#aa9bd1',4,00000085),
    (000000994,00000238,'','#aa9bd1',5,00000084),
    (000000995,00000238,'','#aa9bd1',6,00000083),
    (000000996,00000238,'','#aa9bd1',7,00000082),
    (000000997,00000238,'','#aa9bd1',8,00000081),
    (000000998,00000238,'','#aa9bd1',9,00000240);

--
-- Dumping data for table `gibbonSpace`
--
INSERT INTO `gibbonSpace` (`gibbonSpaceID`, `name`, `type`, `active`, `bookable`, `capacity`, `computer`, `computerStudent`, `projector`, `tv`, `dvd`, `hifi`, `speakers`, `iwb`, `phoneInternal`, `phoneExternal`, `comment`)
VALUES
    (0000000001,'C101','Classroom','Y','Y',24,'N',0,'Y','N','N','N','Y','N','101','',''),
    (0000000002,'C102','Classroom','Y','Y',24,'N',0,'Y','N','N','N','Y','N','102','',''),
    (0000000004,'C103','Classroom','Y','Y',24,'N',0,'Y','N','N','N','Y','N','103','',''),
    (0000000005,'C104','Classroom','Y','Y',24,'N',0,'Y','N','N','N','Y','N','104','',''),
    (0000000006,'C106','Classroom','Y','Y',24,'N',0,'Y','N','N','N','Y','N','106','',''),
    (0000000007,'C107','Classroom','Y','Y',24,'N',0,'Y','N','N','N','Y','N','107','',''),
    (0000000008,'C105','Classroom','Y','Y',24,'N',0,'Y','N','N','N','Y','N','105','',''),
    (0000000009,'C108','Classroom','Y','Y',24,'N',0,'Y','N','N','N','Y','N','108','',''),
    (0000000010,'D002','Classroom','Y','Y',24,'N',0,'Y','N','N','N','Y','N','402','',''),
    (0000000011,'D004','Laboratory','Y','Y',24,'N',0,'Y','N','N','N','Y','N','404','',''),
    (0000000012,'B003','Performance','Y','Y',24,'N',0,'Y','N','N','N','Y','N','218','',''),
    (0000000013,'Library','Library','Y','Y',30,'N',2,'N','N','N','N','N','N','237','',''),
    (0000000014,'Hall','Hall','Y','Y',300,'N',0,'Y','N','N','Y','Y','N','','',''),
    (0000000015,'Court','Outdoor','Y','Y',100,'N',0,'N','N','N','N','N','N','','',''),
    (0000000017,'C204','Classroom','Y','Y',24,'N',0,'Y','N','N','N','Y','N','204','',''),
    (0000000018,'C203','Classroom','Y','Y',24,'N',0,'Y','N','N','N','Y','N','203','',''),
    (0000000019,'C201','Classroom','Y','Y',24,'N',0,'Y','N','N','N','Y','N','201','',''),
    (0000000020,'C202','Classroom','Y','Y',24,'N',0,'Y','N','N','N','Y','N','202','',''),
    (0000000021,'C301','Laboratory','Y','Y',24,'N',0,'Y','N','N','N','Y','N','301','',''),
    (0000000022,'C303','Laboratory','Y','Y',24,'N',0,'Y','N','N','N','Y','N','303','',''),
    (0000000023,'C309','Classroom','Y','Y',24,'N',0,'Y','N','N','N','Y','N','309','',''),
    (0000000024,'C205','Classroom','Y','Y',24,'N',0,'Y','N','N','N','Y','N','205','',''),
    (0000000025,'C206A','Classroom','Y','Y',12,'N',0,'Y','N','N','N','Y','N','206','',''),
    (0000000026,'C206B','Classroom','Y','Y',12,'N',0,'Y','N','N','N','Y','N','207','',''),
    (0000000028,'C208','Performance','Y','Y',24,'N',0,'Y','N','N','N','Y','N','208','',''),
    (0000000029,'C304','Classroom','Y','Y',24,'N',0,'Y','N','N','N','Y','N','304','',''),
    (0000000030,'C305','Classroom','Y','Y',24,'N',0,'Y','N','N','N','Y','N','305','',''),
    (0000000031,'C306','Classroom','Y','Y',24,'N',0,'Y','N','N','N','Y','N','306','',''),
    (0000000032,'C307','Laboratory','Y','Y',24,'N',0,'Y','N','N','N','Y','N','307','',''),
    (0000000033,'HOS','Office','Y','Y',0,'N',0,'Y','N','N','N','Y','N','288','',''),
    (0000000034,'C302','Office','Y','Y',0,'Y',0,'N','N','N','N','N','N','302','',''),
    (0000000035,'B002','Office','Y','Y',0,'N',0,'N','N','N','N','N','N','','',''),
    (0000000036,'B001','Office','Y','Y',0,'N',0,'N','N','N','N','N','N','','',''),
    (0000000037,'C308 (Chemical Store)','Storage','Y','Y',0,'N',0,'N','N','N','N','N','N','','',''),
    (0000000038,'House 8','Other','Y','Y',0,'N',0,'N','N','N','N','N','N','','',''),
    (0000000039,'Server Room','Other','Y','Y',0,'N',0,'N','N','N','N','N','N','','',''),
    (0000000040,'House 2','Other','Y','Y',0,'N',0,'N','N','N','N','N','N','','',''),
    (0000000041,'Back Court','Outdoor','Y','Y',0,'N',0,'N','N','N','N','N','N','','',''),
    (0000000042,'House 3','Other','Y','Y',0,'N',0,'N','N','N','N','N','N','','',''),
    (0000000043,'B001A','Classroom','Y','Y',6,'N',0,'Y','N','N','N','Y','N','227','',''),
    (0000000044,'B001B','Classroom','Y','Y',4,'N',0,'Y','N','N','N','Y','N','224','',''),
    (0000000045,'B001C (Finance)','Office','Y','Y',0,'N',0,'N','N','N','N','N','N','','',''),
    (0000000046,'D101','Classroom','Y','Y',20,'N',0,'Y','N','N','N','Y','N','601','',''),
    (0000000047,'D102','Classroom','Y','Y',20,'N',0,'Y','N','N','N','Y','N','602','',''),
    (0000000048,'D103','Classroom','Y','Y',20,'N',0,'Y','N','N','N','Y','N','603','',''),
    (0000000049,'D104','Classroom','Y','Y',20,'N',0,'Y','N','N','N','Y','N','604','',''),
    (0000000050,'D105','Classroom','Y','Y',20,'N',0,'Y','N','N','N','Y','N','605','',''),
    (0000000051,'D106','Classroom','Y','Y',20,'N',0,'Y','N','N','N','Y','N','606','',''),
    (0000000052,'D100','Classroom','Y','Y',4,'N',0,'N','N','N','N','Y','N','600','',''),
    (0000000053,'D100A (Testing)','Other','Y','Y',6,'N',6,'N','N','N','N','N','N','609','',''),
    (0000000054,'D100B (Admissions)','Office','Y','Y',2,'N',0,'N','N','N','N','N','N','610','',''),
    (0000000055,'D107 (IB Center)','Classroom','Y','Y',30,'N',0,'Y','N','N','N','Y','N','607','',''),
    (0000000056,'House 1','Other','Y','Y',0,'N',0,'N','N','N','N','N','N','','',''),
    (0000000057,'D201 (Yoga)','Creative Space','Y','Y',30,'N',0,'N','N','N','N','N','N','','',''),
    (0000000058,'D202 (Music)','Creative Space','Y','Y',30,'N',0,'N','N','N','N','N','N','','',''),
    (0000000059,'D203 (Storage)','Creative Space','Y','Y',30,'N',0,'N','N','N','N','N','N','','',''),
    (0000000060,'D204 (Maker Space)','Creative Space','Y','Y',30,'N',0,'N','N','N','N','N','N','','',''),
    (0000000061,'Learning Support','Other','Y','Y',10,'N',0,'N','N','N','N','N','N','231','',''),
    (0000000062,'House 5','Other','Y','Y',0,'N',0,'N','N','N','N','N','N','','',''),
    (0000000064,'B102','Staffroom','Y','Y',0,'N',0,'N','N','N','N','N','N','','','');

--
-- Dumping data for table `gibbonStaff`
--
-- WHERE:  gibbonStaffID>1
INSERT INTO `gibbonStaff` (`gibbonStaffID`, `gibbonPersonID`, `type`, `initials`, `jobTitle`, `firstAidQualified`, `firstAidQualification`, `firstAidExpiry`, `countryOfOrigin`, `qualifications`, `biography`, `biographicalGrouping`, `biographicalGroupingPriority`, `coverageExclude`, `coveragePriority`, `fields`)
VALUES
    (0000000002,0000000136,'Support',NULL,'','',NULL,NULL,'','','','',0,'N',0,NULL),
    (0000000003,0000000125,'Teaching',NULL,'','',NULL,NULL,'','','','',0,'N',0,NULL),
    (0000000004,0000000132,'Teaching',NULL,'','',NULL,NULL,'','','','',0,'N',0,NULL),
    (0000000005,0000000145,'Teaching',NULL,'','',NULL,NULL,'','','','',0,'N',0,NULL),
    (0000000006,0000000123,'Teaching',NULL,'','',NULL,NULL,'','','','',0,'N',0,NULL),
    (0000000007,0000000140,'Teaching',NULL,'','',NULL,NULL,'','','','',0,'N',0,NULL),
    (0000000008,0000000150,'Teaching',NULL,'','',NULL,NULL,'','','','',0,'N',0,NULL),
    (0000000009,0000000156,'Support',NULL,'','',NULL,NULL,'','','','',0,'N',0,NULL),
    (0000000010,0000000121,'Teaching',NULL,'','',NULL,NULL,'','','','',0,'N',0,NULL),
    (0000000011,0000000137,'Teaching',NULL,'','',NULL,NULL,'','','','',0,'N',0,NULL),
    (0000000012,0000000141,'Teaching',NULL,'','',NULL,NULL,'','','','',0,'N',0,NULL),
    (0000000013,0000000142,'Teaching',NULL,'','',NULL,NULL,'','','','',0,'N',0,NULL),
    (0000000014,0000000139,'Support',NULL,'','',NULL,NULL,'','','','',0,'N',0,NULL),
    (0000000015,0000000117,'Teaching',NULL,'','',NULL,NULL,'','','','',0,'N',0,NULL),
    (0000000016,0000000120,'Teaching',NULL,'','',NULL,NULL,'','','','',0,'N',0,NULL),
    (0000000017,0000000151,'Teaching',NULL,'','',NULL,NULL,'','','','',0,'N',0,NULL),
    (0000000018,0000000143,'Teaching',NULL,'','',NULL,NULL,'','','','',0,'N',0,NULL),
    (0000000019,0000000124,'Teaching',NULL,'','',NULL,NULL,'','','','',0,'N',0,NULL),
    (0000000020,0000000144,'Teaching',NULL,'','',NULL,NULL,'','','','',0,'N',0,NULL),
    (0000000021,0000000119,'Teaching',NULL,'','',NULL,NULL,'','','','',0,'N',0,NULL),
    (0000000023,0000000122,'Teaching',NULL,'','',NULL,NULL,'','','','',0,'N',0,NULL),
    (0000000024,0000000370,'Support',NULL,'','',NULL,NULL,'','','','',0,'N',0,NULL),
    (0000000025,0000000198,'Teaching',NULL,'','',NULL,NULL,'','','','',0,'N',0,NULL),
    (0000000026,0000000371,'Support',NULL,'','',NULL,NULL,'','','','',0,'N',0,NULL),
    (0000000027,0000000381,'Support',NULL,'','',NULL,NULL,'','','','',0,'N',0,NULL),
    (0000000028,0000000385,'Support',NULL,'','',NULL,NULL,'','','','',0,'N',0,NULL),
    (0000000029,0000000373,'Teaching',NULL,'','',NULL,NULL,'','','','',0,'N',0,NULL),
    (0000000030,0000000374,'Teaching',NULL,'','',NULL,NULL,'','','','',0,'N',0,NULL),
    (0000000031,0000000375,'Teaching',NULL,'','',NULL,NULL,'','','','',0,'N',0,NULL),
    (0000000032,0000000376,'Teaching',NULL,'','',NULL,NULL,'','','','',0,'N',0,NULL),
    (0000000033,0000000377,'Teaching',NULL,'','',NULL,NULL,'','','','',0,'N',0,NULL),
    (0000000034,0000000378,'Teaching',NULL,'','',NULL,NULL,'','','','',0,'N',0,NULL),
    (0000000035,0000000564,'Support',NULL,'','',NULL,NULL,'','','','',0,'N',0,NULL),
    (0000000036,0000000565,'Support',NULL,'','',NULL,NULL,'','','','',0,'N',0,NULL),
    (0000000037,0000000372,'Support',NULL,'','',NULL,NULL,'','','','',0,'N',0,NULL),
    (0000000038,0000000579,'Support',NULL,'','',NULL,NULL,'','','','',0,'N',0,NULL),
    (0000000039,0000000338,'Support',NULL,'','',NULL,NULL,'','','','',0,'N',0,NULL),
    (0000000040,0000000589,'Teaching',NULL,'','',NULL,NULL,'','','','',0,'N',0,NULL),
    (0000000041,0000000628,'Support',NULL,'','',NULL,NULL,'','','','',0,'N',0,NULL),
    (0000000042,0000000689,'Support',NULL,'','',NULL,NULL,'','','','',0,'N',0,NULL),
    (0000000043,0000000769,'Teaching',NULL,'','',NULL,NULL,'','','','',0,'N',0,NULL),
    (0000000044,0000000770,'Teaching',NULL,'','',NULL,NULL,'','','','',0,'N',0,NULL),
    (0000000045,0000000771,'Teaching',NULL,'','',NULL,NULL,'','','','',0,'N',0,NULL),
    (0000000046,0000000622,'Teaching',NULL,'','',NULL,NULL,'','','','',0,'N',0,NULL),
    (0000000047,0000000772,'Teaching',NULL,'','',NULL,NULL,'','','','',0,'N',0,NULL),
    (0000000048,0000000773,'Teaching',NULL,'','',NULL,NULL,'','','','',0,'N',0,NULL),
    (0000000049,0000000774,'Teaching',NULL,'','',NULL,NULL,'','','','',0,'N',0,NULL),
    (0000000050,0000000775,'Teaching',NULL,'','',NULL,NULL,'','','','',0,'N',0,NULL),
    (0000000051,0000000810,'Support',NULL,'','',NULL,NULL,'','','','',0,'N',0,NULL),
    (0000000052,0000000811,'Support',NULL,'','',NULL,NULL,'','','','',0,'N',0,NULL),
    (0000000053,0000000812,'Support',NULL,'','',NULL,NULL,'','','','',0,'N',0,NULL),
    (0000000054,0000000813,'Support',NULL,'','',NULL,NULL,'','','','',0,'N',0,NULL),
    (0000000055,0000000503,'Support',NULL,'','',NULL,NULL,'','','','',0,'N',0,NULL),
    (0000000056,0000000824,'Teaching',NULL,'','',NULL,NULL,'','','','',0,'N',0,NULL),
    (0000000057,0000000823,'Support',NULL,'','',NULL,NULL,'','','','',0,'N',0,NULL),
    (0000000058,0000000590,'Support',NULL,'','',NULL,NULL,'','','','',0,'N',0,NULL),
    (0000000059,0000000584,'Teaching',NULL,'','',NULL,NULL,'','','','',0,'N',0,NULL),
    (0000000060,0000000839,'Teaching',NULL,'','',NULL,NULL,'','','','',0,'N',0,NULL),
    (0000000061,0000000866,'Teaching',NULL,'','',NULL,NULL,'','','','',0,'N',0,NULL),
    (0000000062,0000000867,'Teaching',NULL,'','',NULL,NULL,'','','','',0,'N',0,NULL),
    (0000000063,0000000868,'Teaching',NULL,'','',NULL,NULL,'','','','',0,'N',0,NULL),
    (0000000064,0000000869,'Teaching',NULL,'','',NULL,NULL,'','','','',0,'N',0,NULL),
    (0000000065,0000000870,'Teaching',NULL,'','',NULL,NULL,'','','','',0,'N',0,NULL),
    (0000000066,0000000871,'Teaching',NULL,'','',NULL,NULL,'','','','',0,'N',0,NULL),
    (0000000067,0000001053,'Teaching',NULL,'','',NULL,NULL,'','','','',0,'N',0,NULL),
    (0000000068,0000001054,'Teaching',NULL,'','',NULL,NULL,'','','','',0,'N',0,NULL),
    (0000000069,0000001055,'Teaching',NULL,'','',NULL,NULL,'','','','',0,'N',0,NULL),
    (0000000070,0000001056,'Support',NULL,'','',NULL,NULL,'','','','',0,'N',0,NULL),
    (0000000071,0000001057,'Teaching',NULL,'','',NULL,NULL,'','','','',0,'N',0,NULL),
    (0000000072,0000001084,'Support',NULL,'','',NULL,NULL,'','','','',0,'N',0,NULL),
    (0000000073,0000001096,'Support',NULL,'','',NULL,NULL,'','','','',0,'N',0,NULL),
    (0000000075,0000001104,'Teaching',NULL,'','',NULL,NULL,'','','','',0,'N',0,NULL),
    (0000000076,0000001110,'Teaching',NULL,'','',NULL,NULL,'','','','',0,'N',0,NULL),
    (0000000077,0000001112,'Teaching',NULL,'','',NULL,NULL,'','','','',0,'N',0,NULL),
    (0000000078,0000001131,'Support',NULL,'','',NULL,NULL,'','','','',0,'N',0,NULL),
    (0000000079,0000001101,'Support',NULL,'','',NULL,NULL,'','','','',0,'N',0,NULL),
    (0000000080,0000001118,'Teaching',NULL,'','',NULL,NULL,'','','','',0,'N',0,NULL),
    (0000000081,0000001123,'Teaching',NULL,'','',NULL,NULL,'','','','',0,'N',0,NULL),
    (0000000082,0000001116,'Teaching',NULL,'','',NULL,NULL,'','','','',0,'N',0,NULL),
    (0000000083,0000001119,'Teaching',NULL,'','',NULL,NULL,'','','','',0,'N',0,NULL),
    (0000000084,0000001122,'Teaching',NULL,'','',NULL,NULL,'','','','',0,'N',0,NULL),
    (0000000085,0000001117,'Teaching',NULL,'','',NULL,NULL,'','','','',0,'N',0,NULL),
    (0000000086,0000001120,'Teaching',NULL,'','',NULL,NULL,'','','','',0,'N',0,NULL),
    (0000000087,0000001121,'Teaching',NULL,'','',NULL,NULL,'','','','',0,'N',0,NULL),
    (0000000089,0000001331,'Support',NULL,'','',NULL,NULL,'','','','',0,'N',0,NULL),
    (0000000090,0000001489,'Teaching',NULL,'','',NULL,NULL,'','','','',0,'N',0,NULL),
    (0000000091,0000001501,'Teaching',NULL,'','',NULL,NULL,'','','','',0,'N',0,NULL),
    (0000000092,0000001502,'Teaching',NULL,'','',NULL,NULL,'','','','',0,'N',0,NULL),
    (0000000093,0000001503,'Teaching',NULL,'','',NULL,NULL,'','','','',0,'N',0,NULL),
    (0000000094,0000001504,'Teaching',NULL,'','',NULL,NULL,'','','','',0,'N',0,NULL),
    (0000000095,0000001505,'Teaching',NULL,'','',NULL,NULL,'','','','',0,'N',0,NULL),
    (0000000096,0000001506,'Teaching',NULL,'','',NULL,NULL,'','','','',0,'N',0,NULL),
    (0000000097,0000001526,'Teaching',NULL,'','',NULL,NULL,'','','','',0,'N',0,NULL),
    (0000000098,0000000857,'Support',NULL,'','',NULL,NULL,'','','','',0,'N',0,NULL),
    (0000000099,0000001517,'Support',NULL,'','',NULL,NULL,'','','','',0,'N',0,NULL),
    (0000000100,0000001109,'Support',NULL,'','',NULL,NULL,'','','','',0,'N',0,NULL),
    (0000000101,0000001531,'Teaching',NULL,'','',NULL,NULL,'','','','',0,'N',0,NULL),
    (0000000102,0000001518,'Support',NULL,'','',NULL,NULL,'','','','',0,'N',0,NULL),
    (0000000103,0000001580,'Teaching',NULL,'','',NULL,NULL,'','','','',0,'N',0,NULL),
    (0000000104,0000001581,'Teaching',NULL,'','',NULL,NULL,'','','','',0,'N',0,NULL),
    (0000000105,0000001579,'Support',NULL,'','',NULL,NULL,'','','','',0,'N',0,NULL),
    (0000000106,0000001738,'Teaching',NULL,'','',NULL,NULL,'','','','',0,'N',0,NULL),
    (0000000107,0000001519,'Support',NULL,'','',NULL,NULL,'','','','',0,'N',0,NULL),
    (0000000108,0000001776,'Teaching',NULL,'','',NULL,NULL,'','','','',0,'N',0,NULL),
    (0000000109,0000001777,'Teaching',NULL,'','',NULL,NULL,'','','','',0,'N',0,NULL),
    (0000000110,0000001778,'Teaching',NULL,'','',NULL,NULL,'','','','',0,'N',0,NULL),
    (0000000111,0000001782,'Support',NULL,'','',NULL,NULL,'','','','',0,'N',0,NULL),
    (0000000112,0000001799,'Support',NULL,'','',NULL,NULL,'','','','',0,'N',0,NULL),
    (0000000113,0000001810,'Support',NULL,'','',NULL,NULL,'','','','',0,'N',0,NULL),
    (0000000114,0000001818,'Teaching',NULL,'','',NULL,NULL,'','','','',0,'N',0,NULL),
    (0000000115,0000000192,'Support',NULL,'','',NULL,NULL,'','','','',0,'N',0,NULL),
    (0000000116,0000001873,'Teaching',NULL,'','',NULL,NULL,'','','','',0,'N',0,NULL),
    (0000000117,0000002052,'Support',NULL,'','',NULL,NULL,'','','','',0,'N',0,NULL),
    (0000000118,0000002027,'Teaching',NULL,'','',NULL,NULL,'','','','',0,'N',0,NULL),
    (0000000119,0000002059,'Support',NULL,'','',NULL,NULL,'','','','',0,'N',0,NULL),
    (0000000120,0000002075,'Support',NULL,'','',NULL,NULL,'','','','',0,'N',0,NULL),
    (0000000121,0000002026,'Teaching',NULL,'','',NULL,NULL,'','','','',0,'N',0,NULL),
    (0000000122,0000002025,'Teaching',NULL,'','',NULL,NULL,'','','','',0,'N',0,NULL),
    (0000000123,0000002028,'Teaching',NULL,'','',NULL,NULL,'','','','',0,'N',0,NULL),
    (0000000124,0000002096,'Teaching',NULL,'','',NULL,NULL,'','','','',0,'N',0,NULL),
    (0000000125,0000001675,'Teaching',NULL,'','',NULL,NULL,'','','','',0,'N',0,NULL),
    (0000000126,0000000965,'Support',NULL,'','',NULL,NULL,'','','','',0,'N',0,NULL),
    (0000000127,0000001398,'Support',NULL,'','',NULL,NULL,'','','','',0,'N',0,NULL),
    (0000000128,0000001854,'Support',NULL,'','',NULL,NULL,'','','','',0,'N',0,NULL),
    (0000000129,0000002132,'Support',NULL,'','',NULL,NULL,'','','','',0,'N',0,NULL),
    (0000000130,0000001601,'Teaching',NULL,'','',NULL,NULL,'','','','',0,'N',0,NULL),
    (0000000131,0000002133,'Support',NULL,'','',NULL,NULL,'','','','',0,'N',0,NULL),
    (0000000132,0000002134,'Teaching',NULL,'','',NULL,NULL,'','','','',0,'N',0,NULL),
    (0000000133,0000002289,'Support',NULL,'','',NULL,NULL,'','','','',0,'N',0,NULL),
    (0000000134,0000002291,'Support',NULL,'','',NULL,NULL,'','','','',0,'N',0,NULL),
    (0000000135,0000002290,'Support',NULL,'','',NULL,NULL,'','','','',0,'N',0,NULL),
    (0000000136,0000002292,'Support',NULL,'','',NULL,NULL,'','','','',0,'N',0,NULL),
    (0000000137,0000002305,'Support',NULL,'','',NULL,NULL,'','','','',0,'N',0,NULL),
    (0000000138,0000002312,'Teaching',NULL,'','',NULL,NULL,'','','','',0,'N',0,NULL),
    (0000000139,0000002322,'Support',NULL,'','',NULL,NULL,'','','','',0,'N',0,NULL),
    (0000000140,0000001089,'Support',NULL,'','',NULL,NULL,'','','','',0,'N',0,NULL),
    (0000000141,0000002326,'Teaching',NULL,'','',NULL,NULL,'','','','',0,'N',0,NULL),
    (0000000142,0000002347,'Teaching',NULL,'','',NULL,NULL,'','','','',0,'N',0,NULL),
    (0000000143,0000002363,'Teaching',NULL,'','',NULL,NULL,'','','','',0,'N',0,NULL),
    (0000000144,0000002356,'Support',NULL,'','',NULL,NULL,'','','','',0,'N',0,NULL),
    (0000000145,0000002379,'Support',NULL,'','',NULL,NULL,'','','','',0,'N',0,NULL),
    (0000000146,0000002377,'Support',NULL,'','',NULL,NULL,'','','','',0,'N',0,NULL),
    (0000000147,0000002378,'Support',NULL,'','',NULL,NULL,'','','','',0,'N',0,NULL),
    (0000000148,0000002410,'LS Assistant',NULL,'','',NULL,NULL,'','','','',0,'N',0,NULL),
    (0000000150,0000002439,'Support',NULL,'','',NULL,NULL,'','','','',0,'N',0,NULL),
    (0000000151,0000002440,'Teacher',NULL,'','',NULL,NULL,'','','','',0,'N',0,NULL),
    (0000000152,0000002424,'Support',NULL,'','',NULL,NULL,'','','','',0,'N',0,NULL),
    (0000000153,0000002494,'Support',NULL,'','',NULL,NULL,'','','','',0,'N',0,NULL),
    (0000000154,0000000014,'LS Assistant',NULL,'','',NULL,NULL,'','','','',0,'N',0,NULL),
    (0000000155,0000001277,'LS Assistant',NULL,'','',NULL,NULL,'','','','',0,'N',0,NULL),
    (0000000156,0000002335,'LS Assistant',NULL,'','',NULL,NULL,'','','','',0,'N',0,NULL),
    (0000000157,0000002551,'Teaching',NULL,'','',NULL,NULL,'','','','',0,'N',0,NULL),
    (0000000158,0000002552,'Teaching',NULL,'','',NULL,NULL,'','','','',0,'N',0,NULL),
    (0000000159,0000002553,'LS Assistant',NULL,'','',NULL,NULL,'','','','',0,'N',0,NULL),
    (0000000160,0000002544,'LS Assistant',NULL,'','',NULL,NULL,'','','','',0,'N',0,NULL),
    (0000000161,0000002554,'Support',NULL,'','',NULL,NULL,'','','','',0,'N',0,NULL),
    (0000000162,0000002561,'Support',NULL,'','',NULL,NULL,'','','','',0,'N',0,NULL),
    (0000000163,0000002562,'Teaching',NULL,'','',NULL,NULL,'','','','',0,'N',0,NULL),
    (0000000164,0000002722,'Teaching',NULL,'','',NULL,NULL,'','','','',0,'N',0,NULL),
    (0000000165,0000002732,'Teaching',NULL,'','',NULL,NULL,'','','','',0,'N',0,NULL),
    (0000000166,0000002733,'Teaching',NULL,'','',NULL,NULL,'','','','',0,'N',0,NULL),
    (0000000167,0000002734,'Teaching',NULL,'','',NULL,NULL,'','','','',0,'N',0,NULL),
    (0000000168,0000002735,'Teaching',NULL,'','',NULL,NULL,'','','','',0,'N',0,NULL),
    (0000000169,0000002538,'Support',NULL,'','',NULL,NULL,'','','','',0,'N',0,NULL),
    (0000000170,0000002736,'Support',NULL,'','',NULL,NULL,'','','','',0,'N',0,NULL);

--
-- Dumping data for table `gibbonStudentEnrolment`
--
INSERT INTO `gibbonStudentEnrolment` (`gibbonStudentEnrolmentID`, `gibbonPersonID`, `gibbonSchoolYearID`, `gibbonYearGroupID`, `gibbonFormGroupID`, `rollOrder`, `fields`)
VALUES
    (00002482,0000001424,025,005,00153,NULL,NULL),
    (00002483,0000001520,025,005,00153,NULL,NULL),
    (00002484,0000001471,025,005,00153,NULL,NULL),
    (00002485,0000001352,025,005,00153,NULL,NULL),
    (00002486,0000001367,025,005,00153,NULL,NULL),
    (00002487,0000002357,025,005,00153,NULL,NULL),
    (00002488,0000001355,025,005,00153,NULL,NULL),
    (00002489,0000002407,025,005,00153,NULL,NULL),
    (00002490,0000001465,025,005,00153,NULL,NULL),
    (00002491,0000001692,025,005,00153,NULL,NULL),
    (00002492,0000001416,025,005,00153,NULL,NULL),
    (00002493,0000001538,025,005,00153,NULL,NULL),
    (00002494,0000001358,025,005,00153,NULL,NULL),
    (00002495,0000001393,025,005,00153,NULL,NULL),
    (00002496,0000001845,025,005,00153,NULL,NULL),
    (00002497,0000001486,025,005,00153,NULL,NULL),
    (00002498,0000001430,025,005,00154,NULL,NULL),
    (00002499,0000001585,025,005,00154,NULL,NULL),
    (00002500,0000002444,025,005,00154,NULL,NULL),
    (00002501,0000001410,025,005,00154,NULL,NULL),
    (00002502,0000002316,025,005,00154,NULL,NULL),
    (00002503,0000002084,025,005,00154,NULL,NULL),
    (00002504,0000001427,025,005,00154,NULL,NULL),
    (00002505,0000001440,025,005,00154,NULL,NULL),
    (00002506,0000001492,025,005,00154,NULL,NULL),
    (00002507,0000001391,025,005,00154,NULL,NULL),
    (00002508,0000001477,025,005,00154,NULL,NULL),
    (00002509,0000001377,025,005,00154,NULL,NULL),
    (00002510,0000002490,025,005,00154,NULL,NULL),
    (00002511,0000002306,025,005,00154,NULL,NULL),
    (00002512,0000001374,025,005,00154,NULL,NULL),
    (00002513,0000002286,025,005,00154,NULL,NULL),
    (00002514,0000001445,025,005,00164,NULL,NULL),
    (00002515,0000002380,025,005,00164,NULL,NULL),
    (00002516,0000001388,025,005,00164,NULL,NULL),
    (00002517,0000002398,025,005,00164,NULL,NULL),
    (00002518,0000001364,025,005,00164,NULL,NULL),
    (00002519,0000001396,025,005,00164,NULL,NULL),
    (00002520,0000001403,025,005,00164,NULL,NULL),
    (00002521,0000001399,025,005,00164,NULL,NULL),
    (00002522,0000001400,025,005,00164,NULL,NULL),
    (00002523,0000001483,025,005,00164,NULL,NULL),
    (00002524,0000001507,025,005,00164,NULL,NULL),
    (00002525,0000001867,025,005,00164,NULL,NULL),
    (00002526,0000001631,025,005,00164,NULL,NULL),
    (00002527,0000001710,025,005,00164,NULL,NULL),
    (00002528,0000002729,025,005,00164,NULL,NULL),
    (00002529,0000001571,025,005,00164,NULL,NULL),
    (00002531,0000001276,025,006,00155,NULL,NULL),
    (00002532,0000001275,025,006,00155,NULL,NULL),
    (00002533,0000002100,025,006,00155,NULL,NULL),
    (00002534,0000001251,025,006,00155,NULL,NULL),
    (00002535,0000001163,025,006,00155,NULL,NULL),
    (00002536,0000001226,025,006,00155,NULL,NULL),
    (00002537,0000002145,025,006,00155,NULL,NULL),
    (00002538,0000001178,025,006,00155,NULL,NULL),
    (00002539,0000001214,025,006,00155,NULL,NULL),
    (00002540,0000001204,025,006,00155,NULL,NULL),
    (00002541,0000001157,025,006,00155,NULL,NULL),
    (00002542,0000001236,025,006,00155,NULL,NULL),
    (00002543,0000001257,025,006,00155,NULL,NULL),
    (00002544,0000001191,025,006,00155,NULL,NULL),
    (00002545,0000002138,025,006,00155,NULL,NULL),
    (00002546,0000001160,025,006,00155,NULL,NULL),
    (00002547,0000002411,025,006,00155,NULL,NULL),
    (00002548,0000001245,025,006,00157,NULL,NULL),
    (00002549,0000002120,025,006,00157,NULL,NULL),
    (00002550,0000001200,025,006,00157,NULL,NULL),
    (00002551,0000001680,025,006,00157,NULL,NULL),
    (00002552,0000001193,025,006,00157,NULL,NULL),
    (00002553,0000001154,025,006,00157,NULL,NULL),
    (00002554,0000001259,025,006,00157,NULL,NULL),
    (00002555,0000001233,025,006,00157,NULL,NULL),
    (00002556,0000001548,025,006,00157,NULL,NULL),
    (00002557,0000001814,025,006,00157,NULL,NULL),
    (00002558,0000001254,025,006,00157,NULL,NULL),
    (00002559,0000001528,025,006,00157,NULL,NULL),
    (00002560,0000001201,025,006,00157,NULL,NULL),
    (00002561,0000002090,025,006,00157,NULL,NULL),
    (00002562,0000001242,025,006,00157,NULL,NULL),
    (00002563,0000002103,025,006,00157,NULL,NULL),
    (00002564,0000001179,025,006,00157,NULL,NULL),
    (00002565,0000002505,025,002,00146,NULL,NULL),
    (00002566,0000002283,025,002,00146,NULL,NULL),
    (00002567,0000002511,025,002,00146,NULL,NULL),
    (00002568,0000002193,025,002,00146,NULL,NULL),
    (00002569,0000002537,025,002,00146,NULL,NULL),
    (00002570,0000002212,025,002,00146,NULL,NULL),
    (00002571,0000002374,025,002,00146,NULL,NULL),
    (00002572,0000002323,025,002,00146,NULL,NULL),
    (00002573,0000002364,025,002,00146,NULL,NULL),
    (00002574,0000002333,025,002,00146,NULL,NULL),
    (00002575,0000002233,025,002,00146,NULL,NULL),
    (00002576,0000002243,025,002,00146,NULL,NULL),
    (00002577,0000002216,025,002,00146,NULL,NULL),
    (00002578,0000002330,025,002,00146,NULL,NULL),
    (00002579,0000002514,025,002,00146,NULL,NULL),
    (00002580,0000002215,025,002,00146,NULL,NULL),
    (00002581,0000002340,025,002,00146,NULL,NULL),
    (00002582,0000002169,025,002,00146,NULL,NULL),
    (00002583,0000002498,025,002,00146,NULL,NULL),
    (00002584,0000002302,025,002,00146,NULL,NULL),
    (00002585,0000002517,025,002,00146,NULL,NULL),
    (00002586,0000002371,025,002,00147,NULL,NULL),
    (00002587,0000002190,025,002,00147,NULL,NULL),
    (00002588,0000002334,025,002,00147,NULL,NULL),
    (00002589,0000002236,025,002,00147,NULL,NULL),
    (00002590,0000002520,025,002,00147,NULL,NULL),
    (00002591,0000002150,025,002,00147,NULL,NULL),
    (00002592,0000002239,025,002,00147,NULL,NULL),
    (00002593,0000002501,025,002,00147,NULL,NULL),
    (00002594,0000002523,025,002,00147,NULL,NULL),
    (00002595,0000002178,025,002,00147,NULL,NULL),
    (00002596,0000002206,025,002,00147,NULL,NULL),
    (00002597,0000002271,025,002,00147,NULL,NULL),
    (00002598,0000002420,025,002,00147,NULL,NULL),
    (00002599,0000002175,025,002,00147,NULL,NULL),
    (00002600,0000002253,025,002,00147,NULL,NULL),
    (00002601,0000002383,025,002,00147,NULL,NULL),
    (00002602,0000002360,025,002,00147,NULL,NULL),
    (00002603,0000002166,025,002,00147,NULL,NULL),
    (00002604,0000002535,025,002,00147,NULL,NULL),
    (00002605,0000002529,025,002,00147,NULL,NULL),
    (00002606,0000002247,025,002,00148,NULL,NULL),
    (00002607,0000002194,025,002,00148,NULL,NULL),
    (00002608,0000002172,025,002,00148,NULL,NULL),
    (00002609,0000002293,025,002,00148,NULL,NULL),
    (00002610,0000002250,025,002,00148,NULL,NULL),
    (00002611,0000002277,025,002,00148,NULL,NULL),
    (00002612,0000002319,025,002,00148,NULL,NULL),
    (00002613,0000002508,025,002,00148,NULL,NULL),
    (00002614,0000002504,025,002,00148,NULL,NULL),
    (00002615,0000002200,025,002,00148,NULL,NULL),
    (00002616,0000002545,025,002,00148,NULL,NULL),
    (00002617,0000002231,025,002,00148,NULL,NULL),
    (00002618,0000002160,025,002,00148,NULL,NULL),
    (00002619,0000002203,025,002,00148,NULL,NULL),
    (00002620,0000002296,025,002,00148,NULL,NULL),
    (00002621,0000002299,025,002,00148,NULL,NULL),
    (00002622,0000002348,025,002,00148,NULL,NULL),
    (00002623,0000002163,025,002,00148,NULL,NULL),
    (00002624,0000002526,025,002,00148,NULL,NULL),
    (00002625,0000002187,025,002,00148,NULL,NULL),
    (00002626,0000002469,025,001,00143,NULL,NULL),
    (00002627,0000002695,025,001,00143,NULL,NULL),
    (00002628,0000002450,025,001,00143,NULL,NULL),
    (00002629,0000002459,025,001,00143,NULL,NULL),
    (00002630,0000002611,025,001,00143,NULL,NULL),
    (00002631,0000002679,025,001,00143,NULL,NULL),
    (00002632,0000002447,025,001,00143,NULL,NULL),
    (00002633,0000002683,025,001,00143,NULL,NULL),
    (00002634,0000002760,025,001,00143,NULL,NULL),
    (00002635,0000002614,025,001,00143,NULL,NULL),
    (00002636,0000002485,025,001,00143,NULL,NULL),
    (00002637,0000002472,025,001,00143,NULL,NULL),
    (00002638,0000002610,025,001,00143,NULL,NULL),
    (00002639,0000002636,025,001,00143,NULL,NULL),
    (00002640,0000002627,025,001,00143,NULL,NULL),
    (00002641,0000002754,025,001,00143,NULL,NULL),
    (00002642,0000002615,025,001,00143,NULL,NULL),
    (00002643,0000002601,025,001,00143,NULL,NULL),
    (00002644,0000002746,025,001,00143,NULL,NULL),
    (00002645,0000002482,025,001,00143,NULL,NULL),
    (00002646,0000002715,025,001,00143,NULL,NULL),
    (00002647,0000002430,025,001,00144,NULL,NULL),
    (00002648,0000002657,025,001,00144,NULL,NULL),
    (00002649,0000002460,025,001,00144,NULL,NULL),
    (00002650,0000002630,025,001,00144,NULL,NULL),
    (00002651,0000002621,025,001,00144,NULL,NULL),
    (00002652,0000002692,025,001,00144,NULL,NULL),
    (00002653,0000002607,025,001,00144,NULL,NULL),
    (00002654,0000002633,025,001,00144,NULL,NULL),
    (00002655,0000002426,025,001,00144,NULL,NULL),
    (00002656,0000002652,025,001,00144,NULL,NULL),
    (00002657,0000002699,025,001,00144,NULL,NULL),
    (00002658,0000002642,025,001,00144,NULL,NULL),
    (00002659,0000002453,025,001,00144,NULL,NULL),
    (00002660,0000002702,025,001,00144,NULL,NULL),
    (00002661,0000002743,025,001,00144,NULL,NULL),
    (00002662,0000002645,025,001,00144,NULL,NULL),
    (00002663,0000002476,025,001,00144,NULL,NULL),
    (00002664,0000002663,025,001,00144,NULL,NULL),
    (00002665,0000002651,025,001,00144,NULL,NULL),
    (00002666,0000002563,025,001,00144,NULL,NULL),
    (00002667,0000002696,025,001,00144,NULL,NULL),
    (00002668,0000002749,025,001,00145,NULL,NULL),
    (00002669,0000002580,025,001,00145,NULL,NULL),
    (00002670,0000002624,025,001,00145,NULL,NULL),
    (00002671,0000002654,025,001,00145,NULL,NULL),
    (00002672,0000002666,025,001,00145,NULL,NULL),
    (00002673,0000002466,025,001,00145,NULL,NULL),
    (00002674,0000002686,025,001,00145,NULL,NULL),
    (00002675,0000002726,025,001,00145,NULL,NULL),
    (00002676,0000002586,025,001,00145,NULL,NULL),
    (00002677,0000002639,025,001,00145,NULL,NULL),
    (00002678,0000002473,025,001,00145,NULL,NULL),
    (00002679,0000002433,025,001,00145,NULL,NULL),
    (00002680,0000002711,025,001,00145,NULL,NULL),
    (00002681,0000002436,025,001,00145,NULL,NULL),
    (00002682,0000002479,025,001,00145,NULL,NULL),
    (00002683,0000002427,025,001,00145,NULL,NULL),
    (00002684,0000002689,025,001,00145,NULL,NULL),
    (00002685,0000002708,025,001,00145,NULL,NULL),
    (00002686,0000002670,025,001,00145,NULL,NULL),
    (00002687,0000002576,025,001,00145,NULL,NULL),
    (00002688,0000002566,025,001,00145,NULL,NULL),
    (00002689,0000002618,025,001,00162,NULL,NULL),
    (00002690,0000002573,025,001,00162,NULL,NULL),
    (00002691,0000002592,025,001,00162,NULL,NULL),
    (00002692,0000002583,025,001,00162,NULL,NULL),
    (00002693,0000002705,025,001,00162,NULL,NULL),
    (00002694,0000002660,025,001,00162,NULL,NULL),
    (00002695,0000002598,025,001,00162,NULL,NULL),
    (00002696,0000002589,025,001,00162,NULL,NULL),
    (00002697,0000002604,025,001,00162,NULL,NULL),
    (00002698,0000002425,025,001,00162,NULL,NULL),
    (00002699,0000002676,025,001,00162,NULL,NULL),
    (00002700,0000002595,025,001,00162,NULL,NULL),
    (00002701,0000002700,025,001,00162,NULL,NULL),
    (00002702,0000002463,025,001,00162,NULL,NULL),
    (00002703,0000002648,025,001,00162,NULL,NULL),
    (00002704,0000002761,025,001,00162,NULL,NULL),
    (00002705,0000002714,025,001,00162,NULL,NULL),
    (00002706,0000002680,025,001,00162,NULL,NULL),
    (00002707,0000002570,025,001,00145,NULL,NULL),
    (00002708,0000002770,025,001,00143,NULL,NULL),
    (00002709,0000002577,025,001,00143,NULL,NULL),
    (00002710,0000002757,025,001,00143,NULL,NULL),
    (00002711,0000002225,025,001,00143,NULL,NULL),
    (00002712,0000002764,025,001,00143,NULL,NULL),
    (00002713,0000002567,025,001,00143,NULL,NULL),
    (00002714,0000002456,025,001,00143,NULL,NULL),
    (00002715,0000002667,025,001,00143,NULL,NULL),
    (00002716,0000002740,025,001,00143,NULL,NULL),
    (00002717,0000002274,025,001,00143,NULL,NULL),
    (00002718,0000002752,025,001,00143,NULL,NULL),
    (00002719,0000002767,025,001,00143,NULL,NULL),
    (00002720,0000002033,025,004,00151,NULL,NULL),
    (00002721,0000002022,025,003,00159,NULL,NULL),
    (00002722,0000001677,025,004,00152,NULL,NULL),
    (00002723,0000002404,025,003,00159,NULL,NULL),
    (00002724,0000002079,025,003,00159,NULL,NULL),
    (00002725,0000001819,025,007,00156,NULL,NULL),
    (00002726,0000002113,025,003,00149,NULL,NULL),
    (00002727,0000002386,025,004,00163,NULL,NULL),
    (00002728,0000002081,025,004,00152,NULL,NULL),
    (00002729,0000001977,025,003,00150,NULL,NULL),
    (00002730,0000001974,025,003,00149,NULL,NULL),
    (00002731,0000001591,025,004,00151,NULL,NULL),
    (00002732,0000001744,025,004,00151,NULL,NULL),
    (00002733,0000000925,025,007,00143,NULL,NULL),
    (00002734,0000001617,025,004,00152,NULL,NULL),
    (00002735,0000001019,025,007,00156,NULL,NULL),
    (00002736,0000001891,025,003,00150,NULL,NULL),
    (00002737,0000001207,025,006,00157,NULL,NULL),
    (00002738,0000002123,025,003,00159,NULL,NULL),
    (00002739,0000002093,025,003,00159,NULL,NULL),
    (00002740,0000001263,025,006,00155,NULL,NULL),
    (00002741,0000001878,025,003,00149,NULL,NULL),
    (00002742,0000002541,025,007,00156,NULL,NULL),
    (00002743,0000002037,025,003,00150,NULL,NULL),
    (00002744,0000001970,025,003,00159,NULL,NULL),
    (00002745,0000002135,025,003,00150,NULL,NULL),
    (00002746,0000002035,025,004,00152,NULL,NULL),
    (00002747,0000001918,025,003,00150,NULL,NULL),
    (00002748,0000001686,025,004,00151,NULL,NULL),
    (00002749,0000002327,025,003,00149,NULL,NULL),
    (00002750,0000002389,025,003,00150,NULL,NULL),
    (00002751,0000001901,025,003,00149,NULL,NULL),
    (00002752,0000001700,025,004,00152,NULL,NULL),
    (00002753,0000001779,025,004,00151,NULL,NULL),
    (00002754,0000001882,025,003,00149,NULL,NULL),
    (00002755,0000001739,025,004,00152,NULL,NULL),
    (00002756,0000000876,025,007,00156,NULL,NULL),
    (00002757,0000002265,025,002,00148,NULL,NULL),
    (00002758,0000001992,025,003,00149,NULL,NULL),
    (00002759,0000001934,025,003,00149,NULL,NULL),
    (00002760,0000002116,025,003,00159,NULL,NULL),
    (00002761,0000001879,025,003,00159,NULL,NULL),
    (00002762,0000001657,025,004,00163,NULL,NULL),
    (00002763,0000001801,025,004,00151,NULL,NULL),
    (00002764,0000002019,025,003,00159,NULL,NULL),
    (00002765,0000002548,025,004,00163,NULL,NULL),
    (00002766,0000000934,025,007,00156,NULL,NULL),
    (00002767,0000000937,025,007,00156,NULL,NULL),
    (00002768,0000000931,025,007,00156,NULL,NULL),
    (00002769,0000002087,025,004,00152,NULL,NULL),
    (00002770,0000001831,025,004,00163,NULL,NULL),
    (00002771,0000002268,025,002,00148,NULL,NULL),
    (00002772,0000001928,025,003,00159,NULL,NULL),
    (00002773,0000001925,025,003,00159,NULL,NULL),
    (00002774,0000002495,025,003,00149,NULL,NULL),
    (00002775,0000000913,025,007,00156,NULL,NULL),
    (00002776,0000000964,025,007,00156,NULL,NULL),
    (00002777,0000001667,025,004,00163,NULL,NULL),
    (00002778,0000001937,025,003,00150,NULL,NULL),
    (00002779,0000001791,025,004,00151,NULL,NULL),
    (00002780,0000001986,025,003,00150,NULL,NULL),
    (00002781,0000001913,025,003,00150,NULL,NULL),
    (00002782,0000002673,025,004,00152,NULL,NULL),
    (00002783,0000001885,025,003,00150,NULL,NULL),
    (00002784,0000002006,025,003,00149,NULL,NULL),
    (00002785,0000001753,025,004,00163,NULL,NULL),
    (00002786,0000002009,025,003,00149,NULL,NULL),
    (00002787,0000002076,025,003,00150,NULL,NULL),
    (00002788,0000001616,025,004,00163,NULL,NULL),
    (00002789,0000001022,025,007,00156,NULL,NULL),
    (00002790,0000002401,025,004,00152,NULL,NULL),
    (00002791,0000001960,025,003,00159,NULL,NULL),
    (00002792,0000001983,025,003,00149,NULL,NULL),
    (00002793,0000001905,025,003,00150,NULL,NULL),
    (00002794,0000001888,025,003,00150,NULL,NULL),
    (00002795,0000001721,025,004,00151,NULL,NULL),
    (00002796,0000001166,025,006,00155,NULL,NULL),
    (00002797,0000000897,025,007,00156,NULL,NULL),
    (00002798,0000002395,025,002,00146,NULL,NULL),
    (00002799,0000001796,025,004,00163,NULL,NULL),
    (00002800,0000002156,025,004,00151,NULL,NULL),
    (00002801,0000002029,025,003,00159,NULL,NULL),
    (00002802,0000002262,025,002,00148,NULL,NULL),
    (00002803,0000002719,025,004,00151,NULL,NULL),
    (00002804,0000002060,025,004,00152,NULL,NULL),
    (00002805,0000002066,025,004,00152,NULL,NULL),
    (00002806,0000002000,025,003,00150,NULL,NULL),
    (00002807,0000002441,025,004,00163,NULL,NULL),
    (00002808,0000001222,025,006,00155,NULL,NULL),
    (00002809,0000001870,025,003,00149,NULL,NULL),
    (00002810,0000001921,025,003,00150,NULL,NULL),
    (00002811,0000002129,025,003,00159,NULL,NULL),
    (00002812,0000001773,025,004,00152,NULL,NULL),
    (00002813,0000001761,025,004,00151,NULL,NULL),
    (00002814,0000002109,025,006,00155,NULL,NULL),
    (00002815,0000002723,025,004,00163,NULL,NULL),
    (00002816,0000002555,025,003,00150,NULL,NULL),
    (00002817,0000001603,025,004,00163,NULL,NULL),
    (00002818,0000001946,025,003,00159,NULL,NULL),
    (00002819,0000001914,025,003,00149,NULL,NULL),
    (00002820,0000002309,025,004,00151,NULL,NULL),
    (00002821,0000001955,025,003,00150,NULL,NULL),
    (00002822,0000000922,025,007,00156,NULL,NULL),
    (00002823,0000002141,025,003,00150,NULL,NULL),
    (00002824,0000002063,025,004,00163,NULL,NULL),
    (00002825,0000002491,025,003,00149,NULL,NULL),
    (00002826,0000001897,025,003,00149,NULL,NULL),
    (00002827,0000000928,025,007,00156,NULL,NULL),
    (00002828,0000001995,025,003,00149,NULL,NULL),
    (00002829,0000001904,025,003,00159,NULL,NULL),
    (00002830,0000001609,025,004,00163,NULL,NULL),
    (00002831,0000001730,025,004,00151,NULL,NULL),
    (00002832,0000002184,025,007,00156,NULL,NULL),
    (00002833,0000001848,025,004,00152,NULL,NULL),
    (00002834,0000002056,025,003,00150,NULL,NULL),
    (00002835,0000002737,025,004,00151,NULL,NULL),
    (00002836,0000001627,025,004,00152,NULL,NULL),
    (00002837,0000001600,025,004,00151,NULL,NULL),
    (00002838,0000001894,025,003,00159,NULL,NULL),
    (00002839,0000002012,025,003,00150,NULL,NULL),
    (00002840,0000001645,025,004,00152,NULL,NULL),
    (00002841,0000001915,025,003,00149,NULL,NULL),
    (00002842,0000001980,025,003,00149,NULL,NULL),
    (00002843,0000002532,025,003,00149,NULL,NULL),
    (00002844,0000001639,025,004,00151,NULL,NULL),
    (00002845,0000001642,025,004,00151,NULL,NULL),
    (00002846,0000000905,025,007,00156,NULL,NULL),
    (00002847,0000001924,025,003,00150,NULL,NULL),
    (00002848,0000001182,025,006,00155,NULL,NULL),
    (00002849,0000002232,025,002,00146,NULL,NULL),
    (00002850,0000001706,025,004,00152,NULL,NULL),
    (00002851,0000002040,025,003,00159,NULL,NULL),
    (00002852,0000001654,025,004,00163,NULL,NULL),
    (00002853,0000001828,025,004,00152,NULL,NULL),
    (00002854,0000001911,025,003,00159,NULL,NULL),
    (00002855,0000001858,025,004,00163,NULL,NULL),
    (00002856,0000002280,025,003,00149,NULL,NULL),
    (00002857,0000001735,025,004,00152,NULL,NULL),
    (00002858,0000001898,025,003,00150,NULL,NULL),
    (00002859,0000001964,025,003,00150,NULL,NULL),
    (00002860,0000001931,025,003,00159,NULL,NULL),
    (00002861,0000001016,025,007,00156,NULL,NULL),
    (00002862,0000001713,025,004,00163,NULL,NULL),
    (00002863,0000001008,025,007,00156,NULL,NULL),
    (00002864,0000001989,025,003,00159,NULL,NULL),
    (00002865,0000001593,025,004,00151,NULL,NULL),
    (00002866,0000001864,025,003,00149,NULL,NULL),
    (00002867,0000001612,025,004,00152,NULL,NULL),
    (00002868,0000002097,025,004,00151,NULL,NULL),
    (00002869,0000001628,025,004,00163,NULL,NULL),
    (00002870,0000001621,025,004,00163,NULL,NULL),
    (00002871,0000002488,025,004,00152,NULL,NULL),
    (00002872,0000002392,025,007,00156,NULL,NULL),
    (00002873,0000001875,025,003,00159,NULL,NULL);

--
-- Dumping data for table `gibbonTT`
--
INSERT INTO `gibbonTT` (`gibbonTTID`, `gibbonSchoolYearID`, `name`, `nameShort`, `nameShortDisplay`, `gibbonYearGroupIDList`, `active`)
VALUES
    (00000010,025,'Sample Timetable','TT','Day Of The Week','001,002,003,004,005,006,007','Y');

--
-- Dumping data for table `gibbonTTColumn`
--
INSERT INTO `gibbonTTColumn` (`gibbonTTColumnID`, `name`, `nameShort`)
VALUES
    (000038,'2021-22 Mon','202122Mo'),
    (000039,'2021-22 Tue','202122Tu'),
    (000040,'2021-22 Wed','202122We'),
    (000041,'2021-22 Thu','202122Th'),
    (000042,'2021-22 Fri','202122Fri');

--
-- Dumping data for table `gibbonTTColumnRow`
--
INSERT INTO `gibbonTTColumnRow` (`gibbonTTColumnRowID`, `gibbonTTColumnID`, `name`, `nameShort`, `timeStart`, `timeEnd`, `type`)
VALUES
    (00000302,000038,'Registration','Reg','08:15:00','08:30:00','Pastoral'),
    (00000303,000038,'Period 1','P1','08:30:00','09:40:00','Lesson'),
    (00000304,000038,'Period 2','P2','09:40:00','10:50:00','Lesson'),
    (00000305,000038,'Break 1','B1','10:50:00','11:10:00','Break'),
    (00000306,000038,'Period 3','P3','11:10:00','12:20:00','Lesson'),
    (00000307,000038,'Break 2','B2','12:20:00','13:10:00','Break'),
    (00000308,000038,'Period 4','P4','13:10:00','14:20:00','Lesson'),
    (00000309,000038,'Period 5','P5','14:20:00','15:30:00','Lesson'),
    (00000310,000039,'Registration','Reg','08:15:00','08:30:00','Pastoral'),
    (00000311,000039,'Period 1','P1','08:30:00','09:40:00','Lesson'),
    (00000312,000039,'Period 2','P2','09:40:00','10:50:00','Lesson'),
    (00000313,000039,'Break 1','B1','10:50:00','11:10:00','Break'),
    (00000314,000039,'Period 3','P3','11:10:00','12:20:00','Lesson'),
    (00000315,000039,'Break 2','B2','12:20:00','13:10:00','Break'),
    (00000316,000039,'Period 4','P4','13:10:00','14:20:00','Lesson'),
    (00000317,000039,'Activities','Act','14:20:00','15:30:00','Other'),
    (00000318,000040,'Period 1','P1','08:55:00','10:00:00','Lesson'),
    (00000319,000040,'Period 2','P2','10:00:00','11:05:00','Lesson'),
    (00000320,000040,'Break 1','B1','11:05:00','11:25:00','Break'),
    (00000321,000040,'Period 3','P3','11:25:00','12:30:00','Lesson'),
    (00000322,000040,'Break 2','B2','12:30:00','13:15:00','Break'),
    (00000323,000040,'Period 4','P4','13:15:00','14:20:00','Lesson'),
    (00000324,000040,'Collaboratio','Coll','14:20:00','16:30:00','Other'),
    (00000325,000041,'Registration','Reg','08:15:00','08:30:00','Pastoral'),
    (00000326,000041,'Period 1','P1','08:30:00','09:40:00','Lesson'),
    (00000327,000041,'Period 2','P2','09:40:00','10:50:00','Lesson'),
    (00000328,000041,'Break 1','B1','10:50:00','11:10:00','Break'),
    (00000329,000041,'Period 3','P3','11:10:00','12:20:00','Lesson'),
    (00000330,000041,'Break 2','B2','12:20:00','13:10:00','Break'),
    (00000331,000041,'Period 4','P4','13:10:00','14:20:00','Lesson'),
    (00000332,000041,'Period 5','P5','14:20:00','15:30:00','Lesson'),
    (00000333,000042,'Registration','Reg','08:15:00','08:30:00','Pastoral'),
    (00000334,000042,'Period 1','P1','08:30:00','09:40:00','Lesson'),
    (00000335,000042,'Period 2','P2','09:40:00','10:50:00','Lesson'),
    (00000336,000042,'Break 1','B1','10:50:00','11:10:00','Break'),
    (00000337,000042,'Period 3','P3','11:10:00','12:20:00','Lesson'),
    (00000338,000042,'Break 2','B2','12:20:00','13:10:00','Break'),
    (00000339,000042,'Period 4','P4','13:10:00','14:20:00','Lesson'),
    (00000340,000042,'Period 5','P5','14:20:00','15:30:00','Lesson'),
    (00000341,000038,'Meetings','Meet','15:30:00','16:30:00','Other'),
    (00000342,000040,'Tutorial','Tut','08:15:00','08:55:00','Pastoral'),
    (00000343,000041,'Clinics','Cln','15:30:00','16:30:00','Other');

--
-- Dumping data for table `gibbonTTDay`
--
INSERT INTO `gibbonTTDay` (`gibbonTTDayID`, `gibbonTTID`, `gibbonTTColumnID`, `name`, `nameShort`, `color`, `fontColor`)
VALUES
    (0000000061,00000010,000038,'Mon 1 Red','Mo1R','#cc0000','#ffffff'),
    (0000000062,00000010,000039,'Tue 1 Red','Tu1R','#cc0000','#ffffff'),
    (0000000063,00000010,000040,'Wed 1 Red','We1R','#cc0000','#ffffff'),
    (0000000064,00000010,000041,'Thu 1 Red','Th1R','#cc0000','#ffffff'),
    (0000000065,00000010,000042,'Fri 1 Red','Fr1R','#cc0000','#ffffff'),
    (0000000066,00000010,000038,'Mon 2 Blue','Mo2B','#0000cc','#ffffff'),
    (0000000067,00000010,000039,'Tue 2 Blue ','Tu2B','#0000cc','#ffffff'),
    (0000000068,00000010,000040,'Wed 2 Blue','We2B','#0000cc','#ffffff'),
    (0000000069,00000010,000041,'Thu 2 Blue','Th2B','#0000cc','#ffffff'),
    (0000000070,00000010,000042,'Fri 2 Blue','Fr2B','#0000cc','#ffffff');

--
-- Dumping data for table `gibbonTTDayDate`
--
INSERT INTO `gibbonTTDayDate` (`gibbonTTDayDateID`, `gibbonTTDayID`, `date`)
VALUES
    (0000000005,0000000061,'2025-08-18'),
    (0000000006,0000000061,'2025-09-01'),
    (0000000007,0000000061,'2025-09-15'),
    (0000000008,0000000061,'2025-09-29'),
    (0000000009,0000000061,'2025-10-13'),
    (0000000010,0000000061,'2025-10-27'),
    (0000000011,0000000061,'2025-11-17'),
    (0000000012,0000000061,'2025-12-01'),
    (0000000013,0000000061,'2026-01-05'),
    (0000000014,0000000061,'2026-01-19'),
    (0000000015,0000000061,'2026-02-02'),
    (0000000016,0000000061,'2026-02-16'),
    (0000000017,0000000061,'2026-03-02'),
    (0000000018,0000000061,'2026-03-16'),
    (0000000019,0000000061,'2026-04-13'),
    (0000000020,0000000061,'2026-04-27'),
    (0000000021,0000000061,'2026-05-11'),
    (0000000022,0000000061,'2026-05-25'),
    (0000000023,0000000061,'2026-06-08'),
    (0000000024,0000000061,'2026-06-22'),
    (0000000029,0000000066,'2025-08-11'),
    (0000000030,0000000066,'2025-08-25'),
    (0000000031,0000000066,'2025-09-08'),
    (0000000032,0000000066,'2025-09-22'),
    (0000000033,0000000066,'2025-10-06'),
    (0000000034,0000000066,'2025-10-20'),
    (0000000035,0000000066,'2025-11-03'),
    (0000000036,0000000066,'2025-11-10'),
    (0000000037,0000000066,'2025-11-24'),
    (0000000038,0000000066,'2025-12-08'),
    (0000000039,0000000066,'2026-01-12'),
    (0000000040,0000000066,'2026-01-26'),
    (0000000041,0000000066,'2026-02-09'),
    (0000000042,0000000066,'2026-02-23'),
    (0000000043,0000000066,'2026-03-09'),
    (0000000044,0000000066,'2026-03-23'),
    (0000000045,0000000066,'2026-04-20'),
    (0000000046,0000000066,'2026-05-04'),
    (0000000047,0000000066,'2026-05-18'),
    (0000000048,0000000066,'2026-06-01'),
    (0000000049,0000000066,'2026-06-15'),
    (0000000054,0000000062,'2025-08-19'),
    (0000000055,0000000062,'2025-09-02'),
    (0000000056,0000000062,'2025-09-16'),
    (0000000057,0000000062,'2025-09-30'),
    (0000000058,0000000062,'2025-10-14'),
    (0000000059,0000000062,'2025-10-28'),
    (0000000060,0000000062,'2025-11-18'),
    (0000000061,0000000062,'2025-12-02'),
    (0000000062,0000000062,'2026-01-06'),
    (0000000063,0000000062,'2026-01-20'),
    (0000000064,0000000062,'2026-02-03'),
    (0000000065,0000000062,'2026-02-17'),
    (0000000066,0000000062,'2026-03-03'),
    (0000000067,0000000062,'2026-03-17'),
    (0000000068,0000000062,'2026-04-14'),
    (0000000069,0000000062,'2026-04-28'),
    (0000000070,0000000062,'2026-05-12'),
    (0000000071,0000000062,'2026-05-26'),
    (0000000072,0000000062,'2026-06-09'),
    (0000000073,0000000062,'2026-06-23'),
    (0000000078,0000000067,'2025-08-12'),
    (0000000079,0000000067,'2025-08-26'),
    (0000000080,0000000067,'2025-09-09'),
    (0000000081,0000000067,'2025-09-23'),
    (0000000082,0000000067,'2025-10-07'),
    (0000000083,0000000067,'2025-10-21'),
    (0000000084,0000000067,'2025-11-04'),
    (0000000085,0000000067,'2025-11-11'),
    (0000000086,0000000067,'2025-11-25'),
    (0000000087,0000000067,'2025-12-09'),
    (0000000088,0000000067,'2026-01-13'),
    (0000000089,0000000067,'2026-01-27'),
    (0000000090,0000000067,'2026-02-10'),
    (0000000091,0000000067,'2026-02-24'),
    (0000000092,0000000067,'2026-03-10'),
    (0000000093,0000000067,'2026-04-21'),
    (0000000094,0000000067,'2026-05-05'),
    (0000000095,0000000067,'2026-05-19'),
    (0000000096,0000000067,'2026-06-02'),
    (0000000097,0000000067,'2026-06-16'),
    (0000000102,0000000063,'2025-08-20'),
    (0000000103,0000000063,'2025-09-03'),
    (0000000104,0000000063,'2025-09-17'),
    (0000000105,0000000063,'2025-10-01'),
    (0000000106,0000000063,'2025-10-15'),
    (0000000107,0000000063,'2025-10-29'),
    (0000000108,0000000063,'2025-11-19'),
    (0000000109,0000000063,'2025-12-03'),
    (0000000110,0000000063,'2026-01-07'),
    (0000000111,0000000063,'2026-01-21'),
    (0000000112,0000000063,'2026-02-04'),
    (0000000113,0000000063,'2026-02-18'),
    (0000000114,0000000063,'2026-03-04'),
    (0000000115,0000000063,'2026-03-18'),
    (0000000116,0000000063,'2026-04-15'),
    (0000000117,0000000063,'2026-04-29'),
    (0000000118,0000000063,'2026-05-13'),
    (0000000119,0000000063,'2026-05-27'),
    (0000000120,0000000063,'2026-06-10'),
    (0000000121,0000000063,'2026-06-24'),
    (0000000126,0000000068,'2025-08-13'),
    (0000000127,0000000068,'2025-08-27'),
    (0000000128,0000000068,'2025-09-10'),
    (0000000129,0000000068,'2025-09-24'),
    (0000000130,0000000068,'2025-10-08'),
    (0000000131,0000000068,'2025-10-22'),
    (0000000132,0000000068,'2025-11-05'),
    (0000000133,0000000068,'2025-11-12'),
    (0000000134,0000000068,'2025-11-26'),
    (0000000135,0000000068,'2025-12-10'),
    (0000000136,0000000068,'2026-01-14'),
    (0000000137,0000000068,'2026-01-28'),
    (0000000138,0000000068,'2026-02-11'),
    (0000000140,0000000068,'2026-03-11'),
    (0000000141,0000000068,'2026-04-22'),
    (0000000142,0000000068,'2026-05-06'),
    (0000000143,0000000068,'2026-05-20'),
    (0000000144,0000000068,'2026-06-03'),
    (0000000145,0000000068,'2026-06-17'),
    (0000000150,0000000064,'2025-08-21'),
    (0000000151,0000000064,'2025-09-04'),
    (0000000152,0000000064,'2025-09-18'),
    (0000000153,0000000064,'2025-10-02'),
    (0000000154,0000000064,'2025-10-16'),
    (0000000155,0000000064,'2025-10-30'),
    (0000000156,0000000064,'2025-11-20'),
    (0000000157,0000000064,'2025-12-04'),
    (0000000158,0000000064,'2026-01-08'),
    (0000000159,0000000064,'2026-01-22'),
    (0000000160,0000000064,'2026-02-05'),
    (0000000161,0000000064,'2026-02-19'),
    (0000000162,0000000064,'2026-03-05'),
    (0000000163,0000000064,'2026-03-19'),
    (0000000164,0000000064,'2026-04-16'),
    (0000000165,0000000064,'2026-04-30'),
    (0000000166,0000000064,'2026-05-14'),
    (0000000167,0000000064,'2026-05-28'),
    (0000000168,0000000064,'2026-06-11'),
    (0000000173,0000000069,'2025-08-14'),
    (0000000174,0000000069,'2025-08-28'),
    (0000000175,0000000069,'2025-09-11'),
    (0000000176,0000000069,'2025-09-25'),
    (0000000177,0000000069,'2025-10-09'),
    (0000000178,0000000069,'2025-10-23'),
    (0000000179,0000000069,'2025-11-06'),
    (0000000180,0000000069,'2025-11-13'),
    (0000000181,0000000069,'2025-11-27'),
    (0000000182,0000000069,'2026-01-15'),
    (0000000183,0000000069,'2026-01-29'),
    (0000000184,0000000069,'2026-02-12'),
    (0000000186,0000000069,'2026-03-12'),
    (0000000187,0000000069,'2026-04-23'),
    (0000000188,0000000069,'2026-05-07'),
    (0000000189,0000000069,'2026-05-21'),
    (0000000190,0000000069,'2026-06-04'),
    (0000000191,0000000069,'2026-06-18'),
    (0000000241,0000000067,'2026-03-24'),
    (0000000243,0000000068,'2026-03-25'),
    (0000000245,0000000069,'2025-12-11'),
    (0000000246,0000000069,'2026-03-26'),
    (0000000249,0000000064,'2026-06-25'),
    (0000000250,0000000065,'2026-07-03'),
    (0000000251,0000000068,'2026-02-25'),
    (0000000256,0000000070,'2026-04-24'),
    (0000000257,0000000070,'2026-05-08'),
    (0000000258,0000000070,'2026-05-22'),
    (0000000259,0000000070,'2026-06-05'),
    (0000000260,0000000070,'2026-06-19'),
    (0000000264,0000000065,'2026-04-17'),
    (0000000265,0000000065,'2026-05-01'),
    (0000000266,0000000065,'2026-05-15'),
    (0000000267,0000000065,'2026-05-29'),
    (0000000268,0000000065,'2026-06-12'),
    (0000000269,0000000065,'2026-06-26'),
    (0000000270,0000000069,'2026-02-26'),
    (0000000272,0000000065,'2025-08-22'),
    (0000000274,0000000065,'2025-09-05'),
    (0000000276,0000000065,'2025-09-19'),
    (0000000278,0000000065,'2025-10-03'),
    (0000000280,0000000065,'2025-10-17'),
    (0000000282,0000000065,'2025-10-31'),
    (0000000285,0000000065,'2025-11-21'),
    (0000000287,0000000065,'2025-12-05'),
    (0000000291,0000000065,'2026-01-09'),
    (0000000293,0000000065,'2026-01-23'),
    (0000000295,0000000065,'2026-02-06'),
    (0000000297,0000000065,'2026-02-20'),
    (0000000299,0000000065,'2026-03-06'),
    (0000000301,0000000065,'2026-03-20'),
    (0000000305,0000000070,'2025-08-15'),
    (0000000306,0000000070,'2025-08-29'),
    (0000000307,0000000070,'2025-09-12'),
    (0000000308,0000000070,'2025-09-26'),
    (0000000309,0000000070,'2025-10-10'),
    (0000000310,0000000070,'2025-10-24'),
    (0000000311,0000000070,'2025-11-07'),
    (0000000312,0000000070,'2025-11-14'),
    (0000000313,0000000070,'2025-11-28'),
    (0000000314,0000000070,'2025-12-12'),
    (0000000315,0000000070,'2026-01-16'),
    (0000000316,0000000070,'2026-01-30'),
    (0000000317,0000000070,'2026-02-13'),
    (0000000318,0000000070,'2026-02-27'),
    (0000000319,0000000070,'2026-03-13'),
    (0000000320,0000000070,'2026-03-27'),
    (0000000321,0000000066,'2025-05-19'),
    (0000000322,0000000066,'2025-06-02'),
    (0000000323,0000000066,'2025-06-16'),
    (0000000324,0000000066,'2025-06-30'),
    (0000000325,0000000066,'2025-07-14'),
    (0000000326,0000000066,'2025-07-28'),
    (0000000327,0000000067,'2025-05-20'),
    (0000000328,0000000067,'2025-06-03'),
    (0000000329,0000000067,'2025-06-17'),
    (0000000330,0000000067,'2025-07-01'),
    (0000000331,0000000067,'2025-07-15'),
    (0000000332,0000000067,'2025-07-29'),
    (0000000333,0000000068,'2025-05-21'),
    (0000000334,0000000068,'2025-06-04'),
    (0000000335,0000000068,'2025-06-18'),
    (0000000336,0000000068,'2025-07-02'),
    (0000000337,0000000068,'2025-07-16'),
    (0000000338,0000000068,'2025-07-30'),
    (0000000339,0000000069,'2025-05-22'),
    (0000000340,0000000069,'2025-06-05'),
    (0000000341,0000000069,'2025-06-19'),
    (0000000342,0000000069,'2025-07-03'),
    (0000000343,0000000069,'2025-07-17'),
    (0000000344,0000000069,'2025-07-31'),
    (0000000345,0000000070,'2025-05-23'),
    (0000000346,0000000070,'2025-06-06'),
    (0000000347,0000000070,'2025-06-20'),
    (0000000348,0000000070,'2025-07-04'),
    (0000000349,0000000070,'2025-07-18'),
    (0000000350,0000000070,'2025-08-01'),
    (0000000351,0000000061,'2025-05-26'),
    (0000000352,0000000061,'2025-06-09'),
    (0000000353,0000000061,'2025-06-23'),
    (0000000354,0000000061,'2025-07-07'),
    (0000000355,0000000061,'2025-07-21'),
    (0000000356,0000000061,'2025-08-04'),
    (0000000357,0000000062,'2025-05-27'),
    (0000000358,0000000062,'2025-06-10'),
    (0000000359,0000000062,'2025-06-24'),
    (0000000360,0000000062,'2025-07-08'),
    (0000000361,0000000062,'2025-07-22'),
    (0000000362,0000000062,'2025-08-05'),
    (0000000363,0000000063,'2025-05-28'),
    (0000000364,0000000063,'2025-06-11'),
    (0000000365,0000000063,'2025-06-25'),
    (0000000366,0000000063,'2025-07-09'),
    (0000000367,0000000063,'2025-07-23'),
    (0000000368,0000000063,'2025-08-06'),
    (0000000369,0000000064,'2025-05-29'),
    (0000000370,0000000064,'2025-06-12'),
    (0000000371,0000000064,'2025-06-26'),
    (0000000372,0000000064,'2025-07-10'),
    (0000000373,0000000064,'2025-07-24'),
    (0000000374,0000000064,'2025-08-07'),
    (0000000375,0000000065,'2025-05-30'),
    (0000000376,0000000065,'2025-06-13'),
    (0000000377,0000000065,'2025-06-27'),
    (0000000378,0000000065,'2025-07-11'),
    (0000000379,0000000065,'2025-07-25'),
    (0000000380,0000000065,'2025-08-08');

--
-- Dumping data for table `gibbonTTDayRowClass`
--
INSERT INTO `gibbonTTDayRowClass` (`gibbonTTDayRowClassID`, `gibbonTTColumnRowID`, `gibbonTTDayID`, `gibbonCourseClassID`, `gibbonSpaceID`)
VALUES
    (000000013168,00000337,0000000065,00002409,0000000007),
    (000000013169,00000337,0000000070,00002409,0000000007),
    (000000013170,00000335,0000000070,00002408,0000000007),
    (000000013171,00000327,0000000064,00002408,0000000007),
    (000000013172,00000309,0000000061,00002407,0000000007),
    (000000013173,00000304,0000000066,00002407,0000000007),
    (000000013174,00000306,0000000061,00002518,0000000007),
    (000000013175,00000309,0000000066,00002518,0000000007),
    (000000013176,00000303,0000000061,00002484,0000000007),
    (000000013177,00000304,0000000061,00002484,0000000007),
    (000000013178,00000303,0000000066,00002484,0000000007),
    (000000013179,00000319,0000000063,00002484,0000000007),
    (000000013180,00000319,0000000068,00002484,0000000007),
    (000000013181,00000306,0000000061,00002280,0000000052),
    (000000013182,00000308,0000000061,00002280,0000000052),
    (000000013183,00000308,0000000066,00002280,0000000052),
    (000000013184,00000332,0000000064,00002280,0000000052),
    (000000013185,00000323,0000000068,00002280,0000000052),
    (000000013186,00000327,0000000064,00002310,0000000052),
    (000000013187,00000331,0000000064,00002310,0000000052),
    (000000013188,00000331,0000000069,00002310,0000000052),
    (000000013189,00000311,0000000062,00002310,0000000052),
    (000000013190,00000311,0000000067,00002310,0000000052),
    (000000013191,00000304,0000000061,00002412,0000000030),
    (000000013192,00000304,0000000066,00002412,0000000030),
    (000000013193,00000314,0000000067,00002412,0000000030),
    (000000013194,00000319,0000000063,00002412,0000000030),
    (000000013195,00000319,0000000068,00002412,0000000030),
    (000000013196,00000337,0000000065,00002411,0000000029),
    (000000013197,00000308,0000000061,00002411,0000000029),
    (000000013198,00000309,0000000066,00002411,0000000029),
    (000000013199,00000327,0000000069,00002411,0000000029),
    (000000013200,00000319,0000000068,00002411,0000000029),
    (000000013201,00000334,0000000070,00002410,0000000029),
    (000000013202,00000303,0000000061,00002410,0000000029),
    (000000013203,00000303,0000000066,00002410,0000000029),
    (000000013204,00000327,0000000064,00002410,0000000029),
    (000000013205,00000319,0000000063,00002410,0000000029),
    (000000013206,00000335,0000000065,00002519,0000000029),
    (000000013207,00000335,0000000070,00002519,0000000029),
    (000000013208,00000309,0000000061,00002519,0000000029),
    (000000013209,00000308,0000000066,00002519,0000000029),
    (000000013210,00000321,0000000063,00002519,0000000029),
    (000000013211,00000308,0000000061,00002447,0000000030),
    (000000013212,00000309,0000000066,00002447,0000000001),
    (000000013213,00000311,0000000062,00002447,0000000030),
    (000000013214,00000311,0000000067,00002447,0000000030),
    (000000013215,00000323,0000000063,00002447,0000000030),
    (000000013216,00000323,0000000068,00002447,0000000030),
    (000000013217,00000335,0000000065,00002446,0000000030),
    (000000013218,00000303,0000000061,00002446,0000000031),
    (000000013219,00000309,0000000066,00002446,0000000031),
    (000000013220,00000329,0000000069,00002446,0000000030),
    (000000013221,00000323,0000000063,00002446,0000000009),
    (000000013222,00000318,0000000068,00002446,0000000030),
    (000000013223,00000335,0000000070,00002445,0000000030),
    (000000013224,00000308,0000000061,00002445,0000000032),
    (000000013225,00000303,0000000066,00002445,0000000031),
    (000000013226,00000326,0000000064,00002445,0000000030),
    (000000013227,00000326,0000000069,00002445,0000000030),
    (000000013228,00000311,0000000062,00002445,0000000031),
    (000000013229,00000334,0000000070,00002336,0000000032),
    (000000013230,00000306,0000000061,00002336,0000000032),
    (000000013231,00000306,0000000066,00002336,0000000032),
    (000000013232,00000323,0000000063,00002336,0000000032),
    (000000013233,00000323,0000000068,00002336,0000000032),
    (000000013234,00000326,0000000064,00002370,0000000032),
    (000000013235,00000326,0000000069,00002370,0000000032),
    (000000013236,00000332,0000000064,00002337,0000000011),
    (000000013237,00000332,0000000069,00002337,0000000011),
    (000000013238,00000323,0000000063,00002337,0000000011),
    (000000013239,00000323,0000000068,00002337,0000000011),
    (000000013240,00000334,0000000065,00002371,0000000032),
    (000000013241,00000340,0000000070,00002371,0000000032),
    (000000013242,00000319,0000000068,00002371,0000000032),
    (000000013243,00000312,0000000062,00002339,0000000022),
    (000000013244,00000312,0000000067,00002339,0000000022),
    (000000013245,00000321,0000000063,00002339,0000000022),
    (000000013246,00000321,0000000068,00002339,0000000022),
    (000000013247,00000311,0000000062,00002373,0000000022),
    (000000013248,00000311,0000000067,00002373,0000000022),
    (000000013249,00000309,0000000061,00002340,0000000022),
    (000000013250,00000309,0000000066,00002340,0000000022),
    (000000013251,00000306,0000000061,00002374,0000000022),
    (000000013252,00000306,0000000066,00002374,0000000022),
    (000000013253,00000334,0000000065,00002414,0000000047),
    (000000013254,00000340,0000000070,00002414,0000000047),
    (000000013255,00000326,0000000064,00002414,0000000047),
    (000000013256,00000326,0000000069,00002414,0000000047),
    (000000013257,00000316,0000000062,00002414,0000000047),
    (000000013258,00000316,0000000067,00002414,0000000047),
    (000000013259,00000334,0000000065,00002413,0000000048),
    (000000013260,00000340,0000000070,00002413,0000000048),
    (000000013261,00000326,0000000064,00002413,0000000048),
    (000000013262,00000326,0000000069,00002413,0000000048),
    (000000013263,00000316,0000000062,00002413,0000000048),
    (000000013264,00000316,0000000067,00002413,0000000048),
    (000000013265,00000334,0000000065,00002417,0000000010),
    (000000013266,00000340,0000000070,00002417,0000000010),
    (000000013267,00000326,0000000064,00002417,0000000010),
    (000000013268,00000326,0000000069,00002417,0000000010),
    (000000013269,00000316,0000000062,00002417,0000000010),
    (000000013270,00000316,0000000067,00002417,0000000010),
    (000000013271,00000334,0000000065,00002416,0000000049),
    (000000013272,00000340,0000000070,00002416,0000000049),
    (000000013273,00000326,0000000064,00002416,0000000049),
    (000000013274,00000326,0000000069,00002416,0000000049),
    (000000013275,00000316,0000000062,00002416,0000000049),
    (000000013276,00000316,0000000067,00002416,0000000049),
    (000000013277,00000332,0000000064,00002449,0000000047),
    (000000013278,00000332,0000000069,00002449,0000000047),
    (000000013279,00000314,0000000062,00002449,0000000047),
    (000000013280,00000314,0000000067,00002449,0000000047),
    (000000013281,00000321,0000000063,00002449,0000000047),
    (000000013282,00000321,0000000068,00002449,0000000047),
    (000000013283,00000332,0000000064,00002448,0000000046),
    (000000013284,00000332,0000000069,00002448,0000000046),
    (000000013285,00000314,0000000062,00002448,0000000046),
    (000000013286,00000314,0000000067,00002448,0000000046),
    (000000013287,00000321,0000000063,00002448,0000000046),
    (000000013288,00000321,0000000068,00002448,0000000046),
    (000000013289,00000332,0000000064,00002452,0000000010),
    (000000013290,00000332,0000000069,00002452,0000000010),
    (000000013291,00000314,0000000062,00002452,0000000010),
    (000000013292,00000314,0000000067,00002452,0000000010),
    (000000013293,00000321,0000000063,00002452,0000000010),
    (000000013294,00000321,0000000068,00002452,0000000010),
    (000000013295,00000332,0000000064,00002451,0000000049),
    (000000013296,00000332,0000000069,00002451,0000000049),
    (000000013297,00000314,0000000062,00002451,0000000049),
    (000000013298,00000314,0000000067,00002451,0000000049),
    (000000013299,00000321,0000000063,00002451,0000000049),
    (000000013300,00000321,0000000068,00002451,0000000049),
    (000000013301,00000332,0000000064,00002450,0000000048),
    (000000013302,00000332,0000000069,00002450,0000000048),
    (000000013303,00000314,0000000062,00002450,0000000048),
    (000000013304,00000314,0000000067,00002450,0000000048),
    (000000013305,00000321,0000000063,00002450,0000000048),
    (000000013306,00000321,0000000068,00002450,0000000048),
    (000000013307,00000339,0000000065,00002486,0000000010),
    (000000013308,00000339,0000000070,00002486,0000000010),
    (000000013309,00000306,0000000061,00002486,0000000010),
    (000000013310,00000306,0000000066,00002486,0000000010),
    (000000013311,00000327,0000000064,00002486,0000000010),
    (000000013312,00000327,0000000069,00002486,0000000010),
    (000000013313,00000339,0000000065,00002485,0000000049),
    (000000013314,00000339,0000000070,00002485,0000000049),
    (000000013315,00000306,0000000061,00002485,0000000049),
    (000000013316,00000306,0000000066,00002485,0000000049),
    (000000013317,00000327,0000000064,00002485,0000000049),
    (000000013318,00000327,0000000069,00002485,0000000049),
    (000000013319,00000339,0000000065,00002489,0000000046),
    (000000013320,00000339,0000000070,00002489,0000000046),
    (000000013321,00000306,0000000061,00002489,0000000046),
    (000000013322,00000306,0000000066,00002489,0000000046),
    (000000013323,00000327,0000000064,00002489,0000000046),
    (000000013324,00000327,0000000069,00002489,0000000046),
    (000000013325,00000339,0000000065,00002487,0000000048),
    (000000013326,00000339,0000000070,00002487,0000000048),
    (000000013327,00000306,0000000061,00002487,0000000048),
    (000000013328,00000306,0000000066,00002487,0000000048),
    (000000013329,00000327,0000000064,00002487,0000000048),
    (000000013330,00000327,0000000069,00002487,0000000048),
    (000000013331,00000339,0000000065,00002488,0000000047),
    (000000013332,00000339,0000000070,00002488,0000000047),
    (000000013333,00000306,0000000061,00002488,0000000047),
    (000000013334,00000306,0000000066,00002488,0000000047),
    (000000013335,00000327,0000000064,00002488,0000000047),
    (000000013336,00000327,0000000069,00002488,0000000047),
    (000000013337,00000337,0000000065,00002282,0000000048),
    (000000013338,00000337,0000000070,00002282,0000000048),
    (000000013339,00000303,0000000061,00002282,0000000048),
    (000000013340,00000303,0000000066,00002282,0000000048),
    (000000013341,00000319,0000000063,00002282,0000000048),
    (000000013342,00000319,0000000068,00002282,0000000048),
    (000000013343,00000337,0000000065,00002281,0000000010),
    (000000013344,00000337,0000000070,00002281,0000000010),
    (000000013345,00000303,0000000061,00002281,0000000010),
    (000000013346,00000303,0000000066,00002281,0000000010),
    (000000013347,00000319,0000000063,00002281,0000000010),
    (000000013348,00000319,0000000068,00002281,0000000010),
    (000000013349,00000337,0000000065,00002284,0000000049),
    (000000013350,00000337,0000000070,00002284,0000000049),
    (000000013351,00000303,0000000061,00002284,0000000049),
    (000000013352,00000303,0000000066,00002284,0000000049),
    (000000013353,00000319,0000000063,00002284,0000000049),
    (000000013354,00000319,0000000068,00002284,0000000049),
    (000000013355,00000337,0000000065,00002283,0000000047),
    (000000013356,00000337,0000000070,00002283,0000000047),
    (000000013357,00000303,0000000061,00002283,0000000047),
    (000000013358,00000303,0000000066,00002283,0000000047),
    (000000013359,00000319,0000000063,00002283,0000000047),
    (000000013360,00000319,0000000068,00002283,0000000047),
    (000000013361,00000337,0000000065,00002285,0000000046),
    (000000013362,00000337,0000000070,00002285,0000000046),
    (000000013363,00000303,0000000061,00002285,0000000046),
    (000000013364,00000303,0000000066,00002285,0000000046),
    (000000013365,00000319,0000000063,00002285,0000000046),
    (000000013366,00000319,0000000068,00002285,0000000046),
    (000000013367,00000340,0000000065,00002312,0000000046),
    (000000013368,00000334,0000000070,00002312,0000000046),
    (000000013369,00000309,0000000061,00002312,0000000046),
    (000000013370,00000309,0000000066,00002312,0000000046),
    (000000013371,00000329,0000000064,00002312,0000000046),
    (000000013372,00000329,0000000069,00002312,0000000046),
    (000000013373,00000340,0000000065,00002311,0000000049),
    (000000013374,00000334,0000000070,00002311,0000000049),
    (000000013375,00000309,0000000061,00002311,0000000049),
    (000000013376,00000309,0000000066,00002311,0000000049),
    (000000013377,00000329,0000000064,00002311,0000000049),
    (000000013378,00000329,0000000069,00002311,0000000049),
    (000000013379,00000340,0000000065,00002313,0000000047),
    (000000013380,00000334,0000000070,00002313,0000000047),
    (000000013381,00000309,0000000061,00002313,0000000047),
    (000000013382,00000309,0000000066,00002313,0000000047),
    (000000013383,00000329,0000000064,00002313,0000000047),
    (000000013384,00000329,0000000069,00002313,0000000047),
    (000000013385,00000340,0000000065,00002520,0000000048),
    (000000013386,00000334,0000000070,00002520,0000000048),
    (000000013387,00000309,0000000061,00002520,0000000048),
    (000000013388,00000309,0000000066,00002520,0000000048),
    (000000013389,00000329,0000000064,00002520,0000000048),
    (000000013390,00000329,0000000069,00002520,0000000048),
    (000000013391,00000340,0000000065,00002521,0000000010),
    (000000013392,00000334,0000000070,00002521,0000000010),
    (000000013393,00000309,0000000061,00002521,0000000010),
    (000000013394,00000309,0000000066,00002521,0000000010),
    (000000013395,00000308,0000000061,00002341,0000000010),
    (000000013396,00000308,0000000066,00002341,0000000010),
    (000000013397,00000311,0000000062,00002341,0000000010),
    (000000013398,00000311,0000000067,00002341,0000000010),
    (000000013399,00000318,0000000063,00002341,0000000010),
    (000000013400,00000318,0000000068,00002341,0000000010),
    (000000013401,00000335,0000000070,00002376,0000000046),
    (000000013402,00000304,0000000061,00002376,0000000046),
    (000000013403,00000304,0000000066,00002376,0000000046),
    (000000013404,00000312,0000000062,00002376,0000000046),
    (000000013405,00000312,0000000067,00002376,0000000046),
    (000000013406,00000334,0000000065,00002522,0000000046),
    (000000013407,00000340,0000000070,00002522,0000000046),
    (000000013408,00000308,0000000061,00002522,0000000048),
    (000000013409,00000308,0000000066,00002522,0000000048),
    (000000013410,00000326,0000000064,00002522,0000000046),
    (000000013411,00000326,0000000069,00002522,0000000046),
    (000000013412,00000317,0000000062,00002522,0000000046),
    (000000013413,00000316,0000000062,00002522,0000000046),
    (000000013414,00000317,0000000067,00002522,0000000046),
    (000000013415,00000316,0000000067,00002522,0000000046),
    (000000013416,00000308,0000000061,00002342,0000000049),
    (000000013417,00000308,0000000066,00002342,0000000049),
    (000000013418,00000318,0000000063,00002342,0000000049),
    (000000013419,00000318,0000000068,00002342,0000000049),
    (000000013420,00000308,0000000061,00002523,0000000047),
    (000000013421,00000308,0000000066,00002523,0000000047),
    (000000013422,00000318,0000000063,00002523,0000000047),
    (000000013423,00000318,0000000068,00002523,0000000047),
    (000000013424,00000335,0000000070,00002377,0000000049),
    (000000013425,00000304,0000000061,00002377,0000000049),
    (000000013426,00000304,0000000066,00002377,0000000049),
    (000000013427,00000326,0000000064,00002455,0000000007),
    (000000013428,00000326,0000000069,00002455,0000000007),
    (000000013429,00000329,0000000064,00002454,0000000007),
    (000000013430,00000311,0000000062,00002454,0000000007),
    (000000013431,00000339,0000000065,00002453,0000000007),
    (000000013433,00000306,0000000061,00002286,0000000028),
    (000000013434,00000308,0000000061,00002286,0000000028),
    (000000013435,00000308,0000000066,00002286,0000000028),
    (000000013436,00000332,0000000064,00002286,0000000028),
    (000000013437,00000323,0000000068,00002286,0000000028),
    (000000013438,00000327,0000000064,00002314,0000000028),
    (000000013439,00000331,0000000064,00002314,0000000012),
    (000000013440,00000331,0000000069,00002314,0000000012),
    (000000013441,00000311,0000000062,00002314,0000000028),
    (000000013442,00000311,0000000067,00002314,0000000028),
    (000000013443,00000304,0000000061,00002287,0000000031),
    (000000013444,00000304,0000000066,00002287,0000000031),
    (000000013445,00000312,0000000062,00002287,0000000031),
    (000000013446,00000312,0000000067,00002287,0000000031),
    (000000013447,00000321,0000000068,00002287,0000000031),
    (000000013448,00000304,0000000061,00002524,0000000029),
    (000000013449,00000304,0000000066,00002524,0000000029),
    (000000013450,00000312,0000000062,00002524,0000000029),
    (000000013451,00000312,0000000067,00002524,0000000029),
    (000000013452,00000321,0000000068,00002524,0000000029),
    (000000013453,00000337,0000000065,00002315,0000000031),
    (000000013454,00000337,0000000070,00002315,0000000031),
    (000000013455,00000308,0000000061,00002315,0000000031),
    (000000013456,00000308,0000000066,00002315,0000000031),
    (000000013457,00000327,0000000069,00002315,0000000031),
    (000000013458,00000332,0000000064,00002343,0000000031),
    (000000013459,00000332,0000000069,00002343,0000000031),
    (000000013460,00000323,0000000063,00002343,0000000031),
    (000000013461,00000323,0000000068,00002343,0000000031),
    (000000013462,00000339,0000000070,00002378,0000000031),
    (000000013463,00000326,0000000064,00002378,0000000031),
    (000000013464,00000326,0000000069,00002378,0000000031),
    (000000013465,00000319,0000000068,00002378,0000000031),
    (000000013466,00000340,0000000065,00002525,0000000031),
    (000000013467,00000334,0000000070,00002525,0000000031),
    (000000013468,00000306,0000000061,00002525,0000000031),
    (000000013469,00000306,0000000066,00002525,0000000031),
    (000000013470,00000329,0000000064,00002526,0000000002),
    (000000013471,00000329,0000000069,00002526,0000000002),
    (000000013472,00000311,0000000062,00002526,0000000002),
    (000000013473,00000311,0000000067,00002526,0000000002),
    (000000013474,00000318,0000000063,00002526,0000000002),
    (000000013475,00000318,0000000068,00002526,0000000002),
    (000000013476,00000329,0000000064,00002527,0000000006),
    (000000013477,00000329,0000000069,00002527,0000000006),
    (000000013478,00000311,0000000062,00002527,0000000006),
    (000000013479,00000311,0000000067,00002527,0000000006),
    (000000013480,00000318,0000000063,00002527,0000000006),
    (000000013481,00000318,0000000068,00002527,0000000006),
    (000000013482,00000329,0000000064,00002528,0000000025),
    (000000013483,00000329,0000000069,00002528,0000000025),
    (000000013484,00000311,0000000062,00002528,0000000025),
    (000000013485,00000311,0000000067,00002528,0000000025),
    (000000013486,00000318,0000000063,00002528,0000000025),
    (000000013487,00000318,0000000068,00002528,0000000025),
    (000000013488,00000329,0000000064,00002529,0000000017),
    (000000013489,00000329,0000000069,00002529,0000000017),
    (000000013490,00000311,0000000062,00002529,0000000017),
    (000000013491,00000311,0000000067,00002529,0000000017),
    (000000013492,00000318,0000000063,00002529,0000000017),
    (000000013493,00000318,0000000068,00002529,0000000017),
    (000000013494,00000329,0000000064,00002530,0000000001),
    (000000013495,00000329,0000000069,00002530,0000000001),
    (000000013496,00000311,0000000062,00002530,0000000001),
    (000000013497,00000311,0000000067,00002530,0000000001),
    (000000013498,00000318,0000000063,00002530,0000000001),
    (000000013499,00000318,0000000068,00002530,0000000001),
    (000000013500,00000337,0000000065,00002531,0000000004),
    (000000013501,00000337,0000000070,00002531,0000000004),
    (000000013502,00000306,0000000061,00002531,0000000004),
    (000000013503,00000306,0000000066,00002531,0000000004),
    (000000013504,00000331,0000000064,00002531,0000000004),
    (000000013505,00000331,0000000069,00002531,0000000004),
    (000000013506,00000337,0000000065,00002532,0000000001),
    (000000013507,00000337,0000000070,00002532,0000000001),
    (000000013508,00000306,0000000061,00002532,0000000001),
    (000000013509,00000306,0000000066,00002532,0000000001),
    (000000013510,00000331,0000000064,00002532,0000000001),
    (000000013511,00000331,0000000069,00002532,0000000001),
    (000000013512,00000337,0000000065,00002533,0000000002),
    (000000013513,00000337,0000000070,00002533,0000000002),
    (000000013514,00000306,0000000061,00002533,0000000002),
    (000000013515,00000306,0000000066,00002533,0000000002),
    (000000013516,00000331,0000000064,00002533,0000000002),
    (000000013517,00000331,0000000069,00002533,0000000002),
    (000000013518,00000337,0000000065,00002534,0000000017),
    (000000013519,00000337,0000000070,00002534,0000000017),
    (000000013520,00000306,0000000061,00002534,0000000017),
    (000000013521,00000306,0000000066,00002534,0000000017),
    (000000013522,00000331,0000000064,00002534,0000000017),
    (000000013523,00000331,0000000069,00002534,0000000017),
    (000000013524,00000335,0000000065,00002535,0000000006),
    (000000013525,00000335,0000000070,00002535,0000000006),
    (000000013526,00000332,0000000064,00002535,0000000006),
    (000000013527,00000332,0000000069,00002535,0000000006),
    (000000013528,00000312,0000000062,00002535,0000000006),
    (000000013529,00000312,0000000067,00002535,0000000006),
    (000000013530,00000335,0000000065,00002536,0000000001),
    (000000013531,00000335,0000000070,00002536,0000000001),
    (000000013532,00000332,0000000064,00002536,0000000001),
    (000000013533,00000332,0000000069,00002536,0000000001),
    (000000013534,00000312,0000000062,00002536,0000000001),
    (000000013535,00000312,0000000067,00002536,0000000001),
    (000000013536,00000335,0000000065,00002537,0000000002),
    (000000013537,00000335,0000000070,00002537,0000000002),
    (000000013538,00000332,0000000064,00002537,0000000002),
    (000000013539,00000332,0000000069,00002537,0000000002),
    (000000013540,00000312,0000000062,00002537,0000000002),
    (000000013541,00000312,0000000067,00002537,0000000002),
    (000000013542,00000335,0000000065,00002538,0000000004),
    (000000013543,00000335,0000000070,00002538,0000000004),
    (000000013544,00000332,0000000064,00002538,0000000004),
    (000000013545,00000332,0000000069,00002538,0000000004),
    (000000013546,00000312,0000000062,00002538,0000000004),
    (000000013547,00000312,0000000067,00002538,0000000004),
    (000000013548,00000340,0000000065,00002539,0000000006),
    (000000013549,00000334,0000000070,00002539,0000000006),
    (000000013550,00000309,0000000061,00002539,0000000006),
    (000000013551,00000309,0000000066,00002539,0000000006),
    (000000013552,00000326,0000000064,00002539,0000000006),
    (000000013553,00000326,0000000069,00002539,0000000006),
    (000000013554,00000340,0000000065,00002540,0000000002),
    (000000013555,00000334,0000000070,00002540,0000000002),
    (000000013556,00000309,0000000061,00002540,0000000002),
    (000000013557,00000309,0000000066,00002540,0000000002),
    (000000013558,00000326,0000000064,00002540,0000000002),
    (000000013559,00000326,0000000069,00002540,0000000002),
    (000000013560,00000340,0000000065,00002541,0000000008),
    (000000013561,00000334,0000000070,00002541,0000000008),
    (000000013562,00000309,0000000061,00002541,0000000008),
    (000000013563,00000309,0000000066,00002541,0000000008),
    (000000013564,00000326,0000000064,00002541,0000000008),
    (000000013565,00000326,0000000069,00002541,0000000008),
    (000000013566,00000339,0000000065,00002542,0000000001),
    (000000013567,00000339,0000000070,00002542,0000000001),
    (000000013568,00000303,0000000061,00002542,0000000001),
    (000000013569,00000303,0000000066,00002542,0000000001),
    (000000013570,00000316,0000000062,00002542,0000000001),
    (000000013571,00000321,0000000063,00002542,0000000001),
    (000000013572,00000321,0000000068,00002542,0000000001),
    (000000013573,00000339,0000000065,00002543,0000000004),
    (000000013574,00000339,0000000070,00002543,0000000004),
    (000000013575,00000303,0000000061,00002543,0000000004),
    (000000013576,00000303,0000000066,00002543,0000000004),
    (000000013577,00000316,0000000062,00002543,0000000004),
    (000000013578,00000321,0000000063,00002543,0000000004),
    (000000013579,00000321,0000000068,00002543,0000000004),
    (000000013580,00000339,0000000065,00002544,0000000008),
    (000000013581,00000339,0000000070,00002544,0000000008),
    (000000013582,00000303,0000000061,00002544,0000000008),
    (000000013583,00000303,0000000066,00002544,0000000008),
    (000000013584,00000316,0000000062,00002544,0000000008),
    (000000013585,00000321,0000000063,00002544,0000000008),
    (000000013586,00000321,0000000068,00002544,0000000008),
    (000000013587,00000331,0000000064,00002292,0000000007),
    (000000013588,00000331,0000000069,00002292,0000000007),
    (000000013589,00000332,0000000069,00002292,0000000007),
    (000000013590,00000323,0000000063,00002292,0000000007),
    (000000013591,00000331,0000000064,00002291,0000000018),
    (000000013592,00000331,0000000069,00002291,0000000006),
    (000000013593,00000332,0000000069,00002291,0000000008),
    (000000013594,00000323,0000000063,00002291,0000000008),
    (000000013595,00000331,0000000064,00002545,0000000008),
    (000000013596,00000331,0000000069,00002545,0000000020),
    (000000013597,00000332,0000000069,00002545,0000000029),
    (000000013598,00000323,0000000063,00002545,0000000005),
    (000000013599,00000318,0000000063,00002319,0000000008),
    (000000013600,00000323,0000000063,00002319,0000000001),
    (000000013601,00000318,0000000068,00002319,0000000008),
    (000000013602,00000323,0000000068,00002319,0000000001),
    (000000013603,00000318,0000000063,00002320,0000000004),
    (000000013604,00000323,0000000063,00002320,0000000004),
    (000000013605,00000318,0000000068,00002320,0000000004),
    (000000013606,00000323,0000000068,00002320,0000000004),
    (000000013607,00000334,0000000065,00002344,0000000001),
    (000000013608,00000340,0000000070,00002344,0000000001),
    (000000013609,00000304,0000000061,00002344,0000000001),
    (000000013610,00000304,0000000066,00002344,0000000001),
    (000000013611,00000314,0000000067,00002344,0000000001),
    (000000013612,00000319,0000000063,00002344,0000000001),
    (000000013613,00000319,0000000068,00002344,0000000001),
    (000000013614,00000334,0000000065,00002546,0000000004),
    (000000013615,00000340,0000000070,00002546,0000000004),
    (000000013616,00000304,0000000061,00002546,0000000004),
    (000000013617,00000304,0000000066,00002546,0000000004),
    (000000013618,00000314,0000000067,00002546,0000000004),
    (000000013619,00000319,0000000063,00002546,0000000004),
    (000000013620,00000319,0000000068,00002546,0000000004),
    (000000013621,00000308,0000000061,00002382,0000000004),
    (000000013622,00000308,0000000066,00002382,0000000004),
    (000000013623,00000311,0000000062,00002382,0000000004),
    (000000013624,00000311,0000000067,00002382,0000000004),
    (000000013625,00000304,0000000061,00002345,0000000008),
    (000000013626,00000304,0000000066,00002345,0000000008),
    (000000013627,00000319,0000000063,00002345,0000000008),
    (000000013628,00000319,0000000068,00002345,0000000008),
    (000000013629,00000308,0000000061,00002384,0000000002),
    (000000013630,00000308,0000000066,00002384,0000000002),
    (000000013631,00000335,0000000070,00002346,0000000031),
    (000000013632,00000326,0000000064,00002346,0000000011),
    (000000013633,00000326,0000000069,00002346,0000000011),
    (000000013634,00000306,0000000061,00002385,0000000011),
    (000000013635,00000306,0000000066,00002385,0000000011),
    (000000013636,00000304,0000000061,00002293,0000000011),
    (000000013637,00000304,0000000066,00002293,0000000011),
    (000000013638,00000312,0000000062,00002293,0000000011),
    (000000013639,00000312,0000000067,00002293,0000000011),
    (000000013640,00000321,0000000068,00002293,0000000011),
    (000000013641,00000337,0000000065,00002321,0000000011),
    (000000013642,00000337,0000000070,00002321,0000000011),
    (000000013643,00000308,0000000061,00002321,0000000011),
    (000000013644,00000308,0000000066,00002321,0000000011),
    (000000013645,00000327,0000000069,00002321,0000000011),
    (000000013646,00000340,0000000065,00002423,0000000028),
    (000000013647,00000327,0000000064,00002423,0000000012),
    (000000013648,00000327,0000000069,00002423,0000000028),
    (000000013649,00000335,0000000065,00002422,0000000028),
    (000000013650,00000334,0000000070,00002422,0000000028),
    (000000013651,00000306,0000000066,00002422,0000000028),
    (000000013652,00000340,0000000065,00002421,0000000012),
    (000000013653,00000309,0000000066,00002421,0000000012),
    (000000013654,00000312,0000000067,00002421,0000000012),
    (000000013655,00000334,0000000070,00002547,0000000012),
    (000000013656,00000312,0000000062,00002547,0000000012),
    (000000013657,00000321,0000000068,00002547,0000000012),
    (000000013658,00000339,0000000065,00002462,0000000012),
    (000000013659,00000335,0000000070,00002462,0000000012),
    (000000013660,00000329,0000000064,00002462,0000000012),
    (000000013661,00000327,0000000069,00002462,0000000012),
    (000000013662,00000339,0000000070,00002461,0000000012),
    (000000013663,00000309,0000000061,00002461,0000000012),
    (000000013664,00000326,0000000064,00002461,0000000012),
    (000000013665,00000326,0000000069,00002461,0000000012),
    (000000013666,00000335,0000000065,00002460,0000000012),
    (000000013668,00000316,0000000067,00002460,0000000012),
    (000000013669,00000323,0000000063,00002460,0000000012),
    (000000013670,00000303,0000000061,00002493,0000000028),
    (000000013671,00000304,0000000061,00002493,0000000028),
    (000000013672,00000303,0000000066,00002493,0000000028),
    (000000013673,00000319,0000000063,00002493,0000000028),
    (000000013674,00000319,0000000068,00002493,0000000028),
    (000000013675,00000308,0000000061,00002426,0000000009),
    (000000013676,00000308,0000000066,00002426,0000000009),
    (000000013677,00000309,0000000066,00002426,0000000009),
    (000000013678,00000312,0000000062,00002426,0000000009),
    (000000013679,00000309,0000000061,00002425,0000000009),
    (000000013680,00000303,0000000066,00002425,0000000009),
    (000000013681,00000319,0000000063,00002425,0000000009),
    (000000013682,00000321,0000000068,00002425,0000000009),
    (000000013683,00000304,0000000061,00002424,0000000009),
    (000000013684,00000306,0000000066,00002424,0000000009),
    (000000013685,00000321,0000000063,00002424,0000000009),
    (000000013686,00000319,0000000068,00002424,0000000009),
    (000000013687,00000303,0000000061,00002548,0000000009),
    (000000013688,00000304,0000000066,00002548,0000000009),
    (000000013689,00000327,0000000069,00002548,0000000009),
    (000000013690,00000312,0000000067,00002548,0000000009),
    (000000013691,00000334,0000000065,00002465,0000000008),
    (000000013692,00000308,0000000066,00002465,0000000030),
    (000000013693,00000327,0000000064,00002464,0000000008),
    (000000013694,00000312,0000000067,00002464,0000000008),
    (000000013695,00000309,0000000061,00002463,0000000031),
    (000000013697,00000340,0000000065,00002495,0000000001),
    (000000013698,00000334,0000000070,00002495,0000000001),
    (000000013699,00000304,0000000066,00002494,0000000006),
    (000000013700,00000311,0000000067,00002494,0000000031),
    (000000013701,00000329,0000000069,00002496,0000000029),
    (000000013702,00000318,0000000068,00002496,0000000029),
    (000000013703,00000312,0000000062,00002348,0000000005),
    (000000013704,00000312,0000000067,00002348,0000000005),
    (000000013705,00000321,0000000063,00002348,0000000005),
    (000000013706,00000321,0000000068,00002348,0000000005),
    (000000013707,00000326,0000000064,00002549,0000000005),
    (000000013708,00000326,0000000069,00002549,0000000005),
    (000000013709,00000309,0000000061,00002349,0000000005),
    (000000013710,00000309,0000000066,00002349,0000000005),
    (000000013711,00000331,0000000064,00002349,0000000005),
    (000000013712,00000331,0000000069,00002349,0000000005),
    (000000013713,00000334,0000000070,00002550,0000000005),
    (000000013714,00000311,0000000062,00002550,0000000005),
    (000000013715,00000311,0000000067,00002550,0000000005),
    (000000013716,00000304,0000000061,00002294,0000000023),
    (000000013717,00000304,0000000066,00002294,0000000023),
    (000000013718,00000312,0000000062,00002294,0000000023),
    (000000013719,00000312,0000000067,00002294,0000000023),
    (000000013720,00000321,0000000068,00002294,0000000023),
    (000000013721,00000337,0000000065,00002322,0000000023),
    (000000013722,00000337,0000000070,00002322,0000000023),
    (000000013723,00000308,0000000061,00002322,0000000023),
    (000000013724,00000308,0000000066,00002322,0000000023),
    (000000013725,00000327,0000000069,00002322,0000000023),
    (000000013726,00000340,0000000065,00002551,0000000023),
    (000000013727,00000334,0000000070,00002551,0000000023),
    (000000013728,00000306,0000000061,00002551,0000000023),
    (000000013729,00000306,0000000066,00002551,0000000023),
    (000000013730,00000335,0000000065,00002350,0000000023),
    (000000013731,00000335,0000000070,00002350,0000000023),
    (000000013732,00000326,0000000064,00002350,0000000023),
    (000000013733,00000326,0000000069,00002350,0000000023),
    (000000013734,00000309,0000000061,00002552,0000000023),
    (000000013735,00000309,0000000066,00002552,0000000023),
    (000000013736,00000334,0000000065,00002553,0000000023),
    (000000013737,00000340,0000000070,00002553,0000000023),
    (000000013738,00000319,0000000063,00002553,0000000023),
    (000000013739,00000319,0000000068,00002553,0000000023),
    (000000013740,00000303,0000000061,00002429,0000000030),
    (000000013741,00000306,0000000061,00002429,0000000030),
    (000000013742,00000303,0000000066,00002429,0000000030),
    (000000013743,00000306,0000000066,00002429,0000000030),
    (000000013744,00000340,0000000065,00002428,0000000009),
    (000000013745,00000306,0000000061,00002428,0000000009),
    (000000013746,00000331,0000000069,00002428,0000000031),
    (000000013747,00000321,0000000063,00002428,0000000012),
    (000000013748,00000337,0000000065,00002427,0000000006),
    (000000013749,00000337,0000000070,00002427,0000000006),
    (000000013750,00000331,0000000064,00002427,0000000006),
    (000000013751,00000321,0000000068,00002427,0000000006),
    (000000013752,00000337,0000000065,00002554,0000000008),
    (000000013753,00000308,0000000061,00002554,0000000008),
    (000000013754,00000306,0000000066,00002554,0000000008),
    (000000013755,00000314,0000000067,00002554,0000000008),
    (000000013756,00000312,0000000062,00002468,0000000017),
    (000000013757,00000316,0000000062,00002468,0000000030),
    (000000013758,00000312,0000000067,00002468,0000000017),
    (000000013759,00000316,0000000067,00002468,0000000030),
    (000000013760,00000334,0000000065,00002467,0000000006),
    (000000013761,00000340,0000000070,00002467,0000000006),
    (000000013762,00000308,0000000066,00002467,0000000006),
    (000000013763,00000316,0000000067,00002467,0000000006),
    (000000013764,00000329,0000000064,00002466,0000000008),
    (000000013765,00000312,0000000062,00002466,0000000008),
    (000000013767,00000323,0000000068,00002466,0000000008),
    (000000013768,00000340,0000000070,00002498,0000000008),
    (000000013769,00000331,0000000069,00002498,0000000008),
    (000000013770,00000314,0000000062,00002498,0000000008),
    (000000013771,00000316,0000000067,00002498,0000000008),
    (000000013772,00000329,0000000069,00002497,0000000028),
    (000000013773,00000314,0000000062,00002497,0000000028),
    (000000013774,00000314,0000000067,00002497,0000000028),
    (000000013775,00000318,0000000063,00002497,0000000028),
    (000000013776,00000334,0000000065,00002499,0000000009),
    (000000013777,00000340,0000000070,00002499,0000000009),
    (000000013778,00000316,0000000062,00002499,0000000009),
    (000000013779,00000316,0000000067,00002499,0000000009),
    (000000013780,00000306,0000000066,00002296,0000000006),
    (000000013781,00000321,0000000063,00002296,0000000006),
    (000000013782,00000314,0000000062,00002295,0000000012),
    (000000013783,00000314,0000000067,00002295,0000000012),
    (000000013784,00000335,0000000065,00002555,0000000008),
    (000000013785,00000335,0000000070,00002555,0000000008),
    (000000013786,00000334,0000000065,00002501,0000000031),
    (000000013787,00000337,0000000070,00002501,0000000029),
    (000000013788,00000316,0000000062,00002501,0000000029),
    (000000013789,00000311,0000000067,00002501,0000000029),
    (000000013790,00000323,0000000063,00002501,0000000029),
    (000000013791,00000318,0000000068,00002501,0000000031),
    (000000013792,00000334,0000000065,00002500,0000000029),
    (000000013793,00000340,0000000070,00002500,0000000029),
    (000000013794,00000329,0000000064,00002500,0000000029),
    (000000013795,00000311,0000000062,00002500,0000000029),
    (000000013796,00000316,0000000067,00002500,0000000029),
    (000000013797,00000323,0000000068,00002500,0000000029),
    (000000013798,00000340,0000000065,00002502,0000000029),
    (000000013799,00000331,0000000064,00002502,0000000029),
    (000000013800,00000331,0000000069,00002502,0000000029),
    (000000013801,00000314,0000000062,00002502,0000000029),
    (000000013802,00000314,0000000067,00002502,0000000029),
    (000000013803,00000318,0000000063,00002502,0000000029),
    (000000013804,00000334,0000000065,00002430,0000000026),
    (000000013805,00000340,0000000070,00002430,0000000026),
    (000000013806,00000326,0000000064,00002430,0000000026),
    (000000013807,00000326,0000000069,00002430,0000000026),
    (000000013808,00000316,0000000062,00002430,0000000026),
    (000000013809,00000316,0000000067,00002430,0000000026),
    (000000013810,00000332,0000000064,00002469,0000000026),
    (000000013811,00000332,0000000069,00002469,0000000026),
    (000000013812,00000314,0000000062,00002469,0000000026),
    (000000013813,00000314,0000000067,00002469,0000000026),
    (000000013814,00000321,0000000063,00002469,0000000026),
    (000000013815,00000321,0000000068,00002469,0000000026),
    (000000013816,00000339,0000000065,00002503,0000000026),
    (000000013817,00000339,0000000070,00002503,0000000026),
    (000000013818,00000306,0000000061,00002503,0000000026),
    (000000013819,00000306,0000000066,00002503,0000000026),
    (000000013820,00000327,0000000064,00002503,0000000026),
    (000000013821,00000327,0000000069,00002503,0000000026),
    (000000013822,00000337,0000000065,00002297,0000000026),
    (000000013823,00000337,0000000070,00002297,0000000026),
    (000000013824,00000303,0000000061,00002297,0000000026),
    (000000013825,00000303,0000000066,00002297,0000000026),
    (000000013826,00000319,0000000063,00002297,0000000026),
    (000000013827,00000319,0000000068,00002297,0000000026),
    (000000013828,00000340,0000000065,00002323,0000000026),
    (000000013829,00000334,0000000070,00002323,0000000026),
    (000000013830,00000309,0000000061,00002323,0000000026),
    (000000013831,00000309,0000000066,00002323,0000000026),
    (000000013832,00000329,0000000064,00002323,0000000026),
    (000000013833,00000329,0000000069,00002323,0000000026),
    (000000013834,00000339,0000000065,00002556,0000000018),
    (000000013835,00000339,0000000070,00002556,0000000018),
    (000000013836,00000332,0000000064,00002556,0000000018),
    (000000013837,00000332,0000000069,00002556,0000000018),
    (000000013838,00000323,0000000063,00002556,0000000018),
    (000000013839,00000323,0000000068,00002556,0000000018),
    (000000013840,00000339,0000000065,00002557,0000000017),
    (000000013841,00000339,0000000070,00002557,0000000017),
    (000000013842,00000332,0000000064,00002557,0000000017),
    (000000013843,00000332,0000000069,00002557,0000000017),
    (000000013844,00000323,0000000063,00002557,0000000017),
    (000000013845,00000323,0000000068,00002557,0000000017),
    (000000013846,00000339,0000000065,00002558,0000000020),
    (000000013847,00000339,0000000070,00002558,0000000020),
    (000000013848,00000332,0000000064,00002558,0000000020),
    (000000013849,00000332,0000000069,00002558,0000000020),
    (000000013850,00000323,0000000063,00002558,0000000020),
    (000000013851,00000323,0000000068,00002558,0000000020),
    (000000013852,00000339,0000000065,00002559,0000000019),
    (000000013853,00000339,0000000070,00002559,0000000019),
    (000000013854,00000332,0000000064,00002559,0000000019),
    (000000013855,00000332,0000000069,00002559,0000000019),
    (000000013856,00000323,0000000063,00002559,0000000019),
    (000000013857,00000323,0000000068,00002559,0000000019),
    (000000013858,00000339,0000000065,00002560,0000000024),
    (000000013859,00000339,0000000070,00002560,0000000024),
    (000000013860,00000332,0000000064,00002560,0000000024),
    (000000013861,00000332,0000000069,00002560,0000000024),
    (000000013862,00000323,0000000063,00002560,0000000024),
    (000000013863,00000323,0000000068,00002560,0000000024),
    (000000013864,00000340,0000000065,00002561,0000000024),
    (000000013865,00000334,0000000070,00002561,0000000024),
    (000000013866,00000304,0000000061,00002561,0000000024),
    (000000013867,00000304,0000000066,00002561,0000000024),
    (000000013868,00000319,0000000063,00002561,0000000024),
    (000000013869,00000319,0000000068,00002561,0000000024),
    (000000013870,00000340,0000000065,00002562,0000000017),
    (000000013871,00000334,0000000070,00002562,0000000017),
    (000000013872,00000304,0000000061,00002562,0000000017),
    (000000013873,00000304,0000000066,00002562,0000000017),
    (000000013874,00000319,0000000063,00002562,0000000017),
    (000000013875,00000319,0000000068,00002562,0000000017),
    (000000013876,00000340,0000000065,00002563,0000000018),
    (000000013877,00000334,0000000070,00002563,0000000018),
    (000000013878,00000304,0000000061,00002563,0000000018),
    (000000013879,00000304,0000000066,00002563,0000000018),
    (000000013880,00000319,0000000063,00002563,0000000018),
    (000000013881,00000319,0000000068,00002563,0000000018),
    (000000013882,00000340,0000000065,00002564,0000000020),
    (000000013883,00000334,0000000070,00002564,0000000020),
    (000000013884,00000304,0000000061,00002564,0000000020),
    (000000013885,00000304,0000000066,00002564,0000000020),
    (000000013886,00000319,0000000063,00002564,0000000020),
    (000000013887,00000319,0000000068,00002564,0000000020),
    (000000013888,00000309,0000000061,00002565,0000000019),
    (000000013889,00000309,0000000066,00002565,0000000019),
    (000000013890,00000326,0000000064,00002565,0000000019),
    (000000013891,00000326,0000000069,00002565,0000000019),
    (000000013892,00000321,0000000063,00002565,0000000019),
    (000000013893,00000321,0000000068,00002565,0000000019),
    (000000013894,00000309,0000000061,00002566,0000000018),
    (000000013895,00000309,0000000066,00002566,0000000018),
    (000000013896,00000326,0000000064,00002566,0000000018),
    (000000013897,00000326,0000000069,00002566,0000000018),
    (000000013898,00000321,0000000063,00002566,0000000018),
    (000000013899,00000321,0000000068,00002566,0000000018),
    (000000013900,00000309,0000000061,00002567,0000000024),
    (000000013901,00000309,0000000066,00002567,0000000024),
    (000000013902,00000326,0000000064,00002567,0000000024),
    (000000013903,00000326,0000000069,00002567,0000000024),
    (000000013904,00000321,0000000063,00002567,0000000024),
    (000000013905,00000321,0000000068,00002567,0000000024),
    (000000013906,00000309,0000000061,00002568,0000000017),
    (000000013907,00000309,0000000066,00002568,0000000017),
    (000000013908,00000326,0000000064,00002568,0000000017),
    (000000013909,00000326,0000000069,00002568,0000000017),
    (000000013910,00000321,0000000063,00002568,0000000017),
    (000000013911,00000321,0000000068,00002568,0000000017),
    (000000013912,00000309,0000000061,00002569,0000000020),
    (000000013913,00000309,0000000066,00002569,0000000020),
    (000000013914,00000326,0000000064,00002569,0000000020),
    (000000013915,00000326,0000000069,00002569,0000000020),
    (000000013916,00000321,0000000063,00002569,0000000020),
    (000000013917,00000321,0000000068,00002569,0000000020),
    (000000013918,00000334,0000000065,00002570,0000000024),
    (000000013919,00000340,0000000070,00002570,0000000024),
    (000000013920,00000329,0000000064,00002570,0000000024),
    (000000013921,00000329,0000000069,00002570,0000000024),
    (000000013922,00000311,0000000062,00002570,0000000024),
    (000000013923,00000311,0000000067,00002570,0000000024),
    (000000013924,00000334,0000000065,00002571,0000000019),
    (000000013925,00000340,0000000070,00002571,0000000019),
    (000000013926,00000329,0000000064,00002571,0000000019),
    (000000013927,00000329,0000000069,00002571,0000000019),
    (000000013928,00000311,0000000062,00002571,0000000019),
    (000000013929,00000311,0000000067,00002571,0000000019),
    (000000013930,00000334,0000000065,00002572,0000000018),
    (000000013931,00000340,0000000070,00002572,0000000018),
    (000000013932,00000329,0000000064,00002572,0000000018),
    (000000013933,00000329,0000000069,00002572,0000000018),
    (000000013934,00000311,0000000062,00002572,0000000018),
    (000000013935,00000311,0000000067,00002572,0000000018),
    (000000013942,00000335,0000000065,00002574,0000000019),
    (000000013943,00000335,0000000070,00002574,0000000019),
    (000000013944,00000306,0000000061,00002574,0000000019),
    (000000013945,00000306,0000000066,00002574,0000000019),
    (000000013946,00000312,0000000062,00002574,0000000019),
    (000000013947,00000312,0000000067,00002574,0000000019),
    (000000013948,00000335,0000000065,00002575,0000000020),
    (000000013949,00000335,0000000070,00002575,0000000020),
    (000000013950,00000306,0000000061,00002575,0000000020),
    (000000013951,00000306,0000000066,00002575,0000000020),
    (000000013952,00000312,0000000062,00002575,0000000020),
    (000000013953,00000312,0000000067,00002575,0000000020),
    (000000013954,00000335,0000000065,00002576,0000000024),
    (000000013955,00000335,0000000070,00002576,0000000024),
    (000000013956,00000306,0000000061,00002576,0000000024),
    (000000013957,00000306,0000000066,00002576,0000000024),
    (000000013958,00000312,0000000062,00002576,0000000024),
    (000000013959,00000312,0000000067,00002576,0000000018),
    (000000013960,00000337,0000000070,00002577,0000000019),
    (000000013961,00000303,0000000061,00002577,0000000019),
    (000000013962,00000303,0000000066,00002577,0000000019),
    (000000013963,00000316,0000000062,00002577,0000000019),
    (000000013964,00000316,0000000067,00002577,0000000019),
    (000000013965,00000303,0000000061,00002578,0000000018),
    (000000013966,00000303,0000000066,00002578,0000000018),
    (000000013967,00000327,0000000064,00002578,0000000018),
    (000000013968,00000327,0000000069,00002578,0000000018),
    (000000013969,00000309,0000000061,00002389,0000000025),
    (000000013970,00000309,0000000066,00002389,0000000025),
    (000000013971,00000318,0000000068,00002389,0000000019),
    (000000013972,00000337,0000000065,00002579,0000000018),
    (000000013973,00000337,0000000070,00002579,0000000018),
    (000000013974,00000316,0000000062,00002579,0000000018),
    (000000013975,00000316,0000000067,00002579,0000000018),
    (000000013976,00000314,0000000067,00002390,0000000024),
    (000000013977,00000318,0000000068,00002390,0000000024),
    (000000013978,00000303,0000000061,00002507,0000000012),
    (000000013979,00000304,0000000061,00002507,0000000012),
    (000000013980,00000303,0000000066,00002507,0000000012),
    (000000013981,00000319,0000000063,00002507,0000000012),
    (000000013982,00000319,0000000068,00002507,0000000012),
    (000000013983,00000306,0000000061,00002301,0000000012),
    (000000013984,00000308,0000000061,00002301,0000000012),
    (000000013985,00000308,0000000066,00002301,0000000012),
    (000000013986,00000332,0000000064,00002301,0000000012),
    (000000013987,00000323,0000000068,00002301,0000000012),
    (000000013988,00000327,0000000064,00002327,0000000009),
    (000000013989,00000331,0000000064,00002327,0000000009),
    (000000013990,00000331,0000000069,00002327,0000000009),
    (000000013991,00000311,0000000062,00002327,0000000009),
    (000000013992,00000311,0000000067,00002327,0000000009),
    (000000013993,00000314,0000000067,00002391,0000000018),
    (000000013994,00000318,0000000063,00002391,0000000018),
    (000000013995,00000318,0000000068,00002391,0000000018),
    (000000013996,00000334,0000000070,00002437,0000000014),
    (000000013997,00000309,0000000061,00002437,0000000014),
    (000000013998,00000331,0000000064,00002437,0000000015),
    (000000013999,00000312,0000000067,00002437,0000000015),
    (000000014000,00000304,0000000061,00002436,0000000014),
    (000000014001,00000304,0000000066,00002436,0000000014),
    (000000014002,00000312,0000000062,00002436,0000000014),
    (000000014003,00000312,0000000067,00002436,0000000014),
    (000000014004,00000306,0000000061,00002435,0000000014),
    (000000014005,00000308,0000000066,00002435,0000000014),
    (000000014006,00000327,0000000069,00002435,0000000015),
    (000000014007,00000312,0000000062,00002435,0000000015),
    (000000014008,00000337,0000000070,00002580,0000000014),
    (000000014009,00000303,0000000066,00002580,0000000014),
    (000000014010,00000331,0000000064,00002580,0000000014),
    (000000014011,00000319,0000000063,00002580,0000000014),
    (000000014012,00000339,0000000070,00002476,0000000015),
    (000000014013,00000303,0000000061,00002476,0000000015),
    (000000014014,00000303,0000000066,00002476,0000000015),
    (000000014015,00000329,0000000069,00002476,0000000015),
    (000000014016,00000327,0000000069,00002475,0000000014),
    (000000014017,00000316,0000000062,00002475,0000000014),
    (000000014018,00000311,0000000067,00002475,0000000014),
    (000000014019,00000318,0000000063,00002475,0000000014),
    (000000014020,00000339,0000000070,00002474,0000000014),
    (000000014021,00000303,0000000061,00002474,0000000014),
    (000000014022,00000327,0000000064,00002474,0000000014),
    (000000014023,00000318,0000000068,00002474,0000000014),
    (000000014024,00000308,0000000061,00002509,0000000014),
    (000000014025,00000308,0000000066,00002509,0000000015),
    (000000014026,00000329,0000000064,00002509,0000000015),
    (000000014027,00000318,0000000063,00002509,0000000015),
    (000000014028,00000323,0000000068,00002509,0000000014),
    (000000014029,00000337,0000000065,00002508,0000000014),
    (000000014030,00000337,0000000070,00002508,0000000015),
    (000000014031,00000316,0000000062,00002508,0000000015),
    (000000014032,00000323,0000000063,00002508,0000000014),
    (000000014033,00000318,0000000068,00002508,0000000015),
    (000000014034,00000334,0000000070,00002510,0000000015),
    (000000014035,00000304,0000000066,00002510,0000000015),
    (000000014036,00000329,0000000064,00002510,0000000014),
    (000000014037,00000311,0000000062,00002510,0000000015),
    (000000014038,00000311,0000000067,00002510,0000000015),
    (000000014039,00000335,0000000065,00002303,0000000014),
    (000000014040,00000335,0000000070,00002303,0000000014),
    (000000014041,00000314,0000000062,00002303,0000000014),
    (000000014042,00000314,0000000067,00002303,0000000014),
    (000000014043,00000335,0000000065,00002302,0000000015),
    (000000014044,00000335,0000000070,00002302,0000000015),
    (000000014045,00000306,0000000066,00002302,0000000014),
    (000000014046,00000321,0000000063,00002302,0000000014),
    (000000014047,00000306,0000000066,00002581,0000000015),
    (000000014048,00000314,0000000062,00002581,0000000015),
    (000000014049,00000314,0000000067,00002581,0000000015),
    (000000014050,00000321,0000000063,00002581,0000000015),
    (000000014051,00000326,0000000064,00002328,0000000014),
    (000000014052,00000326,0000000069,00002328,0000000014),
    (000000014053,00000316,0000000067,00002328,0000000014),
    (000000014054,00000326,0000000064,00002329,0000000015),
    (000000014055,00000326,0000000069,00002329,0000000015),
    (000000014056,00000316,0000000067,00002329,0000000015),
    (000000014057,00000329,0000000064,00002359,0000000021),
    (000000014058,00000329,0000000069,00002359,0000000021),
    (000000014059,00000311,0000000062,00002359,0000000021),
    (000000014060,00000311,0000000067,00002359,0000000021),
    (000000014061,00000323,0000000063,00002394,0000000021),
    (000000014062,00000323,0000000068,00002394,0000000021),
    (000000014063,00000335,0000000065,00002360,0000000021),
    (000000014064,00000335,0000000070,00002360,0000000021),
    (000000014065,00000326,0000000064,00002360,0000000021),
    (000000014066,00000326,0000000069,00002360,0000000021),
    (000000014067,00000337,0000000070,00002395,0000000021),
    (000000014068,00000303,0000000061,00002395,0000000021),
    (000000014069,00000303,0000000066,00002395,0000000021),
    (000000014070,00000334,0000000065,00002356,0000000050),
    (000000014071,00000340,0000000070,00002356,0000000050),
    (000000014072,00000337,0000000070,00002392,0000000050),
    (000000014073,00000312,0000000062,00002361,0000000030),
    (000000014074,00000312,0000000067,00002361,0000000030),
    (000000014075,00000321,0000000063,00002361,0000000030),
    (000000014076,00000321,0000000068,00002361,0000000030),
    (000000014077,00000303,0000000061,00002396,0000000023),
    (000000014078,00000303,0000000066,00002396,0000000023),
    (000000014079,00000323,0000000063,00002396,0000000023),
    (000000014080,00000323,0000000068,00002396,0000000023),
    (000000014081,00000309,0000000061,00002582,0000000030),
    (000000014082,00000309,0000000066,00002582,0000000030),
    (000000014083,00000331,0000000064,00002582,0000000030),
    (000000014084,00000331,0000000069,00002582,0000000030),
    (000000014085,00000335,0000000065,00002440,0000000032),
    (000000014086,00000335,0000000070,00002440,0000000032),
    (000000014087,00000331,0000000069,00002440,0000000032),
    (000000014088,00000314,0000000062,00002440,0000000032),
    (000000014089,00000321,0000000063,00002440,0000000032),
    (000000014090,00000321,0000000068,00002440,0000000032),
    (000000014091,00000337,0000000070,00002439,0000000020),
    (000000014092,00000303,0000000061,00002439,0000000020),
    (000000014093,00000308,0000000066,00002439,0000000020),
    (000000014094,00000331,0000000064,00002439,0000000020),
    (000000014095,00000314,0000000062,00002439,0000000020),
    (000000014096,00000314,0000000067,00002439,0000000020),
    (000000014097,00000335,0000000065,00002438,0000000017),
    (000000014098,00000335,0000000070,00002438,0000000017),
    (000000014099,00000308,0000000061,00002438,0000000017),
    (000000014100,00000331,0000000069,00002438,0000000011),
    (000000014101,00000314,0000000062,00002438,0000000011),
    (000000014102,00000314,0000000067,00002438,0000000017),
    (000000014103,00000340,0000000065,00002583,0000000011),
    (000000014104,00000304,0000000061,00002583,0000000032),
    (000000014105,00000327,0000000064,00002583,0000000031),
    (000000014106,00000331,0000000069,00002583,0000000018),
    (000000014107,00000314,0000000062,00002583,0000000031),
    (000000014108,00000319,0000000068,00002583,0000000011),
    (000000014109,00000335,0000000065,00002479,0000000011),
    (000000014110,00000340,0000000070,00002479,0000000011),
    (000000014111,00000309,0000000061,00002479,0000000011),
    (000000014112,00000327,0000000064,00002479,0000000011),
    (000000014113,00000318,0000000063,00002479,0000000011),
    (000000014114,00000318,0000000068,00002479,0000000011),
    (000000014115,00000339,0000000065,00002478,0000000011),
    (000000014116,00000335,0000000070,00002478,0000000011),
    (000000014117,00000308,0000000061,00002478,0000000024),
    (000000014118,00000303,0000000066,00002478,0000000011),
    (000000014119,00000312,0000000062,00002478,0000000021),
    (000000014120,00000323,0000000068,00002478,0000000010),
    (000000014121,00000334,0000000065,00002477,0000000017),
    (000000014122,00000340,0000000070,00002477,0000000017),
    (000000014123,00000309,0000000066,00002477,0000000011),
    (000000014124,00000327,0000000069,00002477,0000000020),
    (000000014125,00000312,0000000067,00002477,0000000021),
    (000000014126,00000318,0000000063,00002477,0000000020),
    (000000014127,00000337,0000000065,00002512,0000000032),
    (000000014128,00000304,0000000066,00002512,0000000032),
    (000000014129,00000331,0000000064,00002512,0000000032),
    (000000014130,00000329,0000000069,00002512,0000000032),
    (000000014131,00000311,0000000062,00002512,0000000032),
    (000000014132,00000314,0000000067,00002512,0000000032),
    (000000014133,00000340,0000000065,00002511,0000000021),
    (000000014134,00000334,0000000070,00002511,0000000021),
    (000000014135,00000308,0000000061,00002511,0000000021),
    (000000014136,00000308,0000000066,00002511,0000000021),
    (000000014137,00000331,0000000064,00002511,0000000021),
    (000000014138,00000331,0000000069,00002511,0000000021),
    (000000014139,00000337,0000000065,00002513,0000000022),
    (000000014140,00000337,0000000070,00002513,0000000022),
    (000000014141,00000308,0000000061,00002513,0000000022),
    (000000014142,00000308,0000000066,00002513,0000000022),
    (000000014143,00000323,0000000063,00002513,0000000022),
    (000000014144,00000323,0000000068,00002513,0000000022),
    (000000014145,00000339,0000000065,00002305,0000000032),
    (000000014146,00000339,0000000070,00002305,0000000032),
    (000000014147,00000327,0000000064,00002305,0000000032),
    (000000014148,00000327,0000000069,00002305,0000000032),
    (000000014149,00000316,0000000062,00002305,0000000032),
    (000000014150,00000316,0000000067,00002305,0000000032),
    (000000014151,00000318,0000000063,00002305,0000000032),
    (000000014152,00000318,0000000068,00002305,0000000032),
    (000000014153,00000339,0000000065,00002304,0000000021),
    (000000014154,00000339,0000000070,00002304,0000000021),
    (000000014155,00000327,0000000064,00002304,0000000021),
    (000000014156,00000327,0000000069,00002304,0000000021),
    (000000014157,00000316,0000000062,00002304,0000000021),
    (000000014158,00000316,0000000067,00002304,0000000021),
    (000000014159,00000318,0000000063,00002304,0000000021),
    (000000014160,00000318,0000000068,00002304,0000000021),
    (000000014161,00000339,0000000065,00002584,0000000022),
    (000000014162,00000339,0000000070,00002584,0000000022),
    (000000014163,00000327,0000000064,00002584,0000000022),
    (000000014164,00000327,0000000069,00002584,0000000022),
    (000000014165,00000316,0000000062,00002584,0000000022),
    (000000014166,00000316,0000000067,00002584,0000000022),
    (000000014167,00000318,0000000063,00002584,0000000022),
    (000000014168,00000318,0000000068,00002584,0000000022),
    (000000014169,00000334,0000000065,00002331,0000000021),
    (000000014170,00000340,0000000070,00002331,0000000021),
    (000000014171,00000304,0000000061,00002331,0000000021),
    (000000014172,00000304,0000000066,00002331,0000000021),
    (000000014173,00000332,0000000064,00002331,0000000021),
    (000000014174,00000332,0000000069,00002331,0000000021),
    (000000014175,00000314,0000000062,00002331,0000000021),
    (000000014176,00000314,0000000067,00002331,0000000021),
    (000000014177,00000319,0000000063,00002331,0000000021),
    (000000014178,00000319,0000000068,00002331,0000000021),
    (000000014179,00000334,0000000065,00002330,0000000022),
    (000000014180,00000340,0000000070,00002330,0000000022),
    (000000014181,00000304,0000000061,00002330,0000000022),
    (000000014182,00000304,0000000066,00002330,0000000022),
    (000000014183,00000332,0000000064,00002330,0000000022),
    (000000014184,00000332,0000000069,00002330,0000000022),
    (000000014185,00000314,0000000062,00002330,0000000022),
    (000000014186,00000314,0000000067,00002330,0000000022),
    (000000014187,00000319,0000000063,00002330,0000000022),
    (000000014188,00000319,0000000068,00002330,0000000022),
    (000000014189,00000334,0000000065,00002441,0000000005),
    (000000014190,00000340,0000000070,00002441,0000000005),
    (000000014191,00000326,0000000064,00002441,0000000050),
    (000000014192,00000326,0000000069,00002441,0000000050),
    (000000014193,00000316,0000000062,00002441,0000000005),
    (000000014194,00000316,0000000067,00002441,0000000005),
    (000000014195,00000332,0000000064,00002480,0000000005),
    (000000014196,00000332,0000000069,00002480,0000000005),
    (000000014197,00000314,0000000062,00002480,0000000050),
    (000000014198,00000314,0000000067,00002480,0000000050),
    (000000014199,00000321,0000000063,00002480,0000000050),
    (000000014200,00000321,0000000068,00002480,0000000050),
    (000000014201,00000339,0000000065,00002514,0000000005),
    (000000014202,00000339,0000000070,00002514,0000000005),
    (000000014203,00000306,0000000061,00002514,0000000005),
    (000000014204,00000306,0000000066,00002514,0000000005),
    (000000014205,00000327,0000000064,00002514,0000000005),
    (000000014206,00000327,0000000069,00002514,0000000005),
    (000000014207,00000337,0000000065,00002307,0000000005),
    (000000014208,00000337,0000000070,00002307,0000000005),
    (000000014209,00000303,0000000061,00002307,0000000005),
    (000000014210,00000303,0000000066,00002307,0000000005),
    (000000014211,00000319,0000000063,00002307,0000000005),
    (000000014212,00000319,0000000068,00002307,0000000005),
    (000000014213,00000340,0000000065,00002332,0000000050),
    (000000014214,00000334,0000000070,00002332,0000000050),
    (000000014215,00000309,0000000061,00002332,0000000050),
    (000000014216,00000309,0000000066,00002332,0000000050),
    (000000014217,00000329,0000000064,00002332,0000000005),
    (000000014218,00000329,0000000069,00002332,0000000005),
    (000000014219,00000308,0000000061,00002363,0000000050),
    (000000014220,00000308,0000000066,00002363,0000000050),
    (000000014221,00000318,0000000063,00002363,0000000050),
    (000000014222,00000318,0000000068,00002363,0000000050),
    (000000014223,00000312,0000000062,00002399,0000000050),
    (000000014224,00000312,0000000067,00002399,0000000050),
    (000000014225,00000329,0000000064,00002364,0000000050),
    (000000014226,00000329,0000000069,00002364,0000000050),
    (000000014227,00000311,0000000062,00002364,0000000050),
    (000000014228,00000311,0000000067,00002364,0000000050),
    (000000014229,00000335,0000000070,00002585,0000000050),
    (000000014230,00000304,0000000061,00002585,0000000050),
    (000000014231,00000304,0000000066,00002585,0000000050),
    (000000014232,00000314,0000000067,00002362,0000000006),
    (000000014233,00000312,0000000062,00002365,0000000028),
    (000000014234,00000312,0000000067,00002365,0000000028),
    (000000014235,00000321,0000000063,00002365,0000000028),
    (000000014236,00000321,0000000068,00002365,0000000028),
    (000000014237,00000309,0000000061,00002366,0000000028),
    (000000014238,00000309,0000000066,00002366,0000000028),
    (000000014239,00000331,0000000064,00002366,0000000028),
    (000000014240,00000331,0000000069,00002366,0000000028),
    (000000014241,00000339,0000000070,00002367,0000000023),
    (000000014242,00000339,0000000065,00002586,0000000002),
    (000000014243,00000339,0000000070,00002586,0000000002),
    (000000014244,00000316,0000000062,00002402,0000000002),
    (000000014245,00000316,0000000067,00002402,0000000002),
    (000000014246,00000321,0000000063,00002402,0000000002),
    (000000014247,00000321,0000000068,00002402,0000000002),
    (000000014248,00000334,0000000065,00002587,0000000052),
    (000000014249,00000340,0000000070,00002587,0000000052),
    (000000014250,00000314,0000000067,00002587,0000000052),
    (000000014251,00000335,0000000065,00002588,0000000052),
    (000000014252,00000335,0000000070,00002588,0000000052),
    (000000014253,00000326,0000000064,00002588,0000000052),
    (000000014254,00000326,0000000069,00002588,0000000052),
    (000000014255,00000314,0000000062,00002276,0000000033),
    (000000014256,00000314,0000000062,00002390,0000000024),
    (000000014257,00000318,0000000063,00002390,0000000024),
    (000000014258,00000335,0000000065,00002377,0000000049),
    (000000014259,00000335,0000000065,00002376,0000000046),
    (000000014260,00000331,0000000064,00002340,0000000022),
    (000000014261,00000331,0000000069,00002339,0000000022),
    (000000014262,00000329,0000000064,00002374,0000000022),
    (000000014263,00000329,0000000069,00002374,0000000022),
    (000000014264,00000327,0000000064,00002384,0000000002),
    (000000014265,00000327,0000000069,00002384,0000000002),
    (000000014266,00000314,0000000062,00002362,0000000006),
    (000000014268,00000314,0000000062,00002344,0000000001),
    (000000014269,00000329,0000000064,00002341,0000000010),
    (000000014270,00000329,0000000069,00002341,0000000010),
    (000000014271,00000327,0000000064,00002382,0000000004),
    (000000014273,00000327,0000000069,00002382,0000000004),
    (000000014274,00000314,0000000062,00002546,0000000004),
    (000000014275,00000335,0000000065,00002364,0000000050),
    (000000014276,00000337,0000000065,00002392,0000000050),
    (000000014277,00000329,0000000064,00002385,0000000031),
    (000000014278,00000329,0000000069,00002385,0000000031),
    (000000014280,00000319,0000000063,00002378,0000000031),
    (000000014282,00000335,0000000065,00002346,0000000031),
    (000000014284,00000339,0000000065,00002378,0000000031),
    (000000014286,00000314,0000000062,00002587,0000000052),
    (000000014287,00000337,0000000065,00002395,0000000021),
    (000000014288,00000339,0000000065,00002367,0000000023),
    (000000014289,00000332,0000000064,00002396,0000000023),
    (000000014290,00000332,0000000069,00002396,0000000023),
    (000000014291,00000331,0000000064,00002552,0000000023),
    (000000014292,00000331,0000000069,00002552,0000000023),
    (000000014293,00000314,0000000062,00002391,0000000018),
    (000000014294,00000340,0000000065,00002550,0000000005),
    (000000014295,00000340,0000000065,00002336,0000000032),
    (000000014297,00000319,0000000063,00002371,0000000032),
    (000000014298,00000332,0000000064,00002336,0000000032),
    (000000014299,00000332,0000000069,00002336,0000000032),
    (000000014300,00000337,0000000065,00002577,0000000019),
    (000000014301,00000327,0000000064,00002577,0000000019),
    (000000014302,00000327,0000000069,00002577,0000000019),
    (000000014303,00000318,0000000063,00002389,0000000019),
    (000000014304,00000331,0000000069,00002389,0000000019),
    (000000014305,00000331,0000000064,00002389,0000000019),
    (000000014306,00000311,0000000067,00002463,0000000008),
    (000000014307,00000308,0000000066,00002466,0000000008),
    (000000014308,00000342,0000000063,00002589,NULL),
    (000000014309,00000342,0000000068,00002589,NULL),
    (000000014310,00000311,0000000062,00002590,0000000020),
    (000000014311,00000329,0000000064,00002590,0000000020),
    (000000014312,00000334,0000000065,00002590,0000000020),
    (000000014313,00000311,0000000067,00002590,0000000020),
    (000000014314,00000329,0000000069,00002590,0000000020),
    (000000014315,00000340,0000000070,00002590,0000000020),
    (000000014316,00000329,0000000069,00002460,0000000012),
    (000000014317,00000316,0000000062,00002453,0000000007);

--
-- Dumping data for table `gibbonTTDayRowClassException`
--
INSERT INTO `gibbonTTDayRowClassException` (`gibbonTTDayRowClassExceptionID`, `gibbonTTDayRowClassID`, `gibbonPersonID`)
VALUES
    (00000000001440,000000013406,0000000140),
    (00000000001441,000000013407,0000000140),
    (00000000001442,000000013408,0000002347),
    (00000000001443,000000013409,0000002347),
    (00000000001444,000000013410,0000000140),
    (00000000001445,000000013411,0000000140),
    (00000000001446,000000013412,0000000140),
    (00000000001447,000000013413,0000000140),
    (00000000001448,000000013414,0000000140),
    (00000000001449,000000013415,0000000140),
    (00000000001450,000000013591,0000001123),
    (00000000001451,000000013592,0000001123),
    (00000000001452,000000013593,0000001122),
    (00000000001453,000000013594,0000001122),
    (00000000001454,000000013595,0000000374),
    (00000000001455,000000013596,0000000374),
    (00000000001456,000000013599,0000000373),
    (00000000001457,000000013600,0000002363),
    (00000000001458,000000013601,0000000373),
    (00000000001459,000000013602,0000002363),
    (00000000001460,000000013603,0000001122),
    (00000000001461,000000013604,0000000374),
    (00000000001462,000000013604,0000001110),
    (00000000001463,000000013605,0000001122),
    (00000000001464,000000013606,0000000374),
    (00000000001465,000000013606,0000001110),
    (00000000001466,000000013631,0000000589),
    (00000000001467,000000013632,0000000124),
    (00000000001468,000000013633,0000000124),
    (00000000001469,000000013786,0000002722),
    (00000000001470,000000013787,0000000124),
    (00000000001471,000000013788,0000000124),
    (00000000001472,000000013789,0000000124),
    (00000000001473,000000013790,0000000124),
    (00000000001474,000000013791,0000002722),
    (00000000001475,000000013882,0000001601),
    (00000000001476,000000013883,0000001601),
    (00000000001477,000000013886,0000001601),
    (00000000001478,000000013887,0000001601),
    (00000000001479,000000013930,0000001601),
    (00000000001480,000000013931,0000001601),
    (00000000001481,000000013932,0000001601),
    (00000000001482,000000013933,0000001601),
    (00000000001483,000000014000,0000001104),
    (00000000001484,000000014001,0000001104),
    (00000000001485,000000014002,0000000373),
    (00000000001486,000000014003,0000000373),
    (00000000001487,000000014004,0000000373),
    (00000000001488,000000014005,0000000373),
    (00000000001489,000000014006,0000001104),
    (00000000001490,000000014007,0000001104),
    (00000000001491,000000014008,0000000373),
    (00000000001492,000000014009,0000001104),
    (00000000001493,000000014010,0000000373),
    (00000000001494,000000014011,0000001104),
    (00000000001495,000000014020,0000001104),
    (00000000001496,000000014021,0000000373),
    (00000000001497,000000014022,0000001104),
    (00000000001498,000000014023,0000000373),
    (00000000001499,000000014115,0000000589),
    (00000000001500,000000014116,0000002134),
    (00000000001501,000000014117,0000000589),
    (00000000001502,000000014118,0000002134),
    (00000000001503,000000014119,0000000589),
    (00000000001504,000000014120,0000000589),
    (00000000001505,000000014189,0000000144),
    (00000000001506,000000014190,0000000144),
    (00000000001507,000000014191,0000001776),
    (00000000001508,000000014192,0000001776),
    (00000000001509,000000014193,0000000144),
    (00000000001510,000000014194,0000000144),
    (00000000001511,000000014195,0000000144),
    (00000000001512,000000014196,0000000144),
    (00000000001513,000000014197,0000001776),
    (00000000001514,000000014198,0000001776),
    (00000000001515,000000014199,0000001776),
    (00000000001516,000000014200,0000001776),
    (00000000001517,000000014213,0000001776),
    (00000000001518,000000014214,0000001776),
    (00000000001519,000000014215,0000001776),
    (00000000001520,000000014216,0000001776),
    (00000000001521,000000014217,0000000144),
    (00000000001522,000000014218,0000000144),
    (00000000001523,000000014277,0000000589),
    (00000000001524,000000013634,0000000124),
    (00000000001525,000000013635,0000000124),
    (00000000001526,000000014282,0000000589),
    (00000000001527,000000014278,0000000589),
    (00000000001528,000000013694,0000002562),
    (00000000001529,000000013693,0000002363),
    (00000000001530,000000014254,0000001200),
    (00000000001531,000000014252,0000001200),
    (00000000001532,000000014253,0000001200),
    (00000000001533,000000014251,0000001200);

--
-- Dumping data for table `gibbonUnit`
--
INSERT INTO `gibbonUnit` (`gibbonUnitID`, `gibbonCourseID`, `name`, `active`, `description`, `tags`, `map`, `ordering`, `attachment`, `details`, `license`, `sharedPublic`, `gibbonPersonIDCreator`, `gibbonPersonIDLastEdit`)
VALUES
    (0000003065,00001321,'Epic Wallpaper','Y','In this short unit students learn about graphics whilst designing their own epic wallpaper.','creativity,graphic design,ict,problem solving,technology,design','Y',0,'','<table style=\"width: 100%;\">\r\n<tbody>\r\n<tr>\r\n<td style=\"vertical-align: top;\" colspan=\"2\"><span style=\"text-decoration: underline; font-weight: bold;\">Guiding Question</span><br /> Want To Make Some Eye Candy?</td>\r\n</tr>\r\n<tr>\r\n<td style=\"width: 50%; vertical-align: top;\"><span style=\"text-decoration: underline; font-weight: bold;\">Outcomes/Learning Objectives</span><br /> <span style=\"text-decoration: none; font-weight: normal; font-style: italic; font-size: 85%;\">If you use want to use Gibbon\'s Outcomes, use the outcome blocks above instead of this section.</span><br />\r\n<ul style=\"margin-top: 0px;\">\r\n<li>Learn how to use the Acorn image editing application, including the following:\r\n<ul>\r\n<li>How to remove the background from an image.</li>\r\n<li>The importance and power of layers.</li>\r\n<li>How to use filters.</li>\r\n</ul>\r\n</li>\r\n<li>Understand the difference between raster and vector images.</li>\r\n<li>Understand the differences between common raster formats, including jpg, png and gif.</li>\r\n<li>Understanding some ideas from typography, including type face, kerning and line spacing.</li>\r\n</ul>\r\n</td>\r\n<td style=\"width: 50%; vertical-align: top;\">\r\n<p><span style=\"text-decoration: underline; font-weight: bold;\">Differentiation</span><br /> <span style=\"text-decoration: none; font-weight: normal; font-style: italic; font-size: 85%;\">Differentiation by outcome or task? What will G&amp;T students be expected to do? How ill you use questioning to challenge all students? What have you done to support EAL needs?</span></p>\r\n<ul>\r\n<li>All technical terminology will be clearly explained, which will help EAL and native speakers alike.</li>\r\n<li>Questioning and discussion will be used to assess student differences, and the teacher will respond accordingly.</li>\r\n<li>Questioning and discussion will allow students to ask catch up or advance their knowledge through their own initiative.</li>\r\n<li>The teacher will work closely with students on an individual basis to ascertain and develop their understanding.</li>\r\n</ul>\r\n</td>\r\n</tr>\r\n<tr>\r\n<td style=\"width: 50%; vertical-align: top;\">\r\n<p><span style=\"text-decoration: underline; font-weight: bold;\">Assessment</span><br /> <span style=\"text-decoration: none; font-weight: normal; font-style: italic; font-size: 85%;\">What task(s) will allow students the opportunity to respond to the unit question? How will students show what they have understood? For IB, check subject guides and master assessment calendar.</span></p>\r\n<ul>\r\n<li>Wallpaper design</li>\r\n</ul>\r\n</td>\r\n<td style=\"width: 50%; vertical-align: top;\">\r\n<p><span style=\"text-decoration: underline; font-weight: bold;\">AfL</span><br /> <span style=\"text-decoration: none; font-weight: normal; font-style: italic; font-size: 85%;\">How will peer and self-assessment be used, rubrics, questioning be used to support learning? How will you deepen students\' comprehension and hit higher tier of Blooms Taxonomy?</span></p>\r\n<ul>\r\n<li>Discussion and questioning will be used throughout to assess student progress.</li>\r\n</ul>\r\n</td>\r\n</tr>\r\n<tr>\r\n<td style=\"width: 50%; vertical-align: top;\"><span style=\"text-decoration: underline; font-weight: bold;\">Activities &amp; Lessons</span><br /> <span style=\"text-decoration: none; font-weight: normal; font-style: italic; font-size: 85%;\">If you use want to use Gibbon\'s Smart Blocks, use the content blocks below instead of this section.</span><br />\r\n<ul>\r\n<li>See content blocks below.</li>\r\n</ul>\r\n</td>\r\n<td style=\"width: 50%; vertical-align: top;\">\r\n<p><span style=\"text-decoration: underline; font-weight: bold;\">Resources</span></p>\r\n<ul>\r\n<li>See content blocks below.</li>\r\n</ul>\r\n</td>\r\n</tr>\r\n<tr>\r\n<td style=\"width: 50%; vertical-align: top;\">\r\n<p><span style=\"text-decoration: underline; font-weight: bold;\">Interdisciplinary Links </span><br /> <span style=\"text-decoration: none; font-weight: normal; font-style: italic; font-size: 85%;\">Do not try and force this. What areas of other subjects might this reflect and/discuss language. For IB, links with ToK.</span></p>\r\n<p>&nbsp;</p>\r\n</td>\r\n<td style=\"width: 50%; vertical-align: top;\">\r\n<p><span style=\"text-decoration: underline; font-weight: bold;\">IB Learner Profile Links</span><br /> <span style=\"text-decoration: none; font-weight: normal; font-style: italic; font-size: 85%;\">How does the unit reflect IB Learner Profile attributes?</span></p>\r\n<ul>\r\n<li>NA</li>\r\n</ul>\r\n</td>\r\n</tr>\r\n<tr>\r\n<td style=\"vertical-align: top;\" colspan=\"2\">\r\n<p><span style=\"text-decoration: underline; font-weight: bold;\">Approaches to Learning</span><br /> <span style=\"text-decoration: none; font-weight: normal; font-style: italic; font-size: 85%;\">How will this unit contribute to the overall development of subject-specific and general approaches to learning skills?</span></p>\r\n<ul>\r\n<li>Students will be encouraged to work independently.</li>\r\n<li>Students will be encouraged to solve their own problems.</li>\r\n<li>Students will be encouraged to experiment and try new things as they search for a solution which works for them.</li>\r\n</ul>\r\n</td>\r\n</tr>\r\n<tr>\r\n<td style=\"vertical-align: top;\" colspan=\"2\">\r\n<p><span style=\"text-decoration: underline; font-weight: bold;\">Teacher Reflection</span><br /> <span style=\"text-decoration: none; font-weight: normal; font-style: italic; font-size: 85%;\">What was successful? What needs changing? Alternative Assessments and Lesson Ideas? What other Differentiation Ideas/Plans could be used?</span></p>\r\n<ul>\r\n<li>2012-13: this unit was run as Sell A Teacher, and whilst it was successful, there was less time for it next year, so it is being shortened and re-focused.</li>\r\n<li>2014-15: this has proven to be one of the most popular units in Year 7, so it has been shifted to be the first unit of the year. Extra information on Creative Commons and Hong Kong culture have been added.</li>\r\n</ul>\r\n</td>\r\n</tr>\r\n</tbody>\r\n</table>','',NULL,0000000001,0000000001);

--
-- Dumping data for table `gibbonUnitBlock`
--
INSERT INTO `gibbonUnitBlock` (`gibbonUnitBlockID`, `gibbonUnitID`, `title`, `type`, `length`, `contents`, `teachersNotes`, `sequenceNumber`)
VALUES
    (000000039667,0000003065,'Want To Make Some Eye Candy?','The Pitch','5','<ul>\r\n<li>Graphic software allows us to make something out of nothing, to express our creativity.</li>\r\n<li>Do you want to learn how to make some epic wallpaper for your laptop?</li>\r\n</ul>\r\n<p><a style=\"font-weight: bold;\" href=\"https://gibbon.ichk.edu.hk/uploads/2013/06/Epic Moose Wallpaper_-4kd34vi9t0b3dsi.png\" target=\"_blank\"><img class=\"resource\" style=\"max-width: 500px; display: block; margin-left: auto; margin-right: auto;\" src=\"https://gibbon.ichk.edu.hk/uploads/2013/06/Epic Moose Wallpaper_-4kd34vi9t0b3dsi.png\" alt=\"\" /></a></p>','',0),
    (000000039668,0000003065,'Assessment','What To Expect','5','<ul>\r\n<li>At the end of this unit you will submit your wallpaper design as a PNG file, and this will be assessed.</li>\r\n<li>The focuses of this assessment will be:</li>\r\n<ul>\r\n<li>How attractive your design is.</li>\r\n<li>The quality and care reflected in your design work.</li>\r\n<li>Your use of CC.</li>\r\n<li>Your use of drop shadow and 3D effects.</li>\r\n<li>Your use of typography.</li>\r\n</ul>\r\n<li>You will receive a comment and an Approaches To Learning grade, but no Attainment grade.</li>\r\n</ul>','',1),
    (000000039669,0000003065,'Getting Started With Acorn','Hands On','10','<ul>\r\n<li>Acorn is software which allows you to edit graphic files.</li>\r\n<li>Can you use Spotlight to find and launch Acorn?</li>\r\n<li>Once you have launched Acorn, create a new image sized at 1680 x 1050 <span style=\"text-decoration: underline;\"><strong>pixels</strong></span> with resolution 72 <span style=\"text-decoration: underline;\"><strong>dpi</strong></span>:</li>\r\n</ul>\r\n<p><a style=\"font-weight: bold;\" href=\"https://gibbon.ichk.edu.hk/uploads/2013/06/Acorn New Image Window_qo6nfntkpfxmtzf.png\" target=\"_blank\"><img class=\"resource\" style=\"max-width: 500px; display: block; margin-left: auto; margin-right: auto;\" src=\"https://gibbon.ichk.edu.hk/uploads/2013/06/Acorn New Image Window_qo6nfntkpfxmtzf.png\" alt=\"\" /></a></p>\r\n<ul>\r\n<li>Save your new file as a .acorn image.</li>\r\n</ul>','',2),
    (000000039670,0000003065,'Find A CC Texture','Teacher Talk & Hands On','40','<p><strong>Creative Commons</strong></p>\r\n<ul>\r\n<li>Let\'s discuss some of the following ideas:</li>\r\n<ul>\r\n<li>Is it legal to use everything we find on the Internet?</li>\r\n<li>What is copyright law?</li>\r\n<li>Who does copyright law protect?</li>\r\n<li>What are the dangers of copyright law?</li>\r\n<li>What is Creative Commons (CC)?</li>\r\n</ul>\r\n<li>If we want to a) be creative &amp; remix and b) stay out of trouble, Creative Commons gives us a huge collection of media to work with.</li>\r\n</ul>\r\n<p><strong>Your CC Texture</strong></p>\r\n<ul>\r\n<li>The foreground (front) of your wallpaper is going to be a texture (such as a wall, or some wood, or some metal).</li>\r\n<li>Can you find a <span style=\"text-decoration: underline;\"><strong>large</strong></span> (see image below for help), <span style=\"text-decoration: underline;\"><strong>Creative Commons</strong></span> licensed texture to use?</li>\r\n</ul>\r\n<p><a style=\"font-weight: bold;\" href=\"https://gibbon.ichk.edu.hk/uploads/2013/06/Google Image Search Size_8bhpcqeqhdi62-k.png\" target=\"_blank\"><img class=\"resource\" style=\"max-width: 500px; display: block; margin-left: auto; margin-right: auto;\" src=\"https://gibbon.ichk.edu.hk/uploads/2013/06/Google Image Search Size_8bhpcqeqhdi62-k.png\" alt=\"\" /></a></p>\r\n<p>&nbsp;</p>\r\n<ul>\r\n<li>Once you have found the texture you want, save the <span style=\"text-decoration: underline;\"><strong>largest</strong></span> version of it you can.</li>\r\n<li>Also, bookmark the link for the page holding the image, for Creative Commons attribution later on.</li>\r\n</ul>','',3),
    (000000039671,0000003065,'Use Your Texture','Hands On','10','<ul>\r\n<li>Now that you have saved your texture, drag the file into your Acorn image.</li>\r\n<li>You might want to <span style=\"text-decoration: underline;\"><strong>resize</strong></span> your image to fit. You can do this using Layer &gt; Rotate And Transform &gt; Scale And Rotate in the top menu bar.</li>\r\n<li>You should now have something that looks like this:</li>\r\n</ul>\r\n<p><a style=\"font-weight: bold;\" href=\"https://gibbon.ichk.edu.hk/uploads/2013/06/Texture In Acorn_t4xm9jhuocw5dk_6.png\" target=\"_blank\"><img class=\"resource\" style=\"max-width: 500px; display: block; margin-left: auto; margin-right: auto;\" src=\"https://gibbon.ichk.edu.hk/uploads/2013/06/Texture In Acorn_t4xm9jhuocw5dk_6.png\" alt=\"\" /></a></p>','',4),
    (000000039672,0000003065,'Why So Big?','Discussion','5','<ul>\r\n<li>Why do you think we want to use only really large images in this project? Let\'s discuss this question as a class.</li>\r\n</ul>','',5),
    (000000039673,0000003065,'Layers','Teacher Talk','20','<ul>\r\n<li>I now want you to think about layers in graphics software like Acorn: I will explain the principles behind layers in graphics, so you can improve your understanding.</li>\r\n<li>Let\'s discuss why you think layers are useful?</li>\r\n<li>Do you know which file formats maintain layers?</li>\r\n<li>Did you know that in Acorn you can change the name of your layers to help keep your work organised? It can get really confusing when you have dozens of layers.</li>\r\n</ul>','',6),
    (000000039674,0000003065,'Finding A Silhouette','Hands On','15','<ul>\r\n<li>As part of your wallpaper, you will cut a hole in the foreground so we can see behind it.</li>\r\n<li>To do this you need to A) find a silhouette of the shape you want to cut out B) draw your own shape to cut out.</li>\r\n<li>Let\'s try option A first: please search the web to find a Creative Commons license&nbsp; of the shape you wish to cut out.</li>\r\n<li>Like with the texture, once you find the image you want, download it and also bookmark the page you found it from for your Creative Commons attribution.</li>\r\n<li>Hopefully you have something like this:</li>\r\n</ul>\r\n<p><a style=\"font-weight: bold;\" href=\"https://gibbon.ichk.edu.hk/uploads/2013/06/Silhouette_2jbkmii-8t5qhm-u.jpg\" target=\"_blank\"><img class=\"resource\" style=\"max-width: 500px; display: block; margin-left: auto; margin-right: auto;\" src=\"https://gibbon.ichk.edu.hk/uploads/2013/06/Silhouette_2jbkmii-8t5qhm-u.jpg\" alt=\"\" /></a></p>','',7),
    (000000039675,0000003065,'Making A Cutout','Hands On','15','<ul>\r\n<li>Now we are going to use your silhouette to make a cutout in your foreground</li>\r\n<li>Drag your saved cutout file into your wallpaper image in Acorn, and then <span style=\"text-decoration: underline;\"><strong>resize</strong></span> and <span style=\"text-decoration: underline;\"><strong>position</strong></span> as desired.</li>\r\n<li>Use the <span style=\"text-decoration: underline;\"><strong>Magic Wand</strong></span> (see image below) tool and shift key, to select all the parts of you silhouette.</li>\r\n</ul>\r\n<p><a style=\"font-weight: bold;\" href=\"https://gibbon.ichk.edu.hk/uploads/2013/06/Magic Wand Select Tool_jhdh997zyqqtr_s.png\" target=\"_blank\"><img class=\"resource\" style=\"max-width: 500px; display: block; margin-left: auto; margin-right: auto;\" src=\"https://gibbon.ichk.edu.hk/uploads/2013/06/Magic Wand Select Tool_jhdh997zyqqtr_s.png\" alt=\"\" /></a></p>\r\n<ul>\r\n<li>Now make the foreground layer active:</li>\r\n</ul>\r\n<p><a style=\"font-weight: bold;\" href=\"https://gibbon.ichk.edu.hk/uploads/2013/06/Foreground Layer Active_pzzxc2734p5hq3zs.png\" target=\"_blank\"><img class=\"resource\" style=\"max-width: 500px; display: block; margin-left: auto; margin-right: auto;\" src=\"https://gibbon.ichk.edu.hk/uploads/2013/06/Foreground Layer Active_pzzxc2734p5hq3zs.png\" alt=\"\" /></a></p>\r\n<ul>\r\n<li>Press the delete key to delete the silhouette shape from the foreground.</li>\r\n<li>Now right click on the layer with the silhouette and delete the layer. You should now see through your foreground into the transparent background:</li>\r\n</ul>\r\n<p><a style=\"font-weight: bold;\" href=\"https://gibbon.ichk.edu.hk/uploads/2013/06/Cutout_iy9qvi0hgbdx2yk2.png\" target=\"_blank\"><img class=\"resource\" style=\"max-width: 500px; display: block; margin-left: auto; margin-right: auto;\" src=\"https://gibbon.ichk.edu.hk/uploads/2013/06/Cutout_iy9qvi0hgbdx2yk2.png\" alt=\"\" /></a></p>','',8),
    (000000039676,0000003065,'Find A Background','Hands On','15','<ul>\r\n<li>The final main part of your wallpaper will be a background that contrasts against the foreground.</li>\r\n<li>Search online to find an interesting background image available under Creative Commons.</li>\r\n<li>Remember to bookmark the page containing the image so that you can attribute it later on.</li>\r\n<li>As an example, the following image might make a good background:</li>\r\n</ul>\r\n<p><a style=\"font-weight: bold;\" href=\"https://gibbon.ichk.edu.hk/uploads/2013/06/Example Background_-67mh3_-bypt0xeu.png\" target=\"_blank\"><img class=\"resource\" style=\"max-width: 500px; display: block; margin-left: auto; margin-right: auto;\" src=\"https://gibbon.ichk.edu.hk/uploads/2013/06/Example Background_-67mh3_-bypt0xeu.png\" alt=\"\" /></a></p>','',9),
    (000000039677,0000003065,'Hong Kong Style','Inspiration','15','<ul>\r\n<li>Hong Kong has its own, unique style: a result of Eastern and Western influences working side-by-side for many decades.</li>\r\n<li>If we were to create a Hong Kong-style wallpaper, what might it look like?</li>\r\n<ul>\r\n<li>Let\'s use the Think-Pair-Share thinking routine to come up with some ideas of what this might look like.</li>\r\n</ul>\r\n<li><em>I have prepared my own Epic Hong Kong Wallpaper, which is hidden in the Teacher\'s Notes.</em></li>\r\n<li style=\"text-align: left;\">We can learn about Hong Kong style using the two videos:</li>\r\n</ul>\r\n<p style=\"text-align: center;\"><iframe width=\"560\" height=\"315\" src=\"https://player.vimeo.com/video/166929892\" frameborder=\"0\" webkitallowfullscreen=\"webkitallowfullscreen\" mozallowfullscreen=\"mozallowfullscreen\" allowfullscreen=\"allowfullscreen\"></iframe></p>\r\n<p style=\"text-align: center;\"><iframe width=\"560\" height=\"315\" src=\"https://www.youtube.com/embed/6YosDqsWvyU\" frameborder=\"0\" allowfullscreen=\"allowfullscreen\"></iframe></p>','<p><a target=\"_blank\" style=\"font-weight: bold;\" href=\"https://gibbon.ichk.edu.hk/uploads/2015/07/EpicHongKongWallpaperweb_t9ezjr52f0yxnmvw.png\"><img class=\"resource\" style=\"max-width: 500px; display: block; margin-left: auto; margin-right: auto;\" src=\"https://gibbon.ichk.edu.hk/uploads/2015/07/EpicHongKongWallpaperweb_t9ezjr52f0yxnmvw.png\" /></a></p>',10),
    (000000039678,0000003065,'Apply Your Background','Hands On','5','<ul>\r\n<li>Now take your downloaded background, and drag it into your wallpaper image.</li>\r\n<li>In the layers view, drag the background image layer (which will be on top) and move it behind the foreground:</li>\r\n</ul>\r\n<p><a style=\"font-weight: bold;\" href=\"https://gibbon.ichk.edu.hk/uploads/2013/06/Layers View_kz4i9-uvyfcsupy.png\" target=\"_blank\"><img class=\"resource\" style=\"max-width: 500px; display: block; margin-left: auto; margin-right: auto;\" src=\"https://gibbon.ichk.edu.hk/uploads/2013/06/Layers View_kz4i9-uvyfcsupy.png\" alt=\"\" /></a></p>\r\n<ul>\r\n<li>Now use the <span style=\"text-decoration: underline;\"><strong>move</strong></span> and <span style=\"text-decoration: underline;\"><strong>resize</strong></span> tools to put your background in just the right position.</li>\r\n</ul>','',11),
    (000000039679,0000003065,'Playtime','Hands On','15','<ul>\r\n<li>You now have some time to keep playing with your wallpaper.</li>\r\n<li>How can you improve the way your work looks?</li>\r\n</ul>','',12),
    (000000039680,0000003065,'Filters','Teacher Talk','20','<ul>\r\n<li>Filters are effects which you can apply to your graphics to make them look different.</li>\r\n<li>Filters can make your work more interesting, creative and original.</li>\r\n<li>Some fun filters to try include:\r\n<ul>\r\n<li>Motion blur</li>\r\n<li>Drop Shadow</li>\r\n<li>Tilt shift</li>\r\n</ul>\r\n</li>\r\n<li>Try to make your top layer active, and then apply a drop shadow. Reapply the same shadow a few times, and it will make the foreground appear to pop out from the background.</li>\r\n</ul>\r\n<p><a style=\"font-weight: bold;\" href=\"https://gibbon.ichk.edu.hk/uploads/2013/06/Foreground Pop Example_qd39pijmcdfx0enj.png\" target=\"_blank\"><img class=\"resource\" style=\"max-width: 500px; display: block; margin-left: auto; margin-right: auto;\" src=\"https://gibbon.ichk.edu.hk/uploads/2013/06/Foreground Pop Example_qd39pijmcdfx0enj.png\" alt=\"\" /></a></p>','',13),
    (000000039681,0000003065,'Playtime','Hands On','15','<ul>\r\n<li>You now have the remainder of the lesson to keep playing with your wallpaper.</li>\r\n<li>How can you improve the way your work looks?</li>\r\n</ul>','',14),
    (000000039682,0000003065,'Creative Commons License','Hands On','10','<ul>\r\n<li>As you are almost finished with your wallpaper, now is a good time to apply your Creative Commons License.</li>\r\n<li>Go to the <a style=\"font-weight: bold;\" href=\"http://creativecommons.org/choose\" target=\"_blank\">Creative Common License Chooser</a> and choose the license you want to use.</li>\r\n<li>Copy the license image and text to your work, and then add your attribution.</li>\r\n</ul>\r\n<hr />\r\n<p></p>\r\n<ul>\r\n<li><span style=\"background-color: #ff99cc;\"><strong>Going forward, you need to use Creative Commons for your ICT work, whenever you are</strong></span></li>\r\n<ul>\r\n<li><span style=\"background-color: #ff99cc;\"><strong>a) remixing work created by others or </strong></span></li>\r\n<li><span style=\"background-color: #ff99cc;\"><strong>b) creating work that you intend to share online</strong></span></li>\r\n</ul>\r\n</ul>','',15),
    (000000039683,0000003065,'Text Controls','Teacher Talk','10','<ul>\r\n<li>How much time do you spend thinking about text and font? Do you know any history?</li>\r\n</ul>\r\n<p><iframe width=\"560\" height=\"315\" style=\"display: block; margin-left: auto; margin-right: auto;\" src=\"//www.youtube.com/embed/wOgIkxAfJsk\" frameborder=\"0\"></iframe></p>\r\n<ul>\r\n<li>When using Acorn, you have lots of&nbsp; control over text and how it is displayed. Some useful controls include:\r\n<ul>\r\n<li>Font type</li>\r\n<li>Kerning</li>\r\n<li>Line height</li>\r\n<li>Size</li>\r\n<li>Color</li>\r\n</ul>\r\n</li>\r\n<li>You can also get more fonts to install on your computer, from sites such as <a href=\"http://www.1001freefonts.com\">http://www.1001freefonts.com</a>.</li>\r\n<li>Can you make the text on your work look more interesting?</li>\r\n</ul>','',16),
    (000000039684,0000003065,'Playtime','Hands On','50','<ul>\r\n<li>You now have the remainder of the lesson to keep playing with your wallpaper.</li>\r\n<li>How can you improve the way your work looks?</li>\r\n</ul>','',17),
    (000000039685,0000003065,'Finish, Export & Submit','Hands On','50','<ul>\r\n<li>You now have 35 minutes to put the finishing touches on your work.</li>\r\n<li>The video below might help you if you are stuck getting your CC license set up and put into Acorn:</li>\r\n</ul>\r\n<p style=\"text-align: center;\"><iframe width=\"560\" height=\"315\" src=\"https://www.youtube.com/embed/0NFLmAlTDVE?rel=0\" frameborder=\"0\" allowfullscreen=\"allowfullscreen\"></iframe></p>\r\n<ul>\r\n<li>Leave enough time to save your work as a PNG file: png files can be opened by people who don\'t have Acorn, and are also smaller than Acorn files. When you save, you will lose your layers though, so keep the Acorn file as well in case you want to go back and edit some more.</li>\r\n<li>Finally, submit your work to Gibbon.</li>\r\n</ul>','',18),
    (000000039686,0000003065,'Raster vs. Vector','Teacher Talk','20','<ul>\r\n<li>To finish this unit, let\'s consider the ideas of <span style=\"text-decoration: underline;\"><strong>raster</strong></span> and <span style=\"text-decoration: underline;\"><strong>vector</strong></span> graphics.</li>\r\n<li>See <em>Teachers Notes</em> for details.</li>\r\n</ul>','<ul>\r\n<li>Teacher to introduce students to how graphics are represented, stored and displayed on computers.</li>\r\n<li>Most graphics programs store graphics as raster images. <br />\r\n<ul>\r\n<li>What is a raster?</li>\r\n<li>When are rasters good?</li>\r\n<li>Example raster formats? What are their strengths and weaknesses.</li>\r\n</ul>\r\n</li>\r\n<li>Some programs store graphics as vector images\r\n<ul>\r\n<li>What is a vector?</li>\r\n<li>When are vectors good?</li>\r\n<li>Example vector formats?</li>\r\n</ul>\r\n</li>\r\n<li>The Acorn file format (.acorn) uses raster for most elements, but some things (like text) are stored as vectors.</li>\r\n<li>Students should use the .acorn format whilst working on the box.</li>\r\n</ul>',19);

--
-- Dumping data for table `gibbonUnitClass`
--
INSERT INTO `gibbonUnitClass` (`gibbonUnitClassID`, `gibbonUnitID`, `gibbonCourseClassID`, `running`)
VALUES
    (000000005430,0000003065,00002426,'Y');

--
-- Dumping data for table `gibbonUnitClassBlock`
--
INSERT INTO `gibbonUnitClassBlock` (`gibbonUnitClassBlockID`, `gibbonUnitClassID`, `gibbonPlannerEntryID`, `gibbonUnitBlockID`, `title`, `type`, `length`, `contents`, `teachersNotes`, `sequenceNumber`, `complete`)
VALUES
    (00000000062210,000000005430,00000000000006,000000039667,'Want To Make Some Eye Candy?','The Pitch','5','<ul>\r\n<li>Graphic software allows us to make something out of nothing, to express our creativity.</li>\r\n<li>Do you want to learn how to make some epic wallpaper for your laptop?</li>\r\n</ul>\r\n<p><a style=\"font-weight: bold;\" href=\"https://gibbon.ichk.edu.hk/uploads/2013/06/Epic Moose Wallpaper_-4kd34vi9t0b3dsi.png\" target=\"_blank\"><img class=\"resource\" style=\"max-width: 500px; display: block; margin-left: auto; margin-right: auto;\" src=\"https://gibbon.ichk.edu.hk/uploads/2013/06/Epic Moose Wallpaper_-4kd34vi9t0b3dsi.png\" alt=\"\" /></a></p>','',0,'N'),
    (00000000062211,000000005430,00000000000006,000000039668,'Assessment','What To Expect','5','<ul>\r\n<li>At the end of this unit you will submit your wallpaper design as a PNG file, and this will be assessed.</li>\r\n<li>The focuses of this assessment will be:</li>\r\n<ul>\r\n<li>How attractive your design is.</li>\r\n<li>The quality and care reflected in your design work.</li>\r\n<li>Your use of CC.</li>\r\n<li>Your use of drop shadow and 3D effects.</li>\r\n<li>Your use of typography.</li>\r\n</ul>\r\n<li>You will receive a comment and an Approaches To Learning grade, but no Attainment grade.</li>\r\n</ul>','',1,'N'),
    (00000000062212,000000005430,00000000000006,000000039669,'Getting Started With Acorn','Hands On','10','<ul>\r\n<li>Acorn is software which allows you to edit graphic files.</li>\r\n<li>Can you use Spotlight to find and launch Acorn?</li>\r\n<li>Once you have launched Acorn, create a new image sized at 1680 x 1050 <span style=\"text-decoration: underline;\"><strong>pixels</strong></span> with resolution 72 <span style=\"text-decoration: underline;\"><strong>dpi</strong></span>:</li>\r\n</ul>\r\n<p><a style=\"font-weight: bold;\" href=\"https://gibbon.ichk.edu.hk/uploads/2013/06/Acorn New Image Window_qo6nfntkpfxmtzf.png\" target=\"_blank\"><img class=\"resource\" style=\"max-width: 500px; display: block; margin-left: auto; margin-right: auto;\" src=\"https://gibbon.ichk.edu.hk/uploads/2013/06/Acorn New Image Window_qo6nfntkpfxmtzf.png\" alt=\"\" /></a></p>\r\n<ul>\r\n<li>Save your new file as a .acorn image.</li>\r\n</ul>','',2,'N'),
    (00000000062213,000000005430,00000000000006,000000039670,'Find A CC Texture','Teacher Talk & Hands On','40','<p><strong>Creative Commons</strong></p>\r\n<ul>\r\n<li>Let\'s discuss some of the following ideas:</li>\r\n<ul>\r\n<li>Is it legal to use everything we find on the Internet?</li>\r\n<li>What is copyright law?</li>\r\n<li>Who does copyright law protect?</li>\r\n<li>What are the dangers of copyright law?</li>\r\n<li>What is Creative Commons (CC)?</li>\r\n</ul>\r\n<li>If we want to a) be creative &amp; remix and b) stay out of trouble, Creative Commons gives us a huge collection of media to work with.</li>\r\n</ul>\r\n<p><strong>Your CC Texture</strong></p>\r\n<ul>\r\n<li>The foreground (front) of your wallpaper is going to be a texture (such as a wall, or some wood, or some metal).</li>\r\n<li>Can you find a <span style=\"text-decoration: underline;\"><strong>large</strong></span> (see image below for help), <span style=\"text-decoration: underline;\"><strong>Creative Commons</strong></span> licensed texture to use?</li>\r\n</ul>\r\n<p><a style=\"font-weight: bold;\" href=\"https://gibbon.ichk.edu.hk/uploads/2013/06/Google Image Search Size_8bhpcqeqhdi62-k.png\" target=\"_blank\"><img class=\"resource\" style=\"max-width: 500px; display: block; margin-left: auto; margin-right: auto;\" src=\"https://gibbon.ichk.edu.hk/uploads/2013/06/Google Image Search Size_8bhpcqeqhdi62-k.png\" alt=\"\" /></a></p>\r\n<p>&nbsp;</p>\r\n<ul>\r\n<li>Once you have found the texture you want, save the <span style=\"text-decoration: underline;\"><strong>largest</strong></span> version of it you can.</li>\r\n<li>Also, bookmark the link for the page holding the image, for Creative Commons attribution later on.</li>\r\n</ul>','',3,'N'),
    (00000000062214,000000005430,00000000000006,000000039671,'Use Your Texture','Hands On','10','<ul>\r\n<li>Now that you have saved your texture, drag the file into your Acorn image.</li>\r\n<li>You might want to <span style=\"text-decoration: underline;\"><strong>resize</strong></span> your image to fit. You can do this using Layer &gt; Rotate And Transform &gt; Scale And Rotate in the top menu bar.</li>\r\n<li>You should now have something that looks like this:</li>\r\n</ul>\r\n<p><a style=\"font-weight: bold;\" href=\"https://gibbon.ichk.edu.hk/uploads/2013/06/Texture In Acorn_t4xm9jhuocw5dk_6.png\" target=\"_blank\"><img class=\"resource\" style=\"max-width: 500px; display: block; margin-left: auto; margin-right: auto;\" src=\"https://gibbon.ichk.edu.hk/uploads/2013/06/Texture In Acorn_t4xm9jhuocw5dk_6.png\" alt=\"\" /></a></p>','',4,'N'),
    (00000000062215,000000005430,00000000000007,000000039672,'Why So Big?','Discussion','5','<ul>\r\n<li>Why do you think we want to use only really large images in this project? Let\'s discuss this question as a class.</li>\r\n</ul>','',5,'N'),
    (00000000062216,000000005430,00000000000007,000000039673,'Layers','Teacher Talk','20','<ul>\r\n<li>I now want you to think about layers in graphics software like Acorn: I will explain the principles behind layers in graphics, so you can improve your understanding.</li>\r\n<li>Let\'s discuss why you think layers are useful?</li>\r\n<li>Do you know which file formats maintain layers?</li>\r\n<li>Did you know that in Acorn you can change the name of your layers to help keep your work organised? It can get really confusing when you have dozens of layers.</li>\r\n</ul>','',6,'N'),
    (00000000062217,000000005430,00000000000007,000000039674,'Finding A Silhouette','Hands On','15','<ul>\r\n<li>As part of your wallpaper, you will cut a hole in the foreground so we can see behind it.</li>\r\n<li>To do this you need to A) find a silhouette of the shape you want to cut out B) draw your own shape to cut out.</li>\r\n<li>Let\'s try option A first: please search the web to find a Creative Commons license&nbsp; of the shape you wish to cut out.</li>\r\n<li>Like with the texture, once you find the image you want, download it and also bookmark the page you found it from for your Creative Commons attribution.</li>\r\n<li>Hopefully you have something like this:</li>\r\n</ul>\r\n<p><a style=\"font-weight: bold;\" href=\"https://gibbon.ichk.edu.hk/uploads/2013/06/Silhouette_2jbkmii-8t5qhm-u.jpg\" target=\"_blank\"><img class=\"resource\" style=\"max-width: 500px; display: block; margin-left: auto; margin-right: auto;\" src=\"https://gibbon.ichk.edu.hk/uploads/2013/06/Silhouette_2jbkmii-8t5qhm-u.jpg\" alt=\"\" /></a></p>','',7,'N'),
    (00000000062218,000000005430,00000000000007,000000039675,'Making A Cutout','Hands On','15','<ul>\r\n<li>Now we are going to use your silhouette to make a cutout in your foreground</li>\r\n<li>Drag your saved cutout file into your wallpaper image in Acorn, and then <span style=\"text-decoration: underline;\"><strong>resize</strong></span> and <span style=\"text-decoration: underline;\"><strong>position</strong></span> as desired.</li>\r\n<li>Use the <span style=\"text-decoration: underline;\"><strong>Magic Wand</strong></span> (see image below) tool and shift key, to select all the parts of you silhouette.</li>\r\n</ul>\r\n<p><a style=\"font-weight: bold;\" href=\"https://gibbon.ichk.edu.hk/uploads/2013/06/Magic Wand Select Tool_jhdh997zyqqtr_s.png\" target=\"_blank\"><img class=\"resource\" style=\"max-width: 500px; display: block; margin-left: auto; margin-right: auto;\" src=\"https://gibbon.ichk.edu.hk/uploads/2013/06/Magic Wand Select Tool_jhdh997zyqqtr_s.png\" alt=\"\" /></a></p>\r\n<ul>\r\n<li>Now make the foreground layer active:</li>\r\n</ul>\r\n<p><a style=\"font-weight: bold;\" href=\"https://gibbon.ichk.edu.hk/uploads/2013/06/Foreground Layer Active_pzzxc2734p5hq3zs.png\" target=\"_blank\"><img class=\"resource\" style=\"max-width: 500px; display: block; margin-left: auto; margin-right: auto;\" src=\"https://gibbon.ichk.edu.hk/uploads/2013/06/Foreground Layer Active_pzzxc2734p5hq3zs.png\" alt=\"\" /></a></p>\r\n<ul>\r\n<li>Press the delete key to delete the silhouette shape from the foreground.</li>\r\n<li>Now right click on the layer with the silhouette and delete the layer. You should now see through your foreground into the transparent background:</li>\r\n</ul>\r\n<p><a style=\"font-weight: bold;\" href=\"https://gibbon.ichk.edu.hk/uploads/2013/06/Cutout_iy9qvi0hgbdx2yk2.png\" target=\"_blank\"><img class=\"resource\" style=\"max-width: 500px; display: block; margin-left: auto; margin-right: auto;\" src=\"https://gibbon.ichk.edu.hk/uploads/2013/06/Cutout_iy9qvi0hgbdx2yk2.png\" alt=\"\" /></a></p>','',8,'N'),
    (00000000062219,000000005430,00000000000007,000000039676,'Find A Background','Hands On','15','<ul>\r\n<li>The final main part of your wallpaper will be a background that contrasts against the foreground.</li>\r\n<li>Search online to find an interesting background image available under Creative Commons.</li>\r\n<li>Remember to bookmark the page containing the image so that you can attribute it later on.</li>\r\n<li>As an example, the following image might make a good background:</li>\r\n</ul>\r\n<p><a style=\"font-weight: bold;\" href=\"https://gibbon.ichk.edu.hk/uploads/2013/06/Example Background_-67mh3_-bypt0xeu.png\" target=\"_blank\"><img class=\"resource\" style=\"max-width: 500px; display: block; margin-left: auto; margin-right: auto;\" src=\"https://gibbon.ichk.edu.hk/uploads/2013/06/Example Background_-67mh3_-bypt0xeu.png\" alt=\"\" /></a></p>','',9,'N'),
    (00000000062220,000000005430,00000000000008,000000039677,'Hong Kong Style','Inspiration','15','<ul>\r\n<li>Hong Kong has its own, unique style: a result of Eastern and Western influences working side-by-side for many decades.</li>\r\n<li>If we were to create a Hong Kong-style wallpaper, what might it look like?</li>\r\n<ul>\r\n<li>Let\'s use the Think-Pair-Share thinking routine to come up with some ideas of what this might look like.</li>\r\n</ul>\r\n<li><em>I have prepared my own Epic Hong Kong Wallpaper, which is hidden in the Teacher\'s Notes.</em></li>\r\n<li style=\"text-align: left;\">We can learn about Hong Kong style using the two videos:</li>\r\n</ul>\r\n<p style=\"text-align: center;\"><iframe width=\"560\" height=\"315\" src=\"https://player.vimeo.com/video/166929892\" frameborder=\"0\" webkitallowfullscreen=\"webkitallowfullscreen\" mozallowfullscreen=\"mozallowfullscreen\" allowfullscreen=\"allowfullscreen\"></iframe></p>\r\n<p style=\"text-align: center;\"><iframe width=\"560\" height=\"315\" src=\"https://www.youtube.com/embed/6YosDqsWvyU\" frameborder=\"0\" allowfullscreen=\"allowfullscreen\"></iframe></p>','<p><a target=\"_blank\" style=\"font-weight: bold;\" href=\"https://gibbon.ichk.edu.hk/uploads/2015/07/EpicHongKongWallpaperweb_t9ezjr52f0yxnmvw.png\"><img class=\"resource\" style=\"max-width: 500px; display: block; margin-left: auto; margin-right: auto;\" src=\"https://gibbon.ichk.edu.hk/uploads/2015/07/EpicHongKongWallpaperweb_t9ezjr52f0yxnmvw.png\" /></a></p>',10,'N'),
    (00000000062221,000000005430,00000000000008,000000039678,'Apply Your Background','Hands On','5','<ul>\r\n<li>Now take your downloaded background, and drag it into your wallpaper image.</li>\r\n<li>In the layers view, drag the background image layer (which will be on top) and move it behind the foreground:</li>\r\n</ul>\r\n<p><a style=\"font-weight: bold;\" href=\"https://gibbon.ichk.edu.hk/uploads/2013/06/Layers View_kz4i9-uvyfcsupy.png\" target=\"_blank\"><img class=\"resource\" style=\"max-width: 500px; display: block; margin-left: auto; margin-right: auto;\" src=\"https://gibbon.ichk.edu.hk/uploads/2013/06/Layers View_kz4i9-uvyfcsupy.png\" alt=\"\" /></a></p>\r\n<ul>\r\n<li>Now use the <span style=\"text-decoration: underline;\"><strong>move</strong></span> and <span style=\"text-decoration: underline;\"><strong>resize</strong></span> tools to put your background in just the right position.</li>\r\n</ul>','',11,'N'),
    (00000000062222,000000005430,00000000000008,000000039679,'Playtime','Hands On','15','<ul>\r\n<li>You now have some time to keep playing with your wallpaper.</li>\r\n<li>How can you improve the way your work looks?</li>\r\n</ul>','',12,'N'),
    (00000000062223,000000005430,00000000000008,000000039680,'Filters','Teacher Talk','20','<ul>\r\n<li>Filters are effects which you can apply to your graphics to make them look different.</li>\r\n<li>Filters can make your work more interesting, creative and original.</li>\r\n<li>Some fun filters to try include:\r\n<ul>\r\n<li>Motion blur</li>\r\n<li>Drop Shadow</li>\r\n<li>Tilt shift</li>\r\n</ul>\r\n</li>\r\n<li>Try to make your top layer active, and then apply a drop shadow. Reapply the same shadow a few times, and it will make the foreground appear to pop out from the background.</li>\r\n</ul>\r\n<p><a style=\"font-weight: bold;\" href=\"https://gibbon.ichk.edu.hk/uploads/2013/06/Foreground Pop Example_qd39pijmcdfx0enj.png\" target=\"_blank\"><img class=\"resource\" style=\"max-width: 500px; display: block; margin-left: auto; margin-right: auto;\" src=\"https://gibbon.ichk.edu.hk/uploads/2013/06/Foreground Pop Example_qd39pijmcdfx0enj.png\" alt=\"\" /></a></p>','',13,'N'),
    (00000000062224,000000005430,00000000000008,000000039681,'Playtime','Hands On','15','<ul>\r\n<li>You now have the remainder of the lesson to keep playing with your wallpaper.</li>\r\n<li>How can you improve the way your work looks?</li>\r\n</ul>','',14,'N'),
    (00000000062225,000000005430,00000000000009,000000039682,'Creative Commons License','Hands On','10','<ul>\r\n<li>As you are almost finished with your wallpaper, now is a good time to apply your Creative Commons License.</li>\r\n<li>Go to the <a style=\"font-weight: bold;\" href=\"http://creativecommons.org/choose\" target=\"_blank\">Creative Common License Chooser</a> and choose the license you want to use.</li>\r\n<li>Copy the license image and text to your work, and then add your attribution.</li>\r\n</ul>\r\n<hr />\r\n<p></p>\r\n<ul>\r\n<li><span style=\"background-color: #ff99cc;\"><strong>Going forward, you need to use Creative Commons for your ICT work, whenever you are</strong></span></li>\r\n<ul>\r\n<li><span style=\"background-color: #ff99cc;\"><strong>a) remixing work created by others or </strong></span></li>\r\n<li><span style=\"background-color: #ff99cc;\"><strong>b) creating work that you intend to share online</strong></span></li>\r\n</ul>\r\n</ul>','',15,'N'),
    (00000000062226,000000005430,00000000000009,000000039683,'Text Controls','Teacher Talk','10','<ul>\r\n<li>How much time do you spend thinking about text and font? Do you know any history?</li>\r\n</ul>\r\n<p><iframe width=\"560\" height=\"315\" style=\"display: block; margin-left: auto; margin-right: auto;\" src=\"//www.youtube.com/embed/wOgIkxAfJsk\" frameborder=\"0\"></iframe></p>\r\n<ul>\r\n<li>When using Acorn, you have lots of&nbsp; control over text and how it is displayed. Some useful controls include:\r\n<ul>\r\n<li>Font type</li>\r\n<li>Kerning</li>\r\n<li>Line height</li>\r\n<li>Size</li>\r\n<li>Color</li>\r\n</ul>\r\n</li>\r\n<li>You can also get more fonts to install on your computer, from sites such as <a href=\"http://www.1001freefonts.com\">http://www.1001freefonts.com</a>.</li>\r\n<li>Can you make the text on your work look more interesting?</li>\r\n</ul>','',16,'N'),
    (00000000062227,000000005430,00000000000009,000000039684,'Playtime','Hands On','50','<ul>\r\n<li>You now have the remainder of the lesson to keep playing with your wallpaper.</li>\r\n<li>How can you improve the way your work looks?</li>\r\n</ul>','',17,'N'),
    (00000000062228,000000005430,00000000000010,000000039685,'Finish, Export & Submit','Hands On','50','<ul>\r\n<li>You now have 35 minutes to put the finishing touches on your work.</li>\r\n<li>The video below might help you if you are stuck getting your CC license set up and put into Acorn:</li>\r\n</ul>\r\n<p style=\"text-align: center;\"><iframe width=\"560\" height=\"315\" src=\"https://www.youtube.com/embed/0NFLmAlTDVE?rel=0\" frameborder=\"0\" allowfullscreen=\"allowfullscreen\"></iframe></p>\r\n<ul>\r\n<li>Leave enough time to save your work as a PNG file: png files can be opened by people who don\'t have Acorn, and are also smaller than Acorn files. When you save, you will lose your layers though, so keep the Acorn file as well in case you want to go back and edit some more.</li>\r\n<li>Finally, submit your work to Gibbon.</li>\r\n</ul>','',18,'N'),
    (00000000062229,000000005430,00000000000010,000000039686,'Raster vs. Vector','Teacher Talk','20','<ul>\r\n<li>To finish this unit, let\'s consider the ideas of <span style=\"text-decoration: underline;\"><strong>raster</strong></span> and <span style=\"text-decoration: underline;\"><strong>vector</strong></span> graphics.</li>\r\n<li>See <em>Teachers Notes</em> for details.</li>\r\n</ul>','<ul>\r\n<li>Teacher to introduce students to how graphics are represented, stored and displayed on computers.</li>\r\n<li>Most graphics programs store graphics as raster images. <br />\r\n<ul>\r\n<li>What is a raster?</li>\r\n<li>When are rasters good?</li>\r\n<li>Example raster formats? What are their strengths and weaknesses.</li>\r\n</ul>\r\n</li>\r\n<li>Some programs store graphics as vector images\r\n<ul>\r\n<li>What is a vector?</li>\r\n<li>When are vectors good?</li>\r\n<li>Example vector formats?</li>\r\n</ul>\r\n</li>\r\n<li>The Acorn file format (.acorn) uses raster for most elements, but some things (like text) are stored as vectors.</li>\r\n<li>Students should use the .acorn format whilst working on the box.</li>\r\n</ul>',19,'N');
